{"id":1713,"date":"2025-04-18T11:19:53","date_gmt":"2025-04-18T09:19:53","guid":{"rendered":"https:\/\/www.regionalis.shop\/huizbirn\/product\/schwebender-weinflaschenhalter-aus-holz-flaschenhalter-esche-24x95-cm-geschenk\/"},"modified":"2025-04-18T11:19:53","modified_gmt":"2025-04-18T09:19:53","slug":"schwebender-weinflaschenhalter-aus-holz-flaschenhalter-esche-24x95-cm-geschenk","status":"publish","type":"product","link":"https:\/\/www.regionalis.shop\/huizbirn\/shop\/schwebender-weinflaschenhalter-aus-holz-flaschenhalter-esche-24x95-cm-geschenk\/","title":{"rendered":"Schwebender Weinflaschenhalter aus Holz Flaschenhalter Esche 24&#215;9,5 cm Geschenk"},"content":{"rendered":"<p>Dieser schwebende\u00a0Weinflaschenhalter aus Eschenholz ist eine elegante und innovative M\u00f6glichkeit, Ihre Weinflaschen stilvoll zur Schau zu pr\u00e4sentieren. Dieser einzigartige Flaschenhalter erzeugt den faszinierenden visuellen Effekt, als ob die Weinflasche in der Luft schweben w\u00fcrde &#8211; erstaunte Blicke sind Ihnen dadurch sicher.\u00a0<\/p>\n<p>Ma\u00dfe: 24 x 9,5 x 2 cm<br \/>\nHolzart: \u00d6sterreichische Esche<br \/>\nOberfl\u00e4che: fein geschliffen, lebensmittelecht ge\u00f6lt<br \/>\nLieferumfang ohne Flasche!<br \/>\nHergestellt aus hochwertigem Eschenholz, ist der Flaschenhalter nicht nur stabil, sondern auch ein wahrer Blickfang f\u00fcr Weinliebhaber und Designenthusiasten. Die nat\u00fcrliche Maserung des Eschenholzes verleiht jedem St\u00fcck eine individuelle Note und macht es zu einem einzigartigen Kunstwerk. Der Flaschenhalter kann auch f\u00fcr andere Flaschentypen mit \u00e4hnlichem Flaschenhalsdurchmesser verwendet werden, wie beispielsweise Bierflaschen.<\/p>\n<p>Der schwebende Weinflaschenhalter ist einfach zu bedienen. Setzen Sie einfach die Flasche in den Halter. Danach m\u00fcssen Sie lediglich die Position der Flasche &#8222;ausbalancieren&#8220;, bis der Flaschenst\u00e4nder von alleine in seiner Position stehen bleibt. Durch geschickte Balance h\u00e4lt der Halter die Flasche sicher in der Schwebe.<\/p>\n<p>Dieser Weinflaschenhalter ist nicht nur funktional, sondern auch ein gro\u00dfartiges Geschenk f\u00fcr Weinliebhaber oder als Blickfang f\u00fcr Restaurants und Bars. Er eignet sich f\u00fcr die Pr\u00e4sentation von Standardweinflaschen und kann sowohl auf Arbeitsfl\u00e4chen als auch auf Tischen oder Regalen platziert werden.<\/p>\n<p>Bitte beachten Sie, dass der Weinflaschenhalter aus Eschenholz nur f\u00fcr dekorative Zwecke und nicht f\u00fcr den Transport von Flaschen geeignet ist. Stellen Sie sicher, dass der Halter auf einer ebenen und stabilen Oberfl\u00e4che platziert wird, um ein Umkippen zu verhindern.<\/p>\n<p>Bringen Sie mit unserem schwebenden Weinflaschenhalter aus Eschenholz eine einzigartige Note in Ihr Zuhause oder Ihre gewerbliche Umgebung und beeindrucken Sie Ihre G\u00e4ste!<\/p>\n","protected":false},"excerpt":{"rendered":"<p>Dieser schwebende\u00a0Weinflaschenhalter aus Eschenholz ist eine elegante und innovative M\u00f6glichkeit, Ihre Weinflaschen stilvoll zur Schau zu pr\u00e4sentieren. Dieser einzigartige Flaschenhalter erzeugt den faszinierenden visuellen Effekt, als ob die Weinflasche in der Luft schweben w\u00fcrde &#8211; erstaunte Blicke sind Ihnen dadurch sicher.\u00a0 Ma\u00dfe: 24 x 9,5 x 2 cm Holzart: \u00d6sterreichische Esche Oberfl\u00e4che: fein geschliffen, lebensmittelecht &hellip; <a href=\"https:\/\/www.regionalis.shop\/huizbirn\/shop\/schwebender-weinflaschenhalter-aus-holz-flaschenhalter-esche-24x95-cm-geschenk\/\">Continued<\/a><\/p>\n","protected":false},"featured_media":1714,"template":"","meta":{"_acf_changed":false},"product_brand":[],"product_cat":[69,102],"product_tag":[],"class_list":{"0":"post-1713","1":"product","2":"type-product","3":"status-publish","4":"has-post-thumbnail","6":"product_cat-schmankerl-kulinarik","7":"product_cat-wein","9":"first","10":"instock","11":"purchasable","12":"product-type-simple"},"acf":[],"_links":{"self":[{"href":"https:\/\/www.regionalis.shop\/huizbirn\/wp-json\/wp\/v2\/product\/1713","targetHints":{"allow":["GET"]}}],"collection":[{"href":"https:\/\/www.regionalis.shop\/huizbirn\/wp-json\/wp\/v2\/product"}],"about":[{"href":"https:\/\/www.regionalis.shop\/huizbirn\/wp-json\/wp\/v2\/types\/product"}],"wp:featuredmedia":[{"embeddable":true,"href":"https:\/\/www.regionalis.shop\/huizbirn\/wp-json\/wp\/v2\/media\/1714"}],"wp:attachment":[{"href":"https:\/\/www.regionalis.shop\/huizbirn\/wp-json\/wp\/v2\/media?parent=1713"}],"wp:term":[{"taxonomy":"product_brand","embeddable":true,"href":"https:\/\/www.regionalis.shop\/huizbirn\/wp-json\/wp\/v2\/product_brand?post=1713"},{"taxonomy":"product_cat","embeddable":true,"href":"https:\/\/www.regionalis.shop\/huizbirn\/wp-json\/wp\/v2\/product_cat?post=1713"},{"taxonomy":"product_tag","embeddable":true,"href":"https:\/\/www.regionalis.shop\/huizbirn\/wp-json\/wp\/v2\/product_tag?post=1713"}],"curies":[{"name":"wp","href":"https:\/\/api.w.org\/{rel}","templated":true}]}}