{"id":1738,"date":"2025-04-18T10:41:24","date_gmt":"2025-04-18T08:41:24","guid":{"rendered":"https:\/\/www.regionalis.shop\/huizbirn\/product\/holz-bierflaschenverschluss-bierhuterl-wespenabwehr-handmade-vatertag\/"},"modified":"2025-04-18T10:41:24","modified_gmt":"2025-04-18T08:41:24","slug":"holz-bierflaschenverschluss-bierhuterl-wespenabwehr-handmade-vatertag","status":"publish","type":"product","link":"https:\/\/www.regionalis.shop\/huizbirn\/shop\/holz-bierflaschenverschluss-bierhuterl-wespenabwehr-handmade-vatertag\/","title":{"rendered":"Holz Bierflaschenverschluss Bierhuterl Wespenabwehr handmade Vatertag"},"content":{"rendered":"<p>Mit einem lustigen steirischen Bierh\u00fctchen als Flaschenverschluss\/Flaschendeckel sind Sie f\u00fcr den n\u00e4chsten Sommer bestens ger\u00fcstet.<\/p>\n<p>Im Sommer sind Insekten oft eine Qual. Verirrt sich eine Wespe in sein geliebtes Getr\u00e4nk, kann es mitunter ganz sch\u00f6n gef\u00e4hrlich werden.<\/p>\n<p>Mit den steirischen Bierh\u00fctchen hat das ein Ende. Der Flasche einfach den Flaschenverschluss aus Holz auf setzen und fertig. Schon ist ihr Getr\u00e4nk gesch\u00fctzt.<\/p>\n<p>Holzart: zuf\u00e4llig, aber ausschlie\u00dflich einheimische H\u00f6lzer<br \/>\nOberfl\u00e4che: fein geschliffen und ge\u00f6lt<br \/>\nGr\u00f6\u00dfe: H\u00f6he ca. 5 cm, passt auf jede g\u00e4ngige Flasche<\/p>\n<p>Bei Bestellung erhalten Sie ein zuf\u00e4llig gew\u00e4hltes Bierh\u00fctchen aus beliebigem Holz und in zuf\u00e4llig gew\u00e4hlter Form &#8211; Sonderw\u00fcnsche zu Holzart oder Form k\u00f6nnen Sie gerne bei Bestellung bekanntgeben.<\/p>\n<p>Ein Bierh\u00fctchen passt auch ideal als Geschenk, wie zum Vatertag, Geburtstag, Weihnachten, etc&#8230;<\/p>\n","protected":false},"excerpt":{"rendered":"<p>Mit einem lustigen steirischen Bierh\u00fctchen als Flaschenverschluss\/Flaschendeckel sind Sie f\u00fcr den n\u00e4chsten Sommer bestens ger\u00fcstet. Im Sommer sind Insekten oft eine Qual. Verirrt sich eine Wespe in sein geliebtes Getr\u00e4nk, kann es mitunter ganz sch\u00f6n gef\u00e4hrlich werden. Mit den steirischen Bierh\u00fctchen hat das ein Ende. Der Flasche einfach den Flaschenverschluss aus Holz auf setzen und &hellip; <a href=\"https:\/\/www.regionalis.shop\/huizbirn\/shop\/holz-bierflaschenverschluss-bierhuterl-wespenabwehr-handmade-vatertag\/\">Continued<\/a><\/p>\n","protected":false},"featured_media":1739,"template":"","meta":{"_acf_changed":false},"product_brand":[],"product_cat":[127,103],"product_tag":[],"class_list":{"0":"post-1738","1":"product","2":"type-product","3":"status-publish","4":"has-post-thumbnail","6":"product_cat-essen-trinken","7":"product_cat-wohnen-deko","9":"first","10":"instock","11":"purchasable","12":"product-type-simple"},"acf":[],"_links":{"self":[{"href":"https:\/\/www.regionalis.shop\/huizbirn\/wp-json\/wp\/v2\/product\/1738","targetHints":{"allow":["GET"]}}],"collection":[{"href":"https:\/\/www.regionalis.shop\/huizbirn\/wp-json\/wp\/v2\/product"}],"about":[{"href":"https:\/\/www.regionalis.shop\/huizbirn\/wp-json\/wp\/v2\/types\/product"}],"wp:featuredmedia":[{"embeddable":true,"href":"https:\/\/www.regionalis.shop\/huizbirn\/wp-json\/wp\/v2\/media\/1739"}],"wp:attachment":[{"href":"https:\/\/www.regionalis.shop\/huizbirn\/wp-json\/wp\/v2\/media?parent=1738"}],"wp:term":[{"taxonomy":"product_brand","embeddable":true,"href":"https:\/\/www.regionalis.shop\/huizbirn\/wp-json\/wp\/v2\/product_brand?post=1738"},{"taxonomy":"product_cat","embeddable":true,"href":"https:\/\/www.regionalis.shop\/huizbirn\/wp-json\/wp\/v2\/product_cat?post=1738"},{"taxonomy":"product_tag","embeddable":true,"href":"https:\/\/www.regionalis.shop\/huizbirn\/wp-json\/wp\/v2\/product_tag?post=1738"}],"curies":[{"name":"wp","href":"https:\/\/api.w.org\/{rel}","templated":true}]}}