{"id":1781,"date":"2025-04-18T09:51:00","date_gmt":"2025-04-18T07:51:00","guid":{"rendered":"https:\/\/www.regionalis.shop\/huizbirn\/product\/holz-armband-armkette-zwetschke-trachtenschmuck-2-cm-holzschmuck-armschmuck\/"},"modified":"2025-04-18T09:51:00","modified_gmt":"2025-04-18T07:51:00","slug":"holz-armband-armkette-zwetschke-trachtenschmuck-2-cm-holzschmuck-armschmuck","status":"publish","type":"product","link":"https:\/\/www.regionalis.shop\/huizbirn\/shop\/holz-armband-armkette-zwetschke-trachtenschmuck-2-cm-holzschmuck-armschmuck\/","title":{"rendered":"Holz Armband Armkette Zwetschke Trachtenschmuck 2 cm Holzschmuck Armschmuck"},"content":{"rendered":"<p>Wundersch\u00f6nes Armband Edelstahl in Antikoptik und \u00f6sterreichischem &#8211;Zwetschken-Holz&#8211;. Ein tolles Accessoire und absoluter Hingucker.<\/p>\n<p>Liebevolle &#8211;Handarbeit&#8211; mit H\u00f6lzern aus dem steirischen Wechselland.<\/p>\n<p>Gr\u00f6\u00dfe: Durchmesser 2\u00a0cm<br \/>\nVerschluss: Karabiner<br \/>\nHolzart: lebhaftes Zwetschkenholz<br \/>\nMaterial: Edelstahl<\/p>\n<p>Eignet sich auch wunderbar als &#8211;Geschenk&#8211;!<\/p>\n<p>Schenken Sie sich selbst oder Ihren liebsten ein Unikat aus Holz. Egal ob zu Geburtstag, Namenstag, Ostern, Weihnachten, Hochzeit, Valentinstag, Verlobung oder anderen Anl\u00e4ssen.\u00a0<\/p>\n","protected":false},"excerpt":{"rendered":"<p>Wundersch\u00f6nes Armband Edelstahl in Antikoptik und \u00f6sterreichischem &#8211;Zwetschken-Holz&#8211;. Ein tolles Accessoire und absoluter Hingucker. Liebevolle &#8211;Handarbeit&#8211; mit H\u00f6lzern aus dem steirischen Wechselland. Gr\u00f6\u00dfe: Durchmesser 2\u00a0cm Verschluss: Karabiner Holzart: lebhaftes Zwetschkenholz Material: Edelstahl Eignet sich auch wunderbar als &#8211;Geschenk&#8211;! Schenken Sie sich selbst oder Ihren liebsten ein Unikat aus Holz. Egal ob zu Geburtstag, Namenstag, Ostern, &hellip; <a href=\"https:\/\/www.regionalis.shop\/huizbirn\/shop\/holz-armband-armkette-zwetschke-trachtenschmuck-2-cm-holzschmuck-armschmuck\/\">Continued<\/a><\/p>\n","protected":false},"featured_media":1782,"template":"","meta":{"_acf_changed":false},"product_brand":[],"product_cat":[110,70],"product_tag":[],"class_list":{"0":"post-1781","1":"product","2":"type-product","3":"status-publish","4":"has-post-thumbnail","6":"product_cat-armbaender","7":"product_cat-schmuck","9":"first","10":"instock","11":"purchasable","12":"product-type-simple"},"acf":[],"_links":{"self":[{"href":"https:\/\/www.regionalis.shop\/huizbirn\/wp-json\/wp\/v2\/product\/1781","targetHints":{"allow":["GET"]}}],"collection":[{"href":"https:\/\/www.regionalis.shop\/huizbirn\/wp-json\/wp\/v2\/product"}],"about":[{"href":"https:\/\/www.regionalis.shop\/huizbirn\/wp-json\/wp\/v2\/types\/product"}],"wp:featuredmedia":[{"embeddable":true,"href":"https:\/\/www.regionalis.shop\/huizbirn\/wp-json\/wp\/v2\/media\/1782"}],"wp:attachment":[{"href":"https:\/\/www.regionalis.shop\/huizbirn\/wp-json\/wp\/v2\/media?parent=1781"}],"wp:term":[{"taxonomy":"product_brand","embeddable":true,"href":"https:\/\/www.regionalis.shop\/huizbirn\/wp-json\/wp\/v2\/product_brand?post=1781"},{"taxonomy":"product_cat","embeddable":true,"href":"https:\/\/www.regionalis.shop\/huizbirn\/wp-json\/wp\/v2\/product_cat?post=1781"},{"taxonomy":"product_tag","embeddable":true,"href":"https:\/\/www.regionalis.shop\/huizbirn\/wp-json\/wp\/v2\/product_tag?post=1781"}],"curies":[{"name":"wp","href":"https:\/\/api.w.org\/{rel}","templated":true}]}}