{"id":1831,"date":"2025-04-18T08:14:55","date_gmt":"2025-04-18T06:14:55","guid":{"rendered":"https:\/\/www.regionalis.shop\/huizbirn\/product\/holz-fueller-fuellfeder-briefoeffner-set-eiche-holz-handmade-geschenkset\/"},"modified":"2025-04-18T08:14:55","modified_gmt":"2025-04-18T06:14:55","slug":"holz-fueller-fuellfeder-briefoeffner-set-eiche-holz-handmade-geschenkset","status":"publish","type":"product","link":"https:\/\/www.regionalis.shop\/huizbirn\/shop\/holz-fueller-fuellfeder-briefoeffner-set-eiche-holz-handmade-geschenkset\/","title":{"rendered":"Holz F\u00fcller F\u00fcllfeder Brief\u00f6ffner Set Eiche Holz handmade Geschenkset"},"content":{"rendered":"<p>Handgearbeitetes Geschenkset bestehend aus F\u00fcllfeder und Brief\u00f6ffner handgefertigt aus \u00f6sterreichischem Eichen-Holz.<\/p>\n<p>Ein absolutes Unikat, welches Seinesgleichen sucht!<\/p>\n<p>&#8211; Bausatz von h\u00f6chster Qualit\u00e4t, vergoldet<br \/>\n&#8211; Holzart: Eiche<br \/>\n&#8211; die Holzoberfl\u00e4che wurde fein geschliffen und lebensmittelecht versiegelt<br \/>\n&#8211; mit Magnetkappe<br \/>\n&#8211; L\u00e4nge: ca. 13.5 cm<br \/>\n&#8211; Platz f\u00fcr 2 Tintenpatronen<br \/>\n&#8211; Lieferung erfolgt im handgefertigtem Stoff-T\u00e4schchen<br \/>\n\u00a0\u00a0<\/p>\n<p>Jeder Kugelschreiber ist ein absolutes Unikat und ein ideales Geschenk.<\/p>\n<p>Eine tolle Geschenksidee zum Geburtstag, Weihnachten oder anderen Anlass.<\/p>\n","protected":false},"excerpt":{"rendered":"<p>Handgearbeitetes Geschenkset bestehend aus F\u00fcllfeder und Brief\u00f6ffner handgefertigt aus \u00f6sterreichischem Eichen-Holz. Ein absolutes Unikat, welches Seinesgleichen sucht! &#8211; Bausatz von h\u00f6chster Qualit\u00e4t, vergoldet &#8211; Holzart: Eiche &#8211; die Holzoberfl\u00e4che wurde fein geschliffen und lebensmittelecht versiegelt &#8211; mit Magnetkappe &#8211; L\u00e4nge: ca. 13.5 cm &#8211; Platz f\u00fcr 2 Tintenpatronen &#8211; Lieferung erfolgt im handgefertigtem Stoff-T\u00e4schchen \u00a0\u00a0 &hellip; <a href=\"https:\/\/www.regionalis.shop\/huizbirn\/shop\/holz-fueller-fuellfeder-briefoeffner-set-eiche-holz-handmade-geschenkset\/\">Continued<\/a><\/p>\n","protected":false},"featured_media":1832,"template":"","meta":{"_acf_changed":false},"product_brand":[],"product_cat":[62,72],"product_tag":[],"class_list":{"0":"post-1831","1":"product","2":"type-product","3":"status-publish","4":"has-post-thumbnail","6":"product_cat-papeterie-schreibwaren","7":"product_cat-schreibwaren","9":"first","10":"instock","11":"purchasable","12":"product-type-simple"},"acf":[],"_links":{"self":[{"href":"https:\/\/www.regionalis.shop\/huizbirn\/wp-json\/wp\/v2\/product\/1831","targetHints":{"allow":["GET"]}}],"collection":[{"href":"https:\/\/www.regionalis.shop\/huizbirn\/wp-json\/wp\/v2\/product"}],"about":[{"href":"https:\/\/www.regionalis.shop\/huizbirn\/wp-json\/wp\/v2\/types\/product"}],"wp:featuredmedia":[{"embeddable":true,"href":"https:\/\/www.regionalis.shop\/huizbirn\/wp-json\/wp\/v2\/media\/1832"}],"wp:attachment":[{"href":"https:\/\/www.regionalis.shop\/huizbirn\/wp-json\/wp\/v2\/media?parent=1831"}],"wp:term":[{"taxonomy":"product_brand","embeddable":true,"href":"https:\/\/www.regionalis.shop\/huizbirn\/wp-json\/wp\/v2\/product_brand?post=1831"},{"taxonomy":"product_cat","embeddable":true,"href":"https:\/\/www.regionalis.shop\/huizbirn\/wp-json\/wp\/v2\/product_cat?post=1831"},{"taxonomy":"product_tag","embeddable":true,"href":"https:\/\/www.regionalis.shop\/huizbirn\/wp-json\/wp\/v2\/product_tag?post=1831"}],"curies":[{"name":"wp","href":"https:\/\/api.w.org\/{rel}","templated":true}]}}