{"id":1881,"date":"2025-04-18T08:05:08","date_gmt":"2025-04-18T06:05:08","guid":{"rendered":"https:\/\/www.regionalis.shop\/huizbirn\/product\/holz-ohrclips-15-cm-ohrringe-eibe-ohrschmuck-trachtenschmuck-handmade\/"},"modified":"2025-04-18T08:05:08","modified_gmt":"2025-04-18T06:05:08","slug":"holz-ohrclips-15-cm-ohrringe-eibe-ohrschmuck-trachtenschmuck-handmade","status":"publish","type":"product","link":"https:\/\/www.regionalis.shop\/huizbirn\/shop\/holz-ohrclips-15-cm-ohrringe-eibe-ohrschmuck-trachtenschmuck-handmade\/","title":{"rendered":"Holz Ohrclips 1,5 cm Ohrringe Eibe Ohrschmuck Trachtenschmuck handmade"},"content":{"rendered":"<p>Ein wundersch\u00f6nes paar Clip-Ohrringe aus \u00f6sterreichischem Eibenholz in Edelstahlfassung. Wenn Sie 2 wunderbare Unikate an Ihren Ohren<br \/>\ntragen m\u00f6chten, dann sind Sie genau richtig.<\/p>\n<p>Liebevolle Handarbeit mit H\u00f6lzern aus dem steirischen Wechselland.<\/p>\n<p>Gr\u00f6\u00dfe: Durchmesser 1,5\u00a0cm<br \/>\nHolzart: Eibe<br \/>\nIn Edelstahlfassung<\/p>\n<p>Entweder ein tolles Ohr Accessoires f\u00fcr sich selbst &#8211; eignet sich aber auch wunderbar als Geschenk!<\/p>\n<p>Schenken Sie sich selbst oder Ihren liebsten ein Unikat aus Holz. Egal ob zu Geburtstag, Namenstag, Ostern, Weihnachten, Hochzeit, Valentinstag, Verlobung oder anderen Anl\u00e4ssen.\u00a0<\/p>\n","protected":false},"excerpt":{"rendered":"<p>Ein wundersch\u00f6nes paar Clip-Ohrringe aus \u00f6sterreichischem Eibenholz in Edelstahlfassung. Wenn Sie 2 wunderbare Unikate an Ihren Ohren tragen m\u00f6chten, dann sind Sie genau richtig. Liebevolle Handarbeit mit H\u00f6lzern aus dem steirischen Wechselland. Gr\u00f6\u00dfe: Durchmesser 1,5\u00a0cm Holzart: Eibe In Edelstahlfassung Entweder ein tolles Ohr Accessoires f\u00fcr sich selbst &#8211; eignet sich aber auch wunderbar als Geschenk! &hellip; <a href=\"https:\/\/www.regionalis.shop\/huizbirn\/shop\/holz-ohrclips-15-cm-ohrringe-eibe-ohrschmuck-trachtenschmuck-handmade\/\">Continued<\/a><\/p>\n","protected":false},"featured_media":1882,"template":"","meta":{"_acf_changed":false},"product_brand":[],"product_cat":[163,70],"product_tag":[],"class_list":{"0":"post-1881","1":"product","2":"type-product","3":"status-publish","4":"has-post-thumbnail","6":"product_cat-ohrringe","7":"product_cat-schmuck","9":"first","10":"instock","11":"purchasable","12":"product-type-simple"},"acf":[],"_links":{"self":[{"href":"https:\/\/www.regionalis.shop\/huizbirn\/wp-json\/wp\/v2\/product\/1881","targetHints":{"allow":["GET"]}}],"collection":[{"href":"https:\/\/www.regionalis.shop\/huizbirn\/wp-json\/wp\/v2\/product"}],"about":[{"href":"https:\/\/www.regionalis.shop\/huizbirn\/wp-json\/wp\/v2\/types\/product"}],"wp:featuredmedia":[{"embeddable":true,"href":"https:\/\/www.regionalis.shop\/huizbirn\/wp-json\/wp\/v2\/media\/1882"}],"wp:attachment":[{"href":"https:\/\/www.regionalis.shop\/huizbirn\/wp-json\/wp\/v2\/media?parent=1881"}],"wp:term":[{"taxonomy":"product_brand","embeddable":true,"href":"https:\/\/www.regionalis.shop\/huizbirn\/wp-json\/wp\/v2\/product_brand?post=1881"},{"taxonomy":"product_cat","embeddable":true,"href":"https:\/\/www.regionalis.shop\/huizbirn\/wp-json\/wp\/v2\/product_cat?post=1881"},{"taxonomy":"product_tag","embeddable":true,"href":"https:\/\/www.regionalis.shop\/huizbirn\/wp-json\/wp\/v2\/product_tag?post=1881"}],"curies":[{"name":"wp","href":"https:\/\/api.w.org\/{rel}","templated":true}]}}