{"id":1983,"date":"2025-04-18T04:31:06","date_gmt":"2025-04-18T02:31:06","guid":{"rendered":"https:\/\/www.regionalis.shop\/huizbirn\/product\/holz-gewuerzmuehlen-set-walnuss-pappel-geschenkset-pfeffermuehle-salzmuehle\/"},"modified":"2025-04-18T04:31:06","modified_gmt":"2025-04-18T02:31:06","slug":"holz-gewuerzmuehlen-set-walnuss-pappel-geschenkset-pfeffermuehle-salzmuehle","status":"publish","type":"product","link":"https:\/\/www.regionalis.shop\/huizbirn\/shop\/holz-gewuerzmuehlen-set-walnuss-pappel-geschenkset-pfeffermuehle-salzmuehle\/","title":{"rendered":"Holz Gew\u00fcrzm\u00fchlen Set Walnuss Pappel Geschenkset Pfefferm\u00fchle Salzm\u00fchle"},"content":{"rendered":"<p>2er Holz Gew\u00fcrzm\u00fchlenset aus Pappel und Walnuss.<\/p>\n<p>Zwei wundersch\u00f6ne Unikate, handgearbeitet aus \u00f6sterreichischem Holz direkt aus der Region. Die M\u00fchlen werden einfach per Knopfdruck bet\u00e4tigt und sind selbstverst\u00e4ndlich wiederbef\u00fcllbar.<\/p>\n<p>Material: Pappel bzw. Kirsche\u00a0in Kombination mit Edelstahl in Antik Optik,\u00a0H\u00f6he: ca. 20\u00a0cm<\/p>\n<p>Bedienung mittels Kurbel, Mahlgut wird oben eingef\u00fcllt, Mahlgrad beliebig einstellbar!<\/p>\n<p>Ideal auch als Weihnachtsgeschenk, wenn Sie es nachhaltig und einzigartig m\u00f6chten!<\/p>\n","protected":false},"excerpt":{"rendered":"<p>2er Holz Gew\u00fcrzm\u00fchlenset aus Pappel und Walnuss. Zwei wundersch\u00f6ne Unikate, handgearbeitet aus \u00f6sterreichischem Holz direkt aus der Region. Die M\u00fchlen werden einfach per Knopfdruck bet\u00e4tigt und sind selbstverst\u00e4ndlich wiederbef\u00fcllbar. Material: Pappel bzw. Kirsche\u00a0in Kombination mit Edelstahl in Antik Optik,\u00a0H\u00f6he: ca. 20\u00a0cm Bedienung mittels Kurbel, Mahlgut wird oben eingef\u00fcllt, Mahlgrad beliebig einstellbar! Ideal auch als Weihnachtsgeschenk, &hellip; <a href=\"https:\/\/www.regionalis.shop\/huizbirn\/shop\/holz-gewuerzmuehlen-set-walnuss-pappel-geschenkset-pfeffermuehle-salzmuehle\/\">Continued<\/a><\/p>\n","protected":false},"featured_media":1984,"template":"","meta":{"_acf_changed":false},"product_brand":[],"product_cat":[127,103],"product_tag":[],"class_list":{"0":"post-1983","1":"product","2":"type-product","3":"status-publish","4":"has-post-thumbnail","6":"product_cat-essen-trinken","7":"product_cat-wohnen-deko","9":"first","10":"instock","11":"purchasable","12":"product-type-simple"},"acf":[],"_links":{"self":[{"href":"https:\/\/www.regionalis.shop\/huizbirn\/wp-json\/wp\/v2\/product\/1983","targetHints":{"allow":["GET"]}}],"collection":[{"href":"https:\/\/www.regionalis.shop\/huizbirn\/wp-json\/wp\/v2\/product"}],"about":[{"href":"https:\/\/www.regionalis.shop\/huizbirn\/wp-json\/wp\/v2\/types\/product"}],"wp:featuredmedia":[{"embeddable":true,"href":"https:\/\/www.regionalis.shop\/huizbirn\/wp-json\/wp\/v2\/media\/1984"}],"wp:attachment":[{"href":"https:\/\/www.regionalis.shop\/huizbirn\/wp-json\/wp\/v2\/media?parent=1983"}],"wp:term":[{"taxonomy":"product_brand","embeddable":true,"href":"https:\/\/www.regionalis.shop\/huizbirn\/wp-json\/wp\/v2\/product_brand?post=1983"},{"taxonomy":"product_cat","embeddable":true,"href":"https:\/\/www.regionalis.shop\/huizbirn\/wp-json\/wp\/v2\/product_cat?post=1983"},{"taxonomy":"product_tag","embeddable":true,"href":"https:\/\/www.regionalis.shop\/huizbirn\/wp-json\/wp\/v2\/product_tag?post=1983"}],"curies":[{"name":"wp","href":"https:\/\/api.w.org\/{rel}","templated":true}]}}