{"id":2019,"date":"2025-04-18T03:55:45","date_gmt":"2025-04-18T01:55:45","guid":{"rendered":"https:\/\/www.regionalis.shop\/huizbirn\/product\/holz-fuellfeder-fueller-mit-schraubkappe-zwetschke-handarbeit-unikat\/"},"modified":"2025-04-18T03:55:45","modified_gmt":"2025-04-18T01:55:45","slug":"holz-fuellfeder-fueller-mit-schraubkappe-zwetschke-handarbeit-unikat","status":"publish","type":"product","link":"https:\/\/www.regionalis.shop\/huizbirn\/shop\/holz-fuellfeder-fueller-mit-schraubkappe-zwetschke-handarbeit-unikat\/","title":{"rendered":"Holz F\u00fcllfeder F\u00fcller mit Schraubkappe Zwetschke Handarbeit unikat"},"content":{"rendered":"<p>Handgearbeitete F\u00fcllfeder mit Schraubkappe, handgefertigt aus \u00f6sterreichischem Zwetschken-Holz.<\/p>\n<p>Ein absolutes Unikat!<\/p>\n<p>Tintenkammer mit Platz f\u00fcr 2 Patronen<br \/>\nLieferung erfolgt in Geschenksverpackung<br \/>\nL\u00e4nge ca. 13.5 cm, Bausatz-Farbe: 24-Karat vergoldet<\/p>\n<p>Die Oberfl\u00e4che des Holzes wurde fein geschliffen, ge\u00f6lt und lebensmittelecht versiegelt!<\/p>\n<p>Dadurch ist dauerhafter Schutz gew\u00e4hrleistet.<\/p>\n<p>Jedes Schreibger\u00e4t ist ein absolutes Unikat und ein ideales Geschenk.<\/p>\n<p>Eine tolle Geschenksidee zum Geburtstag, Weihnachten oder anderen Anlass.<\/p>\n","protected":false},"excerpt":{"rendered":"<p>Handgearbeitete F\u00fcllfeder mit Schraubkappe, handgefertigt aus \u00f6sterreichischem Zwetschken-Holz. Ein absolutes Unikat! Tintenkammer mit Platz f\u00fcr 2 Patronen Lieferung erfolgt in Geschenksverpackung L\u00e4nge ca. 13.5 cm, Bausatz-Farbe: 24-Karat vergoldet Die Oberfl\u00e4che des Holzes wurde fein geschliffen, ge\u00f6lt und lebensmittelecht versiegelt! Dadurch ist dauerhafter Schutz gew\u00e4hrleistet. Jedes Schreibger\u00e4t ist ein absolutes Unikat und ein ideales Geschenk. Eine &hellip; <a href=\"https:\/\/www.regionalis.shop\/huizbirn\/shop\/holz-fuellfeder-fueller-mit-schraubkappe-zwetschke-handarbeit-unikat\/\">Continued<\/a><\/p>\n","protected":false},"featured_media":2020,"template":"","meta":{"_acf_changed":false},"product_brand":[],"product_cat":[161,62],"product_tag":[],"class_list":{"0":"post-2019","1":"product","2":"type-product","3":"status-publish","4":"has-post-thumbnail","6":"product_cat-notizhefte-skizzenbuecher","7":"product_cat-papeterie-schreibwaren","9":"first","10":"instock","11":"purchasable","12":"product-type-simple"},"acf":[],"_links":{"self":[{"href":"https:\/\/www.regionalis.shop\/huizbirn\/wp-json\/wp\/v2\/product\/2019","targetHints":{"allow":["GET"]}}],"collection":[{"href":"https:\/\/www.regionalis.shop\/huizbirn\/wp-json\/wp\/v2\/product"}],"about":[{"href":"https:\/\/www.regionalis.shop\/huizbirn\/wp-json\/wp\/v2\/types\/product"}],"wp:featuredmedia":[{"embeddable":true,"href":"https:\/\/www.regionalis.shop\/huizbirn\/wp-json\/wp\/v2\/media\/2020"}],"wp:attachment":[{"href":"https:\/\/www.regionalis.shop\/huizbirn\/wp-json\/wp\/v2\/media?parent=2019"}],"wp:term":[{"taxonomy":"product_brand","embeddable":true,"href":"https:\/\/www.regionalis.shop\/huizbirn\/wp-json\/wp\/v2\/product_brand?post=2019"},{"taxonomy":"product_cat","embeddable":true,"href":"https:\/\/www.regionalis.shop\/huizbirn\/wp-json\/wp\/v2\/product_cat?post=2019"},{"taxonomy":"product_tag","embeddable":true,"href":"https:\/\/www.regionalis.shop\/huizbirn\/wp-json\/wp\/v2\/product_tag?post=2019"}],"curies":[{"name":"wp","href":"https:\/\/api.w.org\/{rel}","templated":true}]}}