{"id":2033,"date":"2025-04-18T03:50:38","date_gmt":"2025-04-18T01:50:38","guid":{"rendered":"https:\/\/www.regionalis.shop\/huizbirn\/product\/holz-fuellfeder-fueller-zeder-handarbeit-schraubkappe-unikat-geschenk-2\/"},"modified":"2025-04-18T03:50:38","modified_gmt":"2025-04-18T01:50:38","slug":"holz-fuellfeder-fueller-zeder-handarbeit-schraubkappe-unikat-geschenk-2","status":"publish","type":"product","link":"https:\/\/www.regionalis.shop\/huizbirn\/shop\/holz-fuellfeder-fueller-zeder-handarbeit-schraubkappe-unikat-geschenk-2\/","title":{"rendered":"Holz F\u00fcllfeder F\u00fcller Zeder Handarbeit Schraubkappe Unikat Geschenk"},"content":{"rendered":"<p>Handgearbeiteter Holz F\u00fcller mit Schraubkappe, handgefertigt aus \u00f6sterreichischem Zedern-Holz.<\/p>\n<p>Ein absolutes Unikat!<br \/>\n&#8211; Tintenkammer mit Platz f\u00fcr 2 Patronen<br \/>\n&#8211; Lieferung erfolgt im handgefertigtem Stoff-T\u00e4schchen<br \/>\n&#8211; L\u00e4nge ca. 13.5 cm, Bausatz gun metallic<br \/>\n&#8211; \u00d6sterreichische Zeder aus der Steiermark<br \/>\n&#8211; Oberfl\u00e4che des Holzes wurde fein geschliffen, lebensmittelecht ge\u00f6lt\/versiegelt und poliert- dadurch ist dauerhafter Schutz gew\u00e4hrleistet.<\/p>\n<p>Die Zeder ist \u00fcbrigens der Lebensbaum f\u00fcr alle, die zwischen 09.02.-18.02. sowie dem 14.08.-23.08. geboren sind.<\/p>\n<p>Jede F\u00fcllfeder ist ein absolutes Unikat und ein ideales Geschenk.<\/p>\n<p>Eine tolle Geschenksidee zum Geburtstag, Weihnachten oder anderen Anlass. \u00a0\u00a0<\/p>\n","protected":false},"excerpt":{"rendered":"<p>Handgearbeiteter Holz F\u00fcller mit Schraubkappe, handgefertigt aus \u00f6sterreichischem Zedern-Holz. Ein absolutes Unikat! &#8211; Tintenkammer mit Platz f\u00fcr 2 Patronen &#8211; Lieferung erfolgt im handgefertigtem Stoff-T\u00e4schchen &#8211; L\u00e4nge ca. 13.5 cm, Bausatz gun metallic &#8211; \u00d6sterreichische Zeder aus der Steiermark &#8211; Oberfl\u00e4che des Holzes wurde fein geschliffen, lebensmittelecht ge\u00f6lt\/versiegelt und poliert- dadurch ist dauerhafter Schutz gew\u00e4hrleistet. &hellip; <a href=\"https:\/\/www.regionalis.shop\/huizbirn\/shop\/holz-fuellfeder-fueller-zeder-handarbeit-schraubkappe-unikat-geschenk-2\/\">Continued<\/a><\/p>\n","protected":false},"featured_media":2034,"template":"","meta":{"_acf_changed":false},"product_brand":[],"product_cat":[62,72],"product_tag":[],"class_list":{"0":"post-2033","1":"product","2":"type-product","3":"status-publish","4":"has-post-thumbnail","6":"product_cat-papeterie-schreibwaren","7":"product_cat-schreibwaren","9":"first","10":"instock","11":"purchasable","12":"product-type-simple"},"acf":[],"_links":{"self":[{"href":"https:\/\/www.regionalis.shop\/huizbirn\/wp-json\/wp\/v2\/product\/2033","targetHints":{"allow":["GET"]}}],"collection":[{"href":"https:\/\/www.regionalis.shop\/huizbirn\/wp-json\/wp\/v2\/product"}],"about":[{"href":"https:\/\/www.regionalis.shop\/huizbirn\/wp-json\/wp\/v2\/types\/product"}],"wp:featuredmedia":[{"embeddable":true,"href":"https:\/\/www.regionalis.shop\/huizbirn\/wp-json\/wp\/v2\/media\/2034"}],"wp:attachment":[{"href":"https:\/\/www.regionalis.shop\/huizbirn\/wp-json\/wp\/v2\/media?parent=2033"}],"wp:term":[{"taxonomy":"product_brand","embeddable":true,"href":"https:\/\/www.regionalis.shop\/huizbirn\/wp-json\/wp\/v2\/product_brand?post=2033"},{"taxonomy":"product_cat","embeddable":true,"href":"https:\/\/www.regionalis.shop\/huizbirn\/wp-json\/wp\/v2\/product_cat?post=2033"},{"taxonomy":"product_tag","embeddable":true,"href":"https:\/\/www.regionalis.shop\/huizbirn\/wp-json\/wp\/v2\/product_tag?post=2033"}],"curies":[{"name":"wp","href":"https:\/\/api.w.org\/{rel}","templated":true}]}}