{"id":2052,"date":"2025-04-18T03:42:25","date_gmt":"2025-04-18T01:42:25","guid":{"rendered":"https:\/\/www.regionalis.shop\/huizbirn\/product\/holz-schmuck-set-ohrringe-armband-set-eiche-handmade-unikat-geschenkset\/"},"modified":"2025-04-18T03:42:25","modified_gmt":"2025-04-18T01:42:25","slug":"holz-schmuck-set-ohrringe-armband-set-eiche-handmade-unikat-geschenkset","status":"publish","type":"product","link":"https:\/\/www.regionalis.shop\/huizbirn\/shop\/holz-schmuck-set-ohrringe-armband-set-eiche-handmade-unikat-geschenkset\/","title":{"rendered":"Holz Schmuck Set Ohrringe Armband Set Eiche handmade Unikat Geschenkset"},"content":{"rendered":"<p>Ein wundersch\u00f6nes Schmuckset aus Ohrstecker und Armband aus \u00f6sterreichischem Eichen Holz in Edelstahlfassung (antik Optik) bzw. Lederarmband. Wenn Sie 2 wunderbare Unikate an Ihren Ohren und Hand<br \/>\ntragen m\u00f6chten, dann sind Sie genau richtig.<\/p>\n<p>Liebevolle Handarbeit mit H\u00f6lzern aus dem steirischen Wechselland.<\/p>\n<p>Gr\u00f6\u00dfe: Durchmesser ca. 3 cm\u00a0<br \/>\nHolzart: Eiche<\/p>\n<p>In Edelstahlfassung, Antik Optik, Armband aus Leder, inkl. Geschenkverpackung!<\/p>\n<p>Entweder ein tolles Ohr Accessoires f\u00fcr sich selbst &#8211; eignet sich aber auch wunderbar als Geschenk!<\/p>\n<p>Schenken Sie sich selbst oder Ihren liebsten ein Unikat aus Holz. Egal ob zu Geburtstag, Namenstag, Ostern, Weihnachten, Hochzeit, Valentinstag, Verlobung oder anderen Anl\u00e4ssen.\u00a0<\/p>\n","protected":false},"excerpt":{"rendered":"<p>Ein wundersch\u00f6nes Schmuckset aus Ohrstecker und Armband aus \u00f6sterreichischem Eichen Holz in Edelstahlfassung (antik Optik) bzw. Lederarmband. Wenn Sie 2 wunderbare Unikate an Ihren Ohren und Hand tragen m\u00f6chten, dann sind Sie genau richtig. Liebevolle Handarbeit mit H\u00f6lzern aus dem steirischen Wechselland. Gr\u00f6\u00dfe: Durchmesser ca. 3 cm\u00a0 Holzart: Eiche In Edelstahlfassung, Antik Optik, Armband aus &hellip; <a href=\"https:\/\/www.regionalis.shop\/huizbirn\/shop\/holz-schmuck-set-ohrringe-armband-set-eiche-handmade-unikat-geschenkset\/\">Continued<\/a><\/p>\n","protected":false},"featured_media":2053,"template":"","meta":{"_acf_changed":false},"product_brand":[],"product_cat":[163,70],"product_tag":[],"class_list":{"0":"post-2052","1":"product","2":"type-product","3":"status-publish","4":"has-post-thumbnail","6":"product_cat-ohrringe","7":"product_cat-schmuck","9":"first","10":"instock","11":"purchasable","12":"product-type-simple"},"acf":[],"_links":{"self":[{"href":"https:\/\/www.regionalis.shop\/huizbirn\/wp-json\/wp\/v2\/product\/2052","targetHints":{"allow":["GET"]}}],"collection":[{"href":"https:\/\/www.regionalis.shop\/huizbirn\/wp-json\/wp\/v2\/product"}],"about":[{"href":"https:\/\/www.regionalis.shop\/huizbirn\/wp-json\/wp\/v2\/types\/product"}],"wp:featuredmedia":[{"embeddable":true,"href":"https:\/\/www.regionalis.shop\/huizbirn\/wp-json\/wp\/v2\/media\/2053"}],"wp:attachment":[{"href":"https:\/\/www.regionalis.shop\/huizbirn\/wp-json\/wp\/v2\/media?parent=2052"}],"wp:term":[{"taxonomy":"product_brand","embeddable":true,"href":"https:\/\/www.regionalis.shop\/huizbirn\/wp-json\/wp\/v2\/product_brand?post=2052"},{"taxonomy":"product_cat","embeddable":true,"href":"https:\/\/www.regionalis.shop\/huizbirn\/wp-json\/wp\/v2\/product_cat?post=2052"},{"taxonomy":"product_tag","embeddable":true,"href":"https:\/\/www.regionalis.shop\/huizbirn\/wp-json\/wp\/v2\/product_tag?post=2052"}],"curies":[{"name":"wp","href":"https:\/\/api.w.org\/{rel}","templated":true}]}}