{"id":2110,"date":"2025-04-18T03:28:34","date_gmt":"2025-04-18T01:28:34","guid":{"rendered":"https:\/\/www.regionalis.shop\/huizbirn\/product\/holzvase-vase-18-cm-ahorn-blumenvase-vase-holzdekoration-holzdeko-geschenk\/"},"modified":"2025-04-18T03:28:34","modified_gmt":"2025-04-18T01:28:34","slug":"holzvase-vase-18-cm-ahorn-blumenvase-vase-holzdekoration-holzdeko-geschenk","status":"publish","type":"product","link":"https:\/\/www.regionalis.shop\/huizbirn\/shop\/holzvase-vase-18-cm-ahorn-blumenvase-vase-holzdekoration-holzdeko-geschenk\/","title":{"rendered":"Holzvase Vase 18 cm Ahorn Blumenvase Vase Holzdekoration Holzdeko Geschenk"},"content":{"rendered":"<p>Holzvase mit Glaseinsatz aus steirischem Ahornholz.<\/p>\n<p>H\u00f6he: 18 cm<\/p>\n<p>Dieses tolle Unikat wurde handgefertigt und lebensmittelecht ge\u00f6lt. Eine sch\u00f6ne Holzdekoration f\u00fcr Ihr Eigenheim oder eine nette Geschenksidee.<\/p>\n","protected":false},"excerpt":{"rendered":"<p>Holzvase mit Glaseinsatz aus steirischem Ahornholz. H\u00f6he: 18 cm Dieses tolle Unikat wurde handgefertigt und lebensmittelecht ge\u00f6lt. Eine sch\u00f6ne Holzdekoration f\u00fcr Ihr Eigenheim oder eine nette Geschenksidee.<\/p>\n","protected":false},"featured_media":2111,"template":"","meta":{"_acf_changed":false},"product_brand":[],"product_cat":[174,103],"product_tag":[],"class_list":{"0":"post-2110","1":"product","2":"type-product","3":"status-publish","4":"has-post-thumbnail","6":"product_cat-wohndekoration","7":"product_cat-wohnen-deko","9":"first","10":"instock","11":"purchasable","12":"product-type-simple"},"acf":[],"_links":{"self":[{"href":"https:\/\/www.regionalis.shop\/huizbirn\/wp-json\/wp\/v2\/product\/2110","targetHints":{"allow":["GET"]}}],"collection":[{"href":"https:\/\/www.regionalis.shop\/huizbirn\/wp-json\/wp\/v2\/product"}],"about":[{"href":"https:\/\/www.regionalis.shop\/huizbirn\/wp-json\/wp\/v2\/types\/product"}],"wp:featuredmedia":[{"embeddable":true,"href":"https:\/\/www.regionalis.shop\/huizbirn\/wp-json\/wp\/v2\/media\/2111"}],"wp:attachment":[{"href":"https:\/\/www.regionalis.shop\/huizbirn\/wp-json\/wp\/v2\/media?parent=2110"}],"wp:term":[{"taxonomy":"product_brand","embeddable":true,"href":"https:\/\/www.regionalis.shop\/huizbirn\/wp-json\/wp\/v2\/product_brand?post=2110"},{"taxonomy":"product_cat","embeddable":true,"href":"https:\/\/www.regionalis.shop\/huizbirn\/wp-json\/wp\/v2\/product_cat?post=2110"},{"taxonomy":"product_tag","embeddable":true,"href":"https:\/\/www.regionalis.shop\/huizbirn\/wp-json\/wp\/v2\/product_tag?post=2110"}],"curies":[{"name":"wp","href":"https:\/\/api.w.org\/{rel}","templated":true}]}}