{"id":2221,"date":"2025-04-18T02:14:55","date_gmt":"2025-04-18T00:14:55","guid":{"rendered":"https:\/\/www.regionalis.shop\/huizbirn\/product\/holz-wanduhr-holzuhr-uhr-25x24-cm-erle-baumscheibenuhr-holzdeko\/"},"modified":"2025-04-18T02:14:55","modified_gmt":"2025-04-18T00:14:55","slug":"holz-wanduhr-holzuhr-uhr-25x24-cm-erle-baumscheibenuhr-holzdeko","status":"publish","type":"product","link":"https:\/\/www.regionalis.shop\/huizbirn\/shop\/holz-wanduhr-holzuhr-uhr-25x24-cm-erle-baumscheibenuhr-holzdeko\/","title":{"rendered":"Holz Wanduhr Holzuhr Uhr 25&#215;24 cm Erle Baumscheibenuhr Holzdeko"},"content":{"rendered":"<p>Diese wundersch\u00f6ne, einzigartige Holz Wanduhr ist aus farbenfrohen,\u00a0steirischen Erlen-Holz gefertigt. Die Maserung und Farbe ist typisch f\u00fcr Erlenholz. Durch die warme\u00a0Farbe gibt gibt diese Wanduhr aus Holz\u00a0jedem Raum eine gewisse W\u00e4rme und ist zugleich ein toller Blickfang.<\/p>\n<p>Ma\u00dfe: ca. 25\u00a0x 24\u00a0cm, St\u00e4rke: ca. 4 cm<br \/>\nOberfl\u00e4che: fein geschliffen und lebensmittelecht ge\u00f6lt<br \/>\nUhrwerk: Qualit\u00e4ts Quartz-Uhrwerk (AA Batterien), fl\u00fcsterleise<br \/>\nLieferung inkl. Wandhaken zur Montage<\/p>\n<p>Schwarzerlen sind in Europa weit verbreitet und gelten auch als &#8222;Pioniere&#8220;, da sie oft die ersten Geh\u00f6lze sind, die an anspruchslosen oder auch feuchten B\u00f6den wachsen. Erlenholz findet vorwiegend Verwendung in Spanplatten und als Brennholz, wird allerdings auch gerne f\u00fcr Drechselarbeiten, Spielzeug oder aufgrund der Farbe f\u00fcr dekorativen Innenausbau verwendet.<\/p>\n<p>Bei dieser Baumscheibenuhr handelt sich hier um ein handgefertigtes Unikat aus steirischer Erle, made in Austria.<br \/>\nHol dir ein St\u00fcck Natur ins Haus!<\/p>\n<p>Eine tolle Geschenksidee zum Geburtstag, Weihnachten oder anderen Anlass.<\/p>\n<p>PS: Holz ist ein Naturprodukt, leichte Abweichungen in Form, Farbe oder Maserung oder Risse vorbehalten und kein Reklamationsgrund!<\/p>\n","protected":false},"excerpt":{"rendered":"<p>Diese wundersch\u00f6ne, einzigartige Holz Wanduhr ist aus farbenfrohen,\u00a0steirischen Erlen-Holz gefertigt. Die Maserung und Farbe ist typisch f\u00fcr Erlenholz. Durch die warme\u00a0Farbe gibt gibt diese Wanduhr aus Holz\u00a0jedem Raum eine gewisse W\u00e4rme und ist zugleich ein toller Blickfang. Ma\u00dfe: ca. 25\u00a0x 24\u00a0cm, St\u00e4rke: ca. 4 cm Oberfl\u00e4che: fein geschliffen und lebensmittelecht ge\u00f6lt Uhrwerk: Qualit\u00e4ts Quartz-Uhrwerk (AA &hellip; <a href=\"https:\/\/www.regionalis.shop\/huizbirn\/shop\/holz-wanduhr-holzuhr-uhr-25x24-cm-erle-baumscheibenuhr-holzdeko\/\">Continued<\/a><\/p>\n","protected":false},"featured_media":2222,"template":"","meta":{"_acf_changed":false},"product_brand":[],"product_cat":[174,103],"product_tag":[],"class_list":{"0":"post-2221","1":"product","2":"type-product","3":"status-publish","4":"has-post-thumbnail","6":"product_cat-wohndekoration","7":"product_cat-wohnen-deko","9":"first","10":"instock","11":"purchasable","12":"product-type-simple"},"acf":[],"_links":{"self":[{"href":"https:\/\/www.regionalis.shop\/huizbirn\/wp-json\/wp\/v2\/product\/2221","targetHints":{"allow":["GET"]}}],"collection":[{"href":"https:\/\/www.regionalis.shop\/huizbirn\/wp-json\/wp\/v2\/product"}],"about":[{"href":"https:\/\/www.regionalis.shop\/huizbirn\/wp-json\/wp\/v2\/types\/product"}],"wp:featuredmedia":[{"embeddable":true,"href":"https:\/\/www.regionalis.shop\/huizbirn\/wp-json\/wp\/v2\/media\/2222"}],"wp:attachment":[{"href":"https:\/\/www.regionalis.shop\/huizbirn\/wp-json\/wp\/v2\/media?parent=2221"}],"wp:term":[{"taxonomy":"product_brand","embeddable":true,"href":"https:\/\/www.regionalis.shop\/huizbirn\/wp-json\/wp\/v2\/product_brand?post=2221"},{"taxonomy":"product_cat","embeddable":true,"href":"https:\/\/www.regionalis.shop\/huizbirn\/wp-json\/wp\/v2\/product_cat?post=2221"},{"taxonomy":"product_tag","embeddable":true,"href":"https:\/\/www.regionalis.shop\/huizbirn\/wp-json\/wp\/v2\/product_tag?post=2221"}],"curies":[{"name":"wp","href":"https:\/\/api.w.org\/{rel}","templated":true}]}}