{"id":2299,"date":"2025-04-18T01:49:13","date_gmt":"2025-04-17T23:49:13","guid":{"rendered":"https:\/\/www.regionalis.shop\/huizbirn\/product\/holz-kugelschreiber-drehkugelschreiber-ahorn-unikat-handmade\/"},"modified":"2025-04-18T01:49:13","modified_gmt":"2025-04-17T23:49:13","slug":"holz-kugelschreiber-drehkugelschreiber-ahorn-unikat-handmade","status":"publish","type":"product","link":"https:\/\/www.regionalis.shop\/huizbirn\/shop\/holz-kugelschreiber-drehkugelschreiber-ahorn-unikat-handmade\/","title":{"rendered":"Holz Kugelschreiber Drehkugelschreiber Ahorn Unikat handmade"},"content":{"rendered":"<p>Dieser handgefertigte Drehkugelschreiber aus Ahornholz ist eine gro\u00dfartige Geschenkidee zu verschiedenen Anl\u00e4ssen. Hier sind einige der wichtigsten Eckdaten:<\/p>\n<p>Holzart: Ahorn<br \/>\nMine: problemlos wechselbar<br \/>\nOberfl\u00e4che: fein geschliffen, lebensmittelecht ge\u00f6lt und versiegelt, f\u00fcr dauerhaften Schutz<br \/>\nBausatzfarbe: gun metallic<br \/>\nHandarbeit<br \/>\nL\u00e4nge: ca. 14 cm<br \/>\nLieferung erfolgt in einem handgefertigten Stoff-T\u00e4schchen<\/p>\n<p>Jeder Drehkugelschreiber ist ein absolutes Unikat und damit ein ideales Geschenk f\u00fcr besondere Menschen in Ihrem Leben.<\/p>\n","protected":false},"excerpt":{"rendered":"<p>Dieser handgefertigte Drehkugelschreiber aus Ahornholz ist eine gro\u00dfartige Geschenkidee zu verschiedenen Anl\u00e4ssen. Hier sind einige der wichtigsten Eckdaten: Holzart: Ahorn Mine: problemlos wechselbar Oberfl\u00e4che: fein geschliffen, lebensmittelecht ge\u00f6lt und versiegelt, f\u00fcr dauerhaften Schutz Bausatzfarbe: gun metallic Handarbeit L\u00e4nge: ca. 14 cm Lieferung erfolgt in einem handgefertigten Stoff-T\u00e4schchen Jeder Drehkugelschreiber ist ein absolutes Unikat und damit &hellip; <a href=\"https:\/\/www.regionalis.shop\/huizbirn\/shop\/holz-kugelschreiber-drehkugelschreiber-ahorn-unikat-handmade\/\">Continued<\/a><\/p>\n","protected":false},"featured_media":2300,"template":"","meta":{"_acf_changed":false},"product_brand":[],"product_cat":[62,72],"product_tag":[],"class_list":{"0":"post-2299","1":"product","2":"type-product","3":"status-publish","4":"has-post-thumbnail","6":"product_cat-papeterie-schreibwaren","7":"product_cat-schreibwaren","9":"first","10":"instock","11":"purchasable","12":"product-type-simple"},"acf":[],"_links":{"self":[{"href":"https:\/\/www.regionalis.shop\/huizbirn\/wp-json\/wp\/v2\/product\/2299","targetHints":{"allow":["GET"]}}],"collection":[{"href":"https:\/\/www.regionalis.shop\/huizbirn\/wp-json\/wp\/v2\/product"}],"about":[{"href":"https:\/\/www.regionalis.shop\/huizbirn\/wp-json\/wp\/v2\/types\/product"}],"wp:featuredmedia":[{"embeddable":true,"href":"https:\/\/www.regionalis.shop\/huizbirn\/wp-json\/wp\/v2\/media\/2300"}],"wp:attachment":[{"href":"https:\/\/www.regionalis.shop\/huizbirn\/wp-json\/wp\/v2\/media?parent=2299"}],"wp:term":[{"taxonomy":"product_brand","embeddable":true,"href":"https:\/\/www.regionalis.shop\/huizbirn\/wp-json\/wp\/v2\/product_brand?post=2299"},{"taxonomy":"product_cat","embeddable":true,"href":"https:\/\/www.regionalis.shop\/huizbirn\/wp-json\/wp\/v2\/product_cat?post=2299"},{"taxonomy":"product_tag","embeddable":true,"href":"https:\/\/www.regionalis.shop\/huizbirn\/wp-json\/wp\/v2\/product_tag?post=2299"}],"curies":[{"name":"wp","href":"https:\/\/api.w.org\/{rel}","templated":true}]}}