{"id":2343,"date":"2025-04-18T01:39:10","date_gmt":"2025-04-17T23:39:10","guid":{"rendered":"https:\/\/www.regionalis.shop\/huizbirn\/product\/xl-holzherz-75x75-cm-steiermark-holzdeko-wandbild-holzdekoration-handmade-unikat\/"},"modified":"2025-04-18T01:39:10","modified_gmt":"2025-04-17T23:39:10","slug":"xl-holzherz-75x75-cm-steiermark-holzdeko-wandbild-holzdekoration-handmade-unikat","status":"publish","type":"product","link":"https:\/\/www.regionalis.shop\/huizbirn\/shop\/xl-holzherz-75x75-cm-steiermark-holzdeko-wandbild-holzdekoration-handmade-unikat\/","title":{"rendered":"XL Holzherz 75&#215;75 cm Steiermark Holzdeko Wandbild Holzdekoration handmade Unikat"},"content":{"rendered":"<p>Wundersch\u00f6nes XL Holzherz mit Steiermark Schriftzug in der Gr\u00f6\u00dfe 75 x 75 cm.<\/p>\n<p>Das Holzherz ist sorgf\u00e4ltig ausgeschnitten und wurde anschlie\u00dfend mit Baumscheiben verschiedenster Holzarten wie Eiche, Buche, Essigbaum, Birke und Esche verziert. <\/p>\n<p>Die R\u00fcckseite wurde entsprechend verstrebt und kann problemlos an die Wand geh\u00e4ngt werden.<\/p>\n<p>Gr\u00f6\u00dfe: 75 x 75 cm<br \/>\nGewicht: ca. 6 kg<\/p>\n<p>Handarbeit aus der Steiermark!<\/p>\n<p>Ein tolles Geschenk f\u00fcr das Eigenheim, zum Geburtstag, Jubil\u00e4um, Valentinstag, Einweihungsfeier oder sonstigen Anl\u00e4ssen!<\/p>\n","protected":false},"excerpt":{"rendered":"<p>Wundersch\u00f6nes XL Holzherz mit Steiermark Schriftzug in der Gr\u00f6\u00dfe 75 x 75 cm. Das Holzherz ist sorgf\u00e4ltig ausgeschnitten und wurde anschlie\u00dfend mit Baumscheiben verschiedenster Holzarten wie Eiche, Buche, Essigbaum, Birke und Esche verziert. Die R\u00fcckseite wurde entsprechend verstrebt und kann problemlos an die Wand geh\u00e4ngt werden. Gr\u00f6\u00dfe: 75 x 75 cm Gewicht: ca. 6 kg &hellip; <a href=\"https:\/\/www.regionalis.shop\/huizbirn\/shop\/xl-holzherz-75x75-cm-steiermark-holzdeko-wandbild-holzdekoration-handmade-unikat\/\">Continued<\/a><\/p>\n","protected":false},"featured_media":2344,"template":"","meta":{"_acf_changed":false},"product_brand":[],"product_cat":[174,103],"product_tag":[],"class_list":{"0":"post-2343","1":"product","2":"type-product","3":"status-publish","4":"has-post-thumbnail","6":"product_cat-wohndekoration","7":"product_cat-wohnen-deko","9":"first","10":"instock","11":"purchasable","12":"product-type-simple"},"acf":[],"_links":{"self":[{"href":"https:\/\/www.regionalis.shop\/huizbirn\/wp-json\/wp\/v2\/product\/2343","targetHints":{"allow":["GET"]}}],"collection":[{"href":"https:\/\/www.regionalis.shop\/huizbirn\/wp-json\/wp\/v2\/product"}],"about":[{"href":"https:\/\/www.regionalis.shop\/huizbirn\/wp-json\/wp\/v2\/types\/product"}],"wp:featuredmedia":[{"embeddable":true,"href":"https:\/\/www.regionalis.shop\/huizbirn\/wp-json\/wp\/v2\/media\/2344"}],"wp:attachment":[{"href":"https:\/\/www.regionalis.shop\/huizbirn\/wp-json\/wp\/v2\/media?parent=2343"}],"wp:term":[{"taxonomy":"product_brand","embeddable":true,"href":"https:\/\/www.regionalis.shop\/huizbirn\/wp-json\/wp\/v2\/product_brand?post=2343"},{"taxonomy":"product_cat","embeddable":true,"href":"https:\/\/www.regionalis.shop\/huizbirn\/wp-json\/wp\/v2\/product_cat?post=2343"},{"taxonomy":"product_tag","embeddable":true,"href":"https:\/\/www.regionalis.shop\/huizbirn\/wp-json\/wp\/v2\/product_tag?post=2343"}],"curies":[{"name":"wp","href":"https:\/\/api.w.org\/{rel}","templated":true}]}}