{"id":2352,"date":"2025-04-18T01:38:04","date_gmt":"2025-04-17T23:38:04","guid":{"rendered":"https:\/\/www.regionalis.shop\/huizbirn\/product\/holz-pfannenwender-kochloeffel-ruehrloeffel-kuechenhelfer-mit-gravur-geschenk\/"},"modified":"2025-04-18T01:38:04","modified_gmt":"2025-04-17T23:38:04","slug":"holz-pfannenwender-kochloeffel-ruehrloeffel-kuechenhelfer-mit-gravur-geschenk","status":"publish","type":"product","link":"https:\/\/www.regionalis.shop\/huizbirn\/shop\/holz-pfannenwender-kochloeffel-ruehrloeffel-kuechenhelfer-mit-gravur-geschenk\/","title":{"rendered":"Holz Pfannenwender Kochl\u00f6ffel R\u00fchrl\u00f6ffel K\u00fcchenhelfer mit Gravur Geschenk"},"content":{"rendered":"<p>Holz Pfannenwender\/Kochl\u00f6ffel aus Buche mit liebevoller Gravur und gefr\u00e4stem Herz.<\/p>\n<p>Mit diesem K\u00fcchenhelfer geht das Kochen gleich leichter von der Hand und sorgt f\u00fcr gute Stimmung.<\/p>\n<p>Oberfl\u00e4che: geschliffen, Buche natur<br \/>\nL\u00e4nge: 30 cm, breiteste Stelle: 5,5 cm<\/p>\n<p>Schenken Sie sich selbst oder Ihren liebsten ein Unikat aus Holz. Egal ob zu Geburtstag, Namenstag, Ostern, Weihnachten, Hochzeit, Valentinstag, Verlobung oder anderen Anl\u00e4ssen.<\/p>\n","protected":false},"excerpt":{"rendered":"<p>Holz Pfannenwender\/Kochl\u00f6ffel aus Buche mit liebevoller Gravur und gefr\u00e4stem Herz. Mit diesem K\u00fcchenhelfer geht das Kochen gleich leichter von der Hand und sorgt f\u00fcr gute Stimmung. Oberfl\u00e4che: geschliffen, Buche natur L\u00e4nge: 30 cm, breiteste Stelle: 5,5 cm Schenken Sie sich selbst oder Ihren liebsten ein Unikat aus Holz. Egal ob zu Geburtstag, Namenstag, Ostern, Weihnachten, &hellip; <a href=\"https:\/\/www.regionalis.shop\/huizbirn\/shop\/holz-pfannenwender-kochloeffel-ruehrloeffel-kuechenhelfer-mit-gravur-geschenk\/\">Continued<\/a><\/p>\n","protected":false},"featured_media":2353,"template":"","meta":{"_acf_changed":false},"product_brand":[],"product_cat":[127,103],"product_tag":[],"class_list":{"0":"post-2352","1":"product","2":"type-product","3":"status-publish","4":"has-post-thumbnail","6":"product_cat-essen-trinken","7":"product_cat-wohnen-deko","9":"first","10":"instock","11":"purchasable","12":"product-type-simple"},"acf":[],"_links":{"self":[{"href":"https:\/\/www.regionalis.shop\/huizbirn\/wp-json\/wp\/v2\/product\/2352","targetHints":{"allow":["GET"]}}],"collection":[{"href":"https:\/\/www.regionalis.shop\/huizbirn\/wp-json\/wp\/v2\/product"}],"about":[{"href":"https:\/\/www.regionalis.shop\/huizbirn\/wp-json\/wp\/v2\/types\/product"}],"wp:featuredmedia":[{"embeddable":true,"href":"https:\/\/www.regionalis.shop\/huizbirn\/wp-json\/wp\/v2\/media\/2353"}],"wp:attachment":[{"href":"https:\/\/www.regionalis.shop\/huizbirn\/wp-json\/wp\/v2\/media?parent=2352"}],"wp:term":[{"taxonomy":"product_brand","embeddable":true,"href":"https:\/\/www.regionalis.shop\/huizbirn\/wp-json\/wp\/v2\/product_brand?post=2352"},{"taxonomy":"product_cat","embeddable":true,"href":"https:\/\/www.regionalis.shop\/huizbirn\/wp-json\/wp\/v2\/product_cat?post=2352"},{"taxonomy":"product_tag","embeddable":true,"href":"https:\/\/www.regionalis.shop\/huizbirn\/wp-json\/wp\/v2\/product_tag?post=2352"}],"curies":[{"name":"wp","href":"https:\/\/api.w.org\/{rel}","templated":true}]}}