{"id":2411,"date":"2025-04-18T00:11:45","date_gmt":"2025-04-17T22:11:45","guid":{"rendered":"https:\/\/www.regionalis.shop\/huizbirn\/product\/holz-fuellfeder-briefoeffner-set-zirbe-holz-geschenk-unikat-handmade-geschenkset\/"},"modified":"2025-04-18T00:11:45","modified_gmt":"2025-04-17T22:11:45","slug":"holz-fuellfeder-briefoeffner-set-zirbe-holz-geschenk-unikat-handmade-geschenkset","status":"publish","type":"product","link":"https:\/\/www.regionalis.shop\/huizbirn\/shop\/holz-fuellfeder-briefoeffner-set-zirbe-holz-geschenk-unikat-handmade-geschenkset\/","title":{"rendered":"Holz F\u00fcllfeder Brief\u00f6ffner Set Zirbe Holz Geschenk Unikat handmade Geschenkset"},"content":{"rendered":"<p>Handgearbeitetes Geschenkset bestehend aus\u00a0F\u00fcllfeder und Brief\u00f6ffner handgefertigt aus \u00f6sterreichischem Zirben-Holz.<\/p>\n<p>Ein absolutes Unikat, welches Seinesgleichen sucht!<\/p>\n<p>&#8211; Bausatz verchromt<br \/>\n&#8211; Holzart: Zirbe<br \/>\n&#8211; die Holzoberfl\u00e4che wurde fein geschliffen und lebensmittelecht versiegelt<br \/>\n&#8211; kinderleichte Drehmechanik<br \/>\n&#8211; L\u00e4nge: ca. 13.5 cm<br \/>\n&#8211; Platz f\u00fcr 2 Tintenpatronen<br \/>\n&#8211; Lieferung erfolgt im Geschenkkarton<br \/>\n\u00a0\u00a0<\/p>\n<p>Jedes Schreibset ist ein absolutes Unikat und ein ideales Geschenk.<\/p>\n<p>Eine tolle Geschenksidee zum Geburtstag, Weihnachten oder anderen Anlass.<\/p>\n","protected":false},"excerpt":{"rendered":"<p>Handgearbeitetes Geschenkset bestehend aus\u00a0F\u00fcllfeder und Brief\u00f6ffner handgefertigt aus \u00f6sterreichischem Zirben-Holz. Ein absolutes Unikat, welches Seinesgleichen sucht! &#8211; Bausatz verchromt &#8211; Holzart: Zirbe &#8211; die Holzoberfl\u00e4che wurde fein geschliffen und lebensmittelecht versiegelt &#8211; kinderleichte Drehmechanik &#8211; L\u00e4nge: ca. 13.5 cm &#8211; Platz f\u00fcr 2 Tintenpatronen &#8211; Lieferung erfolgt im Geschenkkarton \u00a0\u00a0 Jedes Schreibset ist ein absolutes &hellip; <a href=\"https:\/\/www.regionalis.shop\/huizbirn\/shop\/holz-fuellfeder-briefoeffner-set-zirbe-holz-geschenk-unikat-handmade-geschenkset\/\">Continued<\/a><\/p>\n","protected":false},"featured_media":2412,"template":"","meta":{"_acf_changed":false},"product_brand":[],"product_cat":[161,62],"product_tag":[],"class_list":{"0":"post-2411","1":"product","2":"type-product","3":"status-publish","4":"has-post-thumbnail","6":"product_cat-notizhefte-skizzenbuecher","7":"product_cat-papeterie-schreibwaren","9":"first","10":"instock","11":"purchasable","12":"product-type-simple"},"acf":[],"_links":{"self":[{"href":"https:\/\/www.regionalis.shop\/huizbirn\/wp-json\/wp\/v2\/product\/2411","targetHints":{"allow":["GET"]}}],"collection":[{"href":"https:\/\/www.regionalis.shop\/huizbirn\/wp-json\/wp\/v2\/product"}],"about":[{"href":"https:\/\/www.regionalis.shop\/huizbirn\/wp-json\/wp\/v2\/types\/product"}],"wp:featuredmedia":[{"embeddable":true,"href":"https:\/\/www.regionalis.shop\/huizbirn\/wp-json\/wp\/v2\/media\/2412"}],"wp:attachment":[{"href":"https:\/\/www.regionalis.shop\/huizbirn\/wp-json\/wp\/v2\/media?parent=2411"}],"wp:term":[{"taxonomy":"product_brand","embeddable":true,"href":"https:\/\/www.regionalis.shop\/huizbirn\/wp-json\/wp\/v2\/product_brand?post=2411"},{"taxonomy":"product_cat","embeddable":true,"href":"https:\/\/www.regionalis.shop\/huizbirn\/wp-json\/wp\/v2\/product_cat?post=2411"},{"taxonomy":"product_tag","embeddable":true,"href":"https:\/\/www.regionalis.shop\/huizbirn\/wp-json\/wp\/v2\/product_tag?post=2411"}],"curies":[{"name":"wp","href":"https:\/\/api.w.org\/{rel}","templated":true}]}}