{"id":2416,"date":"2025-04-18T00:11:45","date_gmt":"2025-04-17T22:11:45","guid":{"rendered":"https:\/\/www.regionalis.shop\/huizbirn\/product\/holz-fuellfeder-fueller-fuellfederhalter-briefoeffner-atlaszeder-geschenkset-handmad\/"},"modified":"2025-04-18T00:11:45","modified_gmt":"2025-04-17T22:11:45","slug":"holz-fuellfeder-fueller-fuellfederhalter-briefoeffner-atlaszeder-geschenkset-handmad","status":"publish","type":"product","link":"https:\/\/www.regionalis.shop\/huizbirn\/shop\/holz-fuellfeder-fueller-fuellfederhalter-briefoeffner-atlaszeder-geschenkset-handmad\/","title":{"rendered":"Holz F\u00fcllfeder F\u00fcller F\u00fcllfederhalter Brief\u00f6ffner Atlaszeder Geschenkset handmad"},"content":{"rendered":"<p>B\u00fcro Geschenkset aus Atlaszeder bestehend aus F\u00fcllfeder und Brief\u00f6ffner.<\/p>\n<p>Zwei wundersch\u00f6ne Unikate, handgearbeitet aus \u00f6sterreichischem Holz direkt aus der Region. Hochwertig und mit viel Liebe verarbeitet und ideal zum Verschenken.<\/p>\n<p>Material: \u00f6sterreichische Atlaszeder<br \/>\nOberfl\u00e4che: fein geschliffen &#038; ge\u00f6lt<\/p>\n<p>Gegen Aufpreis von 10 \u20ac kann das Set auch individuell graviert werden.<\/p>\n<p>Ideal auch als Weihnachtsgeschenk, wenn Sie es nachhaltig und einzigartig m\u00f6chten!<\/p>\n","protected":false},"excerpt":{"rendered":"<p>B\u00fcro Geschenkset aus Atlaszeder bestehend aus F\u00fcllfeder und Brief\u00f6ffner. Zwei wundersch\u00f6ne Unikate, handgearbeitet aus \u00f6sterreichischem Holz direkt aus der Region. Hochwertig und mit viel Liebe verarbeitet und ideal zum Verschenken. Material: \u00f6sterreichische Atlaszeder Oberfl\u00e4che: fein geschliffen &#038; ge\u00f6lt Gegen Aufpreis von 10 \u20ac kann das Set auch individuell graviert werden. Ideal auch als Weihnachtsgeschenk, wenn &hellip; <a href=\"https:\/\/www.regionalis.shop\/huizbirn\/shop\/holz-fuellfeder-fueller-fuellfederhalter-briefoeffner-atlaszeder-geschenkset-handmad\/\">Continued<\/a><\/p>\n","protected":false},"featured_media":2417,"template":"","meta":{"_acf_changed":false},"product_brand":[],"product_cat":[62,72],"product_tag":[],"class_list":{"0":"post-2416","1":"product","2":"type-product","3":"status-publish","4":"has-post-thumbnail","6":"product_cat-papeterie-schreibwaren","7":"product_cat-schreibwaren","9":"first","10":"instock","11":"purchasable","12":"product-type-simple"},"acf":[],"_links":{"self":[{"href":"https:\/\/www.regionalis.shop\/huizbirn\/wp-json\/wp\/v2\/product\/2416","targetHints":{"allow":["GET"]}}],"collection":[{"href":"https:\/\/www.regionalis.shop\/huizbirn\/wp-json\/wp\/v2\/product"}],"about":[{"href":"https:\/\/www.regionalis.shop\/huizbirn\/wp-json\/wp\/v2\/types\/product"}],"wp:featuredmedia":[{"embeddable":true,"href":"https:\/\/www.regionalis.shop\/huizbirn\/wp-json\/wp\/v2\/media\/2417"}],"wp:attachment":[{"href":"https:\/\/www.regionalis.shop\/huizbirn\/wp-json\/wp\/v2\/media?parent=2416"}],"wp:term":[{"taxonomy":"product_brand","embeddable":true,"href":"https:\/\/www.regionalis.shop\/huizbirn\/wp-json\/wp\/v2\/product_brand?post=2416"},{"taxonomy":"product_cat","embeddable":true,"href":"https:\/\/www.regionalis.shop\/huizbirn\/wp-json\/wp\/v2\/product_cat?post=2416"},{"taxonomy":"product_tag","embeddable":true,"href":"https:\/\/www.regionalis.shop\/huizbirn\/wp-json\/wp\/v2\/product_tag?post=2416"}],"curies":[{"name":"wp","href":"https:\/\/api.w.org\/{rel}","templated":true}]}}