{"id":2613,"date":"2025-04-17T23:14:47","date_gmt":"2025-04-17T21:14:47","guid":{"rendered":"https:\/\/www.regionalis.shop\/huizbirn\/product\/holz-fuellfeder-fueller-fuellfederhalter-eibe-handarbeit-geschenk-unikat\/"},"modified":"2025-04-17T23:14:47","modified_gmt":"2025-04-17T21:14:47","slug":"holz-fuellfeder-fueller-fuellfederhalter-eibe-handarbeit-geschenk-unikat","status":"publish","type":"product","link":"https:\/\/www.regionalis.shop\/huizbirn\/shop\/holz-fuellfeder-fueller-fuellfederhalter-eibe-handarbeit-geschenk-unikat\/","title":{"rendered":"Holz F\u00fcllfeder F\u00fcller F\u00fcllfederhalter Eibe Handarbeit  Geschenk Unikat"},"content":{"rendered":"<p>Handgearbeitete F\u00fcllfeder mit Schraubkappe, handgefertigt aus \u00f6sterreichischem Eiben-Holz.<\/p>\n<p>Ein absolutes Unikat!<\/p>\n<p>&#8211; Tintenkammer mit Platz f\u00fcr 2 Patronen<br \/>\n&#8211; Oberfl\u00e4che lebensmittelecht versiegel<br \/>\n&#8211; L\u00e4nge ca. 13.5 cm, Bausatz-Farbe: Silber<br \/>\n&#8211; Lieferung erfolgt im handgefertigtem Stoff-T\u00e4schchen<\/p>\n<p>Jedes Schreibger\u00e4t ist ein absolutes Unikat und ein ideales Geschenk.<\/p>\n<p>Eine tolle Geschenksidee zum Geburtstag, Weihnachten oder anderen Anlass.<\/p>\n","protected":false},"excerpt":{"rendered":"<p>Handgearbeitete F\u00fcllfeder mit Schraubkappe, handgefertigt aus \u00f6sterreichischem Eiben-Holz. Ein absolutes Unikat! &#8211; Tintenkammer mit Platz f\u00fcr 2 Patronen &#8211; Oberfl\u00e4che lebensmittelecht versiegel &#8211; L\u00e4nge ca. 13.5 cm, Bausatz-Farbe: Silber &#8211; Lieferung erfolgt im handgefertigtem Stoff-T\u00e4schchen Jedes Schreibger\u00e4t ist ein absolutes Unikat und ein ideales Geschenk. Eine tolle Geschenksidee zum Geburtstag, Weihnachten oder anderen Anlass.<\/p>\n","protected":false},"featured_media":2614,"template":"","meta":{"_acf_changed":false},"product_brand":[],"product_cat":[161,62],"product_tag":[],"class_list":{"0":"post-2613","1":"product","2":"type-product","3":"status-publish","4":"has-post-thumbnail","6":"product_cat-notizhefte-skizzenbuecher","7":"product_cat-papeterie-schreibwaren","9":"first","10":"instock","11":"purchasable","12":"product-type-simple"},"acf":[],"_links":{"self":[{"href":"https:\/\/www.regionalis.shop\/huizbirn\/wp-json\/wp\/v2\/product\/2613","targetHints":{"allow":["GET"]}}],"collection":[{"href":"https:\/\/www.regionalis.shop\/huizbirn\/wp-json\/wp\/v2\/product"}],"about":[{"href":"https:\/\/www.regionalis.shop\/huizbirn\/wp-json\/wp\/v2\/types\/product"}],"wp:featuredmedia":[{"embeddable":true,"href":"https:\/\/www.regionalis.shop\/huizbirn\/wp-json\/wp\/v2\/media\/2614"}],"wp:attachment":[{"href":"https:\/\/www.regionalis.shop\/huizbirn\/wp-json\/wp\/v2\/media?parent=2613"}],"wp:term":[{"taxonomy":"product_brand","embeddable":true,"href":"https:\/\/www.regionalis.shop\/huizbirn\/wp-json\/wp\/v2\/product_brand?post=2613"},{"taxonomy":"product_cat","embeddable":true,"href":"https:\/\/www.regionalis.shop\/huizbirn\/wp-json\/wp\/v2\/product_cat?post=2613"},{"taxonomy":"product_tag","embeddable":true,"href":"https:\/\/www.regionalis.shop\/huizbirn\/wp-json\/wp\/v2\/product_tag?post=2613"}],"curies":[{"name":"wp","href":"https:\/\/api.w.org\/{rel}","templated":true}]}}