{"id":2623,"date":"2025-04-17T23:14:01","date_gmt":"2025-04-17T21:14:01","guid":{"rendered":"https:\/\/www.regionalis.shop\/huizbirn\/product\/holz-kugelschreiber-drehkugelschreiber-eibe-fussball-unikat-handmade\/"},"modified":"2025-04-17T23:14:01","modified_gmt":"2025-04-17T21:14:01","slug":"holz-kugelschreiber-drehkugelschreiber-eibe-fussball-unikat-handmade","status":"publish","type":"product","link":"https:\/\/www.regionalis.shop\/huizbirn\/shop\/holz-kugelschreiber-drehkugelschreiber-eibe-fussball-unikat-handmade\/","title":{"rendered":"Holz Kugelschreiber Drehkugelschreiber Eibe Fu\u00dfball Unikat handmade"},"content":{"rendered":"<p>Achtung Fu\u00dfball-Fans \ud83d\ude09 Handgearbeiteter Drehkugelschreiber, handgefertigt aus \u00f6sterreichischem Eiben-Holz mit Fu\u00dfball-Applikation.<\/p>\n<p>Holzart: Eibe<br \/>\nBausatz-Farbe: gun metallic<br \/>\nOberfl\u00e4che gedrechselt, fein geschliffen und lebensmittelecht versiegelt<br \/>\nHandarbeit<br \/>\nMine wechselbar<br \/>\nLieferung erfolgt im handgefertigtem Stoff-T\u00e4schchen<br \/>\nL\u00e4nge ca. 13.5 cm<\/p>\n<p>Die Oberfl\u00e4che des Holzes wurde von Hand gedrechselt, fein geschliffen, anschlie\u00dfend ge\u00f6lt und poliert.<br \/>\nDadurch ist dauerhafter Schutz gew\u00e4hrleistet.<\/p>\n<p>Jedes Schreibger\u00e4t ist ein absolutes Unikat und ein ideales Geschenk.<\/p>\n<p>Eine tolle Geschenksidee zum Geburtstag, Weihnachten oder anderen Anlass.<\/p>\n","protected":false},"excerpt":{"rendered":"<p>Achtung Fu\u00dfball-Fans \ud83d\ude09 Handgearbeiteter Drehkugelschreiber, handgefertigt aus \u00f6sterreichischem Eiben-Holz mit Fu\u00dfball-Applikation. Holzart: Eibe Bausatz-Farbe: gun metallic Oberfl\u00e4che gedrechselt, fein geschliffen und lebensmittelecht versiegelt Handarbeit Mine wechselbar Lieferung erfolgt im handgefertigtem Stoff-T\u00e4schchen L\u00e4nge ca. 13.5 cm Die Oberfl\u00e4che des Holzes wurde von Hand gedrechselt, fein geschliffen, anschlie\u00dfend ge\u00f6lt und poliert. Dadurch ist dauerhafter Schutz gew\u00e4hrleistet. Jedes &hellip; <a href=\"https:\/\/www.regionalis.shop\/huizbirn\/shop\/holz-kugelschreiber-drehkugelschreiber-eibe-fussball-unikat-handmade\/\">Continued<\/a><\/p>\n","protected":false},"featured_media":2624,"template":"","meta":{"_acf_changed":false},"product_brand":[],"product_cat":[62,72],"product_tag":[],"class_list":{"0":"post-2623","1":"product","2":"type-product","3":"status-publish","4":"has-post-thumbnail","6":"product_cat-papeterie-schreibwaren","7":"product_cat-schreibwaren","9":"first","10":"instock","11":"purchasable","12":"product-type-simple"},"acf":[],"_links":{"self":[{"href":"https:\/\/www.regionalis.shop\/huizbirn\/wp-json\/wp\/v2\/product\/2623","targetHints":{"allow":["GET"]}}],"collection":[{"href":"https:\/\/www.regionalis.shop\/huizbirn\/wp-json\/wp\/v2\/product"}],"about":[{"href":"https:\/\/www.regionalis.shop\/huizbirn\/wp-json\/wp\/v2\/types\/product"}],"wp:featuredmedia":[{"embeddable":true,"href":"https:\/\/www.regionalis.shop\/huizbirn\/wp-json\/wp\/v2\/media\/2624"}],"wp:attachment":[{"href":"https:\/\/www.regionalis.shop\/huizbirn\/wp-json\/wp\/v2\/media?parent=2623"}],"wp:term":[{"taxonomy":"product_brand","embeddable":true,"href":"https:\/\/www.regionalis.shop\/huizbirn\/wp-json\/wp\/v2\/product_brand?post=2623"},{"taxonomy":"product_cat","embeddable":true,"href":"https:\/\/www.regionalis.shop\/huizbirn\/wp-json\/wp\/v2\/product_cat?post=2623"},{"taxonomy":"product_tag","embeddable":true,"href":"https:\/\/www.regionalis.shop\/huizbirn\/wp-json\/wp\/v2\/product_tag?post=2623"}],"curies":[{"name":"wp","href":"https:\/\/api.w.org\/{rel}","templated":true}]}}