{"id":2672,"date":"2025-04-17T23:12:08","date_gmt":"2025-04-17T21:12:08","guid":{"rendered":"https:\/\/www.regionalis.shop\/huizbirn\/product\/holz-kugelschreiber-drehkugelschreiber-esche-handmade\/"},"modified":"2025-04-17T23:12:08","modified_gmt":"2025-04-17T21:12:08","slug":"holz-kugelschreiber-drehkugelschreiber-esche-handmade","status":"publish","type":"product","link":"https:\/\/www.regionalis.shop\/huizbirn\/shop\/holz-kugelschreiber-drehkugelschreiber-esche-handmade\/","title":{"rendered":"Holz Kugelschreiber Drehkugelschreiber Esche handmade"},"content":{"rendered":"<p>Handgearbeiteter Kugelschreiber, handgefertigt aus \u00f6sterreichischem Eschen-Holz.<br \/>\nDas Holz stammt aus \u00d6sterreich. Genauer gesagt aus dem oststeirischen Wechselland.<\/p>\n<p>Ein absolutes Unikat!<\/p>\n<p>&#8211; L\u00e4nge ca. 13.5 cm, Bausatz Farbe gun metallic<br \/>\n&#8211; Mine problemlos wechselbar<br \/>\n&#8211; Tintenfarbe schwarz<br \/>\n&#8211; Lieferung erfolgt im handgefertigtem Stoff-T\u00e4schchen<br \/>\n\u00a0\u00a0 \u00a0<br \/>\nDie Oberfl\u00e4che des Holzes wurde fein geschliffen, lebensmittelecht ge\u00f6lt &#038; versiegelt sowie poliert.<br \/>\nDadurch ist dauerhafter Schutz gew\u00e4hrleistet.<\/p>\n<p>Jeder Kugelschreiber ist ein absolutes Unikat und ein ideales Geschenk.<\/p>\n<p>Eine tolle Geschenksidee zum Geburtstag, Weihnachten oder anderen Anlass.<\/p>\n","protected":false},"excerpt":{"rendered":"<p>Handgearbeiteter Kugelschreiber, handgefertigt aus \u00f6sterreichischem Eschen-Holz. Das Holz stammt aus \u00d6sterreich. Genauer gesagt aus dem oststeirischen Wechselland. Ein absolutes Unikat! &#8211; L\u00e4nge ca. 13.5 cm, Bausatz Farbe gun metallic &#8211; Mine problemlos wechselbar &#8211; Tintenfarbe schwarz &#8211; Lieferung erfolgt im handgefertigtem Stoff-T\u00e4schchen \u00a0\u00a0 \u00a0 Die Oberfl\u00e4che des Holzes wurde fein geschliffen, lebensmittelecht ge\u00f6lt &#038; versiegelt &hellip; <a href=\"https:\/\/www.regionalis.shop\/huizbirn\/shop\/holz-kugelschreiber-drehkugelschreiber-esche-handmade\/\">Continued<\/a><\/p>\n","protected":false},"featured_media":2673,"template":"","meta":{"_acf_changed":false},"product_brand":[],"product_cat":[161,62],"product_tag":[],"class_list":{"0":"post-2672","1":"product","2":"type-product","3":"status-publish","4":"has-post-thumbnail","6":"product_cat-notizhefte-skizzenbuecher","7":"product_cat-papeterie-schreibwaren","9":"first","10":"instock","11":"purchasable","12":"product-type-simple"},"acf":[],"_links":{"self":[{"href":"https:\/\/www.regionalis.shop\/huizbirn\/wp-json\/wp\/v2\/product\/2672","targetHints":{"allow":["GET"]}}],"collection":[{"href":"https:\/\/www.regionalis.shop\/huizbirn\/wp-json\/wp\/v2\/product"}],"about":[{"href":"https:\/\/www.regionalis.shop\/huizbirn\/wp-json\/wp\/v2\/types\/product"}],"wp:featuredmedia":[{"embeddable":true,"href":"https:\/\/www.regionalis.shop\/huizbirn\/wp-json\/wp\/v2\/media\/2673"}],"wp:attachment":[{"href":"https:\/\/www.regionalis.shop\/huizbirn\/wp-json\/wp\/v2\/media?parent=2672"}],"wp:term":[{"taxonomy":"product_brand","embeddable":true,"href":"https:\/\/www.regionalis.shop\/huizbirn\/wp-json\/wp\/v2\/product_brand?post=2672"},{"taxonomy":"product_cat","embeddable":true,"href":"https:\/\/www.regionalis.shop\/huizbirn\/wp-json\/wp\/v2\/product_cat?post=2672"},{"taxonomy":"product_tag","embeddable":true,"href":"https:\/\/www.regionalis.shop\/huizbirn\/wp-json\/wp\/v2\/product_tag?post=2672"}],"curies":[{"name":"wp","href":"https:\/\/api.w.org\/{rel}","templated":true}]}}