{"id":862,"date":"2025-05-24T13:44:06","date_gmt":"2025-05-24T11:44:06","guid":{"rendered":"https:\/\/starter.stage.shop-it.at\/?page_id=862"},"modified":"2025-10-23T15:21:37","modified_gmt":"2025-10-23T13:21:37","slug":"startseite","status":"publish","type":"page","link":"https:\/\/www.regionalis.shop\/jb-kreativ-boutique\/","title":{"rendered":"Startseite"},"content":{"rendered":"<section>\n        <div class=\"header-image\">\n            <img decoding=\"async\" src=\"https:\/\/www.regionalis.shop\/app\/uploads\/sites\/278\/4257_2021_07_23_12_48_17_723765870.png\" alt=\"\">\n        <\/div>\n    \n    <\/section>\n    <section>\n    <div class=\"header-title\">\n        <h1 class=\"h2\">Willkommen bei JB Kreativ-Boutique<\/h1>\n    <\/div>\n            <h2 class=\"h3\">Handgemacht in St. P\u00f6lten<\/h2>\n                <p>&#8211;Aquarell &#038; Handlettering sind meine Leidenschaft.&#8211;<\/p>\n<p>In meinem Regionalis-Shop findest du eine kleine Auswahl meiner Produkte: Geburtsbilder, T\u00fcrschilder, Monogramme und Gru\u00df-\/Postkarten.<br \/>\nGr\u00f6\u00dfe, Farben, Motive (z.B. Tiere, Blumen&#8230;), Spr\u00fcche\u2026. (fast) alles kann individualisiert und nach Deinen W\u00fcnschen gestaltet werden. <\/p>\n<p>Alle meine Bilder sind Unikate und werden h\u00e4ndisch von mir gemalt. Ich m\u00f6chte Dir garantieren, dass mein Kunstwerk genau Deinen Vorstellungen entspricht und biete daher keine Drucke an.<\/p>\n<p>\/\/Gerne stehe ich Dir auch f\u00fcr Deine individuelle Anfrage jederzeit zur Verf\u00fcgung!\/\/<\/p>\n\n    \n    <h3>Produkte<\/h3>\n\n    <div class=\"woocommerce columns-3 \"><ul class=\"products columns-3\">\n<li class=\"product type-product post-1053 status-publish first instock product_cat-baby-kinder product_cat-kinderzimmer has-post-thumbnail purchasable product-type-simple\">\n\t<a href=\"https:\/\/www.regionalis.shop\/jb-kreativ-boutique\/shop\/tuerschild-dschungel\/\" class=\"woocommerce-LoopProduct-link woocommerce-loop-product__link\"><div class=\"wc-block-grid__product-image\"><img loading=\"lazy\" decoding=\"async\" width=\"420\" height=\"420\" src=\"https:\/\/www.regionalis.shop\/app\/uploads\/sites\/278\/4257_2021_07_23_12_13_30_382193065.jpg\" class=\"attachment-large size-large\" alt=\"T\u00fcrschild &quot;Dschungel&quot;\" srcset=\"https:\/\/www.regionalis.shop\/app\/uploads\/sites\/278\/4257_2021_07_23_12_13_30_382193065.jpg 420w, https:\/\/www.regionalis.shop\/app\/uploads\/sites\/278\/4257_2021_07_23_12_13_30_382193065-300x300.jpg 300w, https:\/\/www.regionalis.shop\/app\/uploads\/sites\/278\/4257_2021_07_23_12_13_30_382193065-150x150.jpg 150w, https:\/\/www.regionalis.shop\/app\/uploads\/sites\/278\/4257_2021_07_23_12_13_30_382193065-100x100.jpg 100w\" sizes=\"auto, (max-width: 420px) 100vw, 420px\" \/><\/div><h2 class=\"woocommerce-loop-product__title\">T\u00fcrschild &#8222;Dschungel&#8220;<\/h2>\n\t<span class=\"price\"><span class=\"woocommerce-Price-amount amount\"><bdi>45,00&nbsp;<span class=\"woocommerce-Price-currencySymbol\">&euro;<\/span><\/bdi><\/span><\/span>\n<\/a><\/li>\n<\/ul>\n<\/div>\n    <p>\n        <a href=\"https:\/\/www.regionalis.shop\/jb-kreativ-boutique\/shop\/\" class=\"btn btn-primary btn-icon-right\">\n            Alle Produkte <i class=\"bi bi-arrow-right-short\"><\/i>\n        <\/a>\n    <\/p>\n<\/section>\n\n<div data-block-name=\"woocommerce\/store-notices\" class=\"wc-block-store-notices woocommerce alignwide alignwide wp-block-woocommerce-store-notices\"><div class=\"woocommerce-notices-wrapper\"><\/div><\/div>","protected":false},"excerpt":{"rendered":"","protected":false},"author":1,"featured_media":0,"parent":0,"menu_order":0,"comment_status":"closed","ping_status":"closed","template":"template-home.blade.php","meta":{"_acf_changed":false,"footnotes":""},"class_list":["post-862","page","type-page","status-publish","hentry"],"acf":[],"_links":{"self":[{"href":"https:\/\/www.regionalis.shop\/jb-kreativ-boutique\/wp-json\/wp\/v2\/pages\/862","targetHints":{"allow":["GET"]}}],"collection":[{"href":"https:\/\/www.regionalis.shop\/jb-kreativ-boutique\/wp-json\/wp\/v2\/pages"}],"about":[{"href":"https:\/\/www.regionalis.shop\/jb-kreativ-boutique\/wp-json\/wp\/v2\/types\/page"}],"author":[{"embeddable":true,"href":"https:\/\/www.regionalis.shop\/jb-kreativ-boutique\/wp-json\/wp\/v2\/users\/1"}],"replies":[{"embeddable":true,"href":"https:\/\/www.regionalis.shop\/jb-kreativ-boutique\/wp-json\/wp\/v2\/comments?post=862"}],"version-history":[{"count":28,"href":"https:\/\/www.regionalis.shop\/jb-kreativ-boutique\/wp-json\/wp\/v2\/pages\/862\/revisions"}],"predecessor-version":[{"id":1041,"href":"https:\/\/www.regionalis.shop\/jb-kreativ-boutique\/wp-json\/wp\/v2\/pages\/862\/revisions\/1041"}],"wp:attachment":[{"href":"https:\/\/www.regionalis.shop\/jb-kreativ-boutique\/wp-json\/wp\/v2\/media?parent=862"}],"curies":[{"name":"wp","href":"https:\/\/api.w.org\/{rel}","templated":true}]}}