{"id":1197,"date":"2025-11-13T13:09:30","date_gmt":"2025-11-13T12:09:30","guid":{"rendered":"https:\/\/www.regionalis.shop\/jf-design\/?post_type=product&#038;p=1197"},"modified":"2025-11-13T13:15:19","modified_gmt":"2025-11-13T12:15:19","slug":"grusskarten-wienermehlspeisen","status":"publish","type":"product","link":"https:\/\/www.regionalis.shop\/jf-design\/shop\/grusskarten-wienermehlspeisen\/","title":{"rendered":"Gru\u00dfkarten-Set \u201eWiener Mehlspeisen\u201d"},"content":{"rendered":"<p>K\u00f6stliche Karten zum verschenken: <strong>Wiener Mehlspeisen im \u00dcberblick<\/strong><\/p>\n<p>Diese Karten sind Drucke von meinen handgezeichneten Aquarellen und geben einen k\u00f6stlichen \u00dcberblick \u00fcber die Wiener Mehlspeisen die in keinem Kaffeehaus fehlen d\u00fcrfen: Esterh\u00e1zytorte, Guglhupf, Schaumrollen, Linzer Torte, Punschkrapfen und Sachertorte.Zus\u00e4tzlich finden sich auf den Karten Rezeptinfos, Geschichtliches und fun facts.Innen sind die Karten wei\u00df, perfekt f\u00fcr eine liebevolle Nachricht.<\/p>\n<p>* * *<br \/>\nDesign: JF Design \/ Judit Fortelny<br \/>\nPapier 220g Premiumkarton<br \/>\nFormat: A6 Hergestellt in \u00d6sterreich<br \/>\nKarten werden einzeln in Cellophanh\u00fcllen verpackt<br \/>\nmit passenden Kraftpapier-Kuverts geliefert<\/p>\n<p>* * *<\/p>\n","protected":false},"excerpt":{"rendered":"<p>K\u00f6stliche Karten zum verschenken: Wiener Mehlspeisen im \u00dcberblick Diese Karten sind Drucke von meinen handgezeichneten Aquarellen und geben einen k\u00f6stlichen \u00dcberblick \u00fcber die Wiener Mehlspeisen die in keinem Kaffeehaus fehlen d\u00fcrfen: Esterh\u00e1zytorte, Guglhupf, Schaumrollen, Linzer Torte, Punschkrapfen und Sachertorte.Zus\u00e4tzlich finden sich auf den Karten Rezeptinfos, Geschichtliches und fun facts.Innen sind die Karten wei\u00df, perfekt f\u00fcr &hellip; <a href=\"https:\/\/www.regionalis.shop\/jf-design\/shop\/grusskarten-wienermehlspeisen\/\">Continued<\/a><\/p>\n","protected":false},"featured_media":1201,"template":"","meta":{"_acf_changed":false},"product_brand":[],"product_cat":[134,62],"product_tag":[199,201,178,200,207,196,202,198,190],"class_list":{"0":"post-1197","1":"product","2":"type-product","3":"status-publish","4":"has-post-thumbnail","6":"product_cat-geschenk-gruskarten","7":"product_cat-papeterie-schreibwaren","8":"product_tag-einweihungskarte","9":"product_tag-essen-und-trinken","10":"product_tag-geschenkidee-baecker","11":"product_tag-grusskarte","12":"product_tag-grusskarte-schaumrollen","13":"product_tag-grusskarte-wiener-mehlspeisen","14":"product_tag-kaffee-und-kuchen","15":"product_tag-kochen-und-backen","16":"product_tag-wiener-kaffeehaus","18":"first","19":"instock","20":"purchasable","21":"product-type-simple"},"acf":[],"_links":{"self":[{"href":"https:\/\/www.regionalis.shop\/jf-design\/wp-json\/wp\/v2\/product\/1197","targetHints":{"allow":["GET"]}}],"collection":[{"href":"https:\/\/www.regionalis.shop\/jf-design\/wp-json\/wp\/v2\/product"}],"about":[{"href":"https:\/\/www.regionalis.shop\/jf-design\/wp-json\/wp\/v2\/types\/product"}],"wp:featuredmedia":[{"embeddable":true,"href":"https:\/\/www.regionalis.shop\/jf-design\/wp-json\/wp\/v2\/media\/1201"}],"wp:attachment":[{"href":"https:\/\/www.regionalis.shop\/jf-design\/wp-json\/wp\/v2\/media?parent=1197"}],"wp:term":[{"taxonomy":"product_brand","embeddable":true,"href":"https:\/\/www.regionalis.shop\/jf-design\/wp-json\/wp\/v2\/product_brand?post=1197"},{"taxonomy":"product_cat","embeddable":true,"href":"https:\/\/www.regionalis.shop\/jf-design\/wp-json\/wp\/v2\/product_cat?post=1197"},{"taxonomy":"product_tag","embeddable":true,"href":"https:\/\/www.regionalis.shop\/jf-design\/wp-json\/wp\/v2\/product_tag?post=1197"}],"curies":[{"name":"wp","href":"https:\/\/api.w.org\/{rel}","templated":true}]}}