{"id":1267,"date":"2025-11-13T14:08:11","date_gmt":"2025-11-13T13:08:11","guid":{"rendered":"https:\/\/www.regionalis.shop\/jf-design\/?post_type=product&#038;p=1267"},"modified":"2025-11-13T14:09:35","modified_gmt":"2025-11-13T13:09:35","slug":"grusskarte-emiliefloege","status":"publish","type":"product","link":"https:\/\/www.regionalis.shop\/jf-design\/shop\/grusskarte-emiliefloege\/","title":{"rendered":"Gru\u00dfkarte Portrait Emilie Fl\u00f6ge"},"content":{"rendered":"<p>Gru\u00dfkarte starke Frauen<br \/>\nPortrait Emilie Fl\u00f6ge<\/p>\n<p>Lass dich von den Geschichten von starken Wiener Frauen inspirieren! Diese Karte zeigt ein Portrait der Modedesignerin Emilie Fl\u00f6ge \u2013 ihre bemerkenswerte und inspirierende Lebensgeschichte ist auf der R\u00fcckseite abgedruckt.<\/p>\n<p>* * *<br \/>\nDesign: JF Design \/ Judit Fortelny<br \/>\nPapier 220g Premiumkarton<br \/>\nFormat: A6<br \/>\nHergestellt in \u00d6sterreich<br \/>\nKarte wird sch\u00f6n verpackt mit passendem Kuvert geliefert<\/p>\n","protected":false},"excerpt":{"rendered":"<p>Gru\u00dfkarte starke Frauen Portrait Emilie Fl\u00f6ge Lass dich von den Geschichten von starken Wiener Frauen inspirieren! Diese Karte zeigt ein Portrait der Modedesignerin Emilie Fl\u00f6ge \u2013 ihre bemerkenswerte und inspirierende Lebensgeschichte ist auf der R\u00fcckseite abgedruckt. * * * Design: JF Design \/ Judit Fortelny Papier 220g Premiumkarton Format: A6 Hergestellt in \u00d6sterreich Karte wird &hellip; <a href=\"https:\/\/www.regionalis.shop\/jf-design\/shop\/grusskarte-emiliefloege\/\">Continued<\/a><\/p>\n","protected":false},"featured_media":1138,"template":"","meta":{"_acf_changed":false},"product_brand":[],"product_cat":[134,62],"product_tag":[187,283,228,200,285,258,280,279,278],"class_list":{"0":"post-1267","1":"product","2":"type-product","3":"status-publish","4":"has-post-thumbnail","6":"product_cat-geschenk-gruskarten","7":"product_cat-papeterie-schreibwaren","8":"product_tag-aquarell-illustration","9":"product_tag-emilie-floege","10":"product_tag-glueckwunschkarte","11":"product_tag-grusskarte","12":"product_tag-grusskarte-beste-freundin","13":"product_tag-grusskarte-freunde","14":"product_tag-portraits-frauen","15":"product_tag-starke-frauen","16":"product_tag-wiener-frauen","18":"first","19":"instock","20":"purchasable","21":"product-type-simple"},"acf":[],"_links":{"self":[{"href":"https:\/\/www.regionalis.shop\/jf-design\/wp-json\/wp\/v2\/product\/1267","targetHints":{"allow":["GET"]}}],"collection":[{"href":"https:\/\/www.regionalis.shop\/jf-design\/wp-json\/wp\/v2\/product"}],"about":[{"href":"https:\/\/www.regionalis.shop\/jf-design\/wp-json\/wp\/v2\/types\/product"}],"wp:featuredmedia":[{"embeddable":true,"href":"https:\/\/www.regionalis.shop\/jf-design\/wp-json\/wp\/v2\/media\/1138"}],"wp:attachment":[{"href":"https:\/\/www.regionalis.shop\/jf-design\/wp-json\/wp\/v2\/media?parent=1267"}],"wp:term":[{"taxonomy":"product_brand","embeddable":true,"href":"https:\/\/www.regionalis.shop\/jf-design\/wp-json\/wp\/v2\/product_brand?post=1267"},{"taxonomy":"product_cat","embeddable":true,"href":"https:\/\/www.regionalis.shop\/jf-design\/wp-json\/wp\/v2\/product_cat?post=1267"},{"taxonomy":"product_tag","embeddable":true,"href":"https:\/\/www.regionalis.shop\/jf-design\/wp-json\/wp\/v2\/product_tag?post=1267"}],"curies":[{"name":"wp","href":"https:\/\/api.w.org\/{rel}","templated":true}]}}