{"id":1278,"date":"2025-11-13T14:18:10","date_gmt":"2025-11-13T13:18:10","guid":{"rendered":"https:\/\/www.regionalis.shop\/jf-design\/?post_type=product&#038;p=1278"},"modified":"2025-11-13T14:19:41","modified_gmt":"2025-11-13T13:19:41","slug":"vogel-grusskarte-specht","status":"publish","type":"product","link":"https:\/\/www.regionalis.shop\/jf-design\/shop\/vogel-grusskarte-specht\/","title":{"rendered":"Vogel-Gru\u00dfkarte Specht"},"content":{"rendered":"<p>A6 Vogel-Gru\u00dfkarte inkl. Kuvert<\/p>\n<p>Diese Gru\u00dfkarte mit einem zarten Aquarell-Specht ist f\u00fcr jeden Anlass passend &#8211; ob zum Geburtstag, als Gl\u00fcckwunschkarte zur Hochzeit, f\u00fcr die Brautjungfern, das Taufkind oder einfach so!<\/p>\n<p>Innen ist die Karte wei\u00df, perfekt f\u00fcr eine liebevolle Nachricht. Die Karte wird elegant verpackt mit passendem Kuvert geliefert.<\/p>\n<p>* * *<br \/>\nDesign: JF Design \/ Judit Fortelny<br \/>\nPapier 220g Premiumkarton<br \/>\nFormat: A6<br \/>\nHergestellt in \u00d6sterreich<br \/>\nKarte wird sch\u00f6n verpackt mit passendem Kuvert geliefert<\/p>\n","protected":false},"excerpt":{"rendered":"<p>A6 Vogel-Gru\u00dfkarte inkl. Kuvert Diese Gru\u00dfkarte mit einem zarten Aquarell-Specht ist f\u00fcr jeden Anlass passend &#8211; ob zum Geburtstag, als Gl\u00fcckwunschkarte zur Hochzeit, f\u00fcr die Brautjungfern, das Taufkind oder einfach so! Innen ist die Karte wei\u00df, perfekt f\u00fcr eine liebevolle Nachricht. Die Karte wird elegant verpackt mit passendem Kuvert geliefert. * * * Design: JF &hellip; <a href=\"https:\/\/www.regionalis.shop\/jf-design\/shop\/vogel-grusskarte-specht\/\">Continued<\/a><\/p>\n","protected":false},"featured_media":1279,"template":"","meta":{"_acf_changed":false},"product_brand":[],"product_cat":[134,62],"product_tag":[187,218,228,200,258,261,262,237,292,254],"class_list":{"0":"post-1278","1":"product","2":"type-product","3":"status-publish","4":"has-post-thumbnail","6":"product_cat-geschenk-gruskarten","7":"product_cat-papeterie-schreibwaren","8":"product_tag-aquarell-illustration","9":"product_tag-geburtstagskarte","10":"product_tag-glueckwunschkarte","11":"product_tag-grusskarte","12":"product_tag-grusskarte-freunde","13":"product_tag-grusskarte-vogel","14":"product_tag-heimische-voegel","15":"product_tag-herzlichen-glueckwunsch","16":"product_tag-karte-specht","17":"product_tag-minimalistische-karte","19":"first","20":"instock","21":"purchasable","22":"product-type-simple"},"acf":[],"_links":{"self":[{"href":"https:\/\/www.regionalis.shop\/jf-design\/wp-json\/wp\/v2\/product\/1278","targetHints":{"allow":["GET"]}}],"collection":[{"href":"https:\/\/www.regionalis.shop\/jf-design\/wp-json\/wp\/v2\/product"}],"about":[{"href":"https:\/\/www.regionalis.shop\/jf-design\/wp-json\/wp\/v2\/types\/product"}],"wp:featuredmedia":[{"embeddable":true,"href":"https:\/\/www.regionalis.shop\/jf-design\/wp-json\/wp\/v2\/media\/1279"}],"wp:attachment":[{"href":"https:\/\/www.regionalis.shop\/jf-design\/wp-json\/wp\/v2\/media?parent=1278"}],"wp:term":[{"taxonomy":"product_brand","embeddable":true,"href":"https:\/\/www.regionalis.shop\/jf-design\/wp-json\/wp\/v2\/product_brand?post=1278"},{"taxonomy":"product_cat","embeddable":true,"href":"https:\/\/www.regionalis.shop\/jf-design\/wp-json\/wp\/v2\/product_cat?post=1278"},{"taxonomy":"product_tag","embeddable":true,"href":"https:\/\/www.regionalis.shop\/jf-design\/wp-json\/wp\/v2\/product_tag?post=1278"}],"curies":[{"name":"wp","href":"https:\/\/api.w.org\/{rel}","templated":true}]}}