{"id":1216,"date":"2025-12-10T11:17:42","date_gmt":"2025-12-10T10:17:42","guid":{"rendered":"https:\/\/www.regionalis.shop\/jtrecycling\/?post_type=product&#038;p=1216"},"modified":"2025-12-14T14:08:08","modified_gmt":"2025-12-14T13:08:08","slug":"bigbag-shopper-jeanstasche-blau","status":"publish","type":"product","link":"https:\/\/www.regionalis.shop\/jtrecycling\/shop\/taschen\/handtaschen\/bigbag-shopper-jeanstasche-blau\/","title":{"rendered":"bigBAG Shopper &#8211; Jeanstasche blau"},"content":{"rendered":"<p>Gro\u00dfe Jeanstasche mit vielen Details. 42 cm hoch, 41 cm breit, Innenfutter hellgrau, 2 Einschubf\u00e4cher innen, 2 Schl\u00fcsselschlaufen mit Mini-Karabiner, 2 abnehmbare Tragegurte, waschbar bei 30\u00b0C<\/p>\n","protected":false},"excerpt":{"rendered":"<p>Gro\u00dfe Jeanstasche mit vielen Details. 42 cm hoch, 41 cm breit, Innenfutter hellgrau, 2 Einschubf\u00e4cher innen, 2 Schl\u00fcsselschlaufen mit Mini-Karabiner, 2 abnehmbare Tragegurte, waschbar bei 30\u00b0C<\/p>\n","protected":false},"featured_media":1218,"template":"","meta":{"_acf_changed":false},"product_brand":[],"product_cat":[142,168,95],"product_tag":[],"class_list":{"0":"post-1216","1":"product","2":"type-product","3":"status-publish","4":"has-post-thumbnail","6":"product_cat-handtaschen","7":"product_cat-sonstiges-taschen","8":"product_cat-taschen","10":"first","11":"instock","12":"sold-individually","13":"purchasable","14":"product-type-simple"},"acf":[],"_links":{"self":[{"href":"https:\/\/www.regionalis.shop\/jtrecycling\/wp-json\/wp\/v2\/product\/1216","targetHints":{"allow":["GET"]}}],"collection":[{"href":"https:\/\/www.regionalis.shop\/jtrecycling\/wp-json\/wp\/v2\/product"}],"about":[{"href":"https:\/\/www.regionalis.shop\/jtrecycling\/wp-json\/wp\/v2\/types\/product"}],"wp:featuredmedia":[{"embeddable":true,"href":"https:\/\/www.regionalis.shop\/jtrecycling\/wp-json\/wp\/v2\/media\/1218"}],"wp:attachment":[{"href":"https:\/\/www.regionalis.shop\/jtrecycling\/wp-json\/wp\/v2\/media?parent=1216"}],"wp:term":[{"taxonomy":"product_brand","embeddable":true,"href":"https:\/\/www.regionalis.shop\/jtrecycling\/wp-json\/wp\/v2\/product_brand?post=1216"},{"taxonomy":"product_cat","embeddable":true,"href":"https:\/\/www.regionalis.shop\/jtrecycling\/wp-json\/wp\/v2\/product_cat?post=1216"},{"taxonomy":"product_tag","embeddable":true,"href":"https:\/\/www.regionalis.shop\/jtrecycling\/wp-json\/wp\/v2\/product_tag?post=1216"}],"curies":[{"name":"wp","href":"https:\/\/api.w.org\/{rel}","templated":true}]}}