{"id":1060,"date":"2025-04-18T02:04:27","date_gmt":"2025-04-18T00:04:27","guid":{"rendered":"https:\/\/www.regionalis.shop\/kaeferlicht\/product\/babys-erste-meilensteine-set-mit-28-froehlichen-karten-fuer-maedchen-und-jungs\/"},"modified":"2025-04-18T02:04:27","modified_gmt":"2025-04-18T00:04:27","slug":"babys-erste-meilensteine-set-mit-28-froehlichen-karten-fuer-maedchen-und-jungs","status":"publish","type":"product","link":"https:\/\/www.regionalis.shop\/kaeferlicht\/shop\/babys-erste-meilensteine-set-mit-28-froehlichen-karten-fuer-maedchen-und-jungs\/","title":{"rendered":"Babys erste Meilensteine &#8211; Set mit 28 fr\u00f6hlichen Karten (f\u00fcr M\u00e4dchen und Jungs)"},"content":{"rendered":"<p>Sch\u00f6ne Geschenkidee zur Geburt.<\/p>\n<p>Auf der Vorderseite der Karten stehen Babys erste Meilensteine (vom ersten Tag &#8222;Hallo Welt&#8220;, \u00fcber die ersten Wochen und Monate bis zum ersten Geburtstag. Das erste L\u00e4cheln, Bad, Weihnachtsfest, Umdrehen, die ersten Krabbelversuche, Z\u00e4hne, Schritte u.v.m. k\u00f6nnen festgehalten werden. Insgesamt 28 Karten).<br \/>\nDie R\u00fcckseite ist unbedruckt f\u00fcr Notizen zum Tag (Datum&#8230;).<\/p>\n<p>Die Karten eignen sich perfekt als Fotorequisite f\u00fcr die jeweiligen Meilensteine.<\/p>\n<p>Die Karten wurden auf hochwertigem 300 g\/m\u00b2 Papier gedruckt und sind im DIN A6 Format (10,5 x 14,8 cm).<br \/>\nEingepackt sind sie in einer wiederverschlie\u00dfbaren Schachtel.<\/p>\n","protected":false},"excerpt":{"rendered":"<p>Sch\u00f6ne Geschenkidee zur Geburt. Auf der Vorderseite der Karten stehen Babys erste Meilensteine (vom ersten Tag &#8222;Hallo Welt&#8220;, \u00fcber die ersten Wochen und Monate bis zum ersten Geburtstag. Das erste L\u00e4cheln, Bad, Weihnachtsfest, Umdrehen, die ersten Krabbelversuche, Z\u00e4hne, Schritte u.v.m. k\u00f6nnen festgehalten werden. Insgesamt 28 Karten). Die R\u00fcckseite ist unbedruckt f\u00fcr Notizen zum Tag (Datum&#8230;). &hellip; <a href=\"https:\/\/www.regionalis.shop\/kaeferlicht\/shop\/babys-erste-meilensteine-set-mit-28-froehlichen-karten-fuer-maedchen-und-jungs\/\">Continued<\/a><\/p>\n","protected":false},"featured_media":1061,"template":"","meta":{"_acf_changed":false},"product_brand":[],"product_cat":[107,38],"product_tag":[],"class_list":{"0":"post-1060","1":"product","2":"type-product","3":"status-publish","4":"has-post-thumbnail","6":"product_cat-accessoires-baby-kinder","7":"product_cat-baby-kinder","9":"first","10":"instock","11":"purchasable","12":"product-type-simple"},"acf":[],"_links":{"self":[{"href":"https:\/\/www.regionalis.shop\/kaeferlicht\/wp-json\/wp\/v2\/product\/1060","targetHints":{"allow":["GET"]}}],"collection":[{"href":"https:\/\/www.regionalis.shop\/kaeferlicht\/wp-json\/wp\/v2\/product"}],"about":[{"href":"https:\/\/www.regionalis.shop\/kaeferlicht\/wp-json\/wp\/v2\/types\/product"}],"wp:featuredmedia":[{"embeddable":true,"href":"https:\/\/www.regionalis.shop\/kaeferlicht\/wp-json\/wp\/v2\/media\/1061"}],"wp:attachment":[{"href":"https:\/\/www.regionalis.shop\/kaeferlicht\/wp-json\/wp\/v2\/media?parent=1060"}],"wp:term":[{"taxonomy":"product_brand","embeddable":true,"href":"https:\/\/www.regionalis.shop\/kaeferlicht\/wp-json\/wp\/v2\/product_brand?post=1060"},{"taxonomy":"product_cat","embeddable":true,"href":"https:\/\/www.regionalis.shop\/kaeferlicht\/wp-json\/wp\/v2\/product_cat?post=1060"},{"taxonomy":"product_tag","embeddable":true,"href":"https:\/\/www.regionalis.shop\/kaeferlicht\/wp-json\/wp\/v2\/product_tag?post=1060"}],"curies":[{"name":"wp","href":"https:\/\/api.w.org\/{rel}","templated":true}]}}