{"id":1057,"date":"2025-04-18T12:13:56","date_gmt":"2025-04-18T10:13:56","guid":{"rendered":"https:\/\/www.regionalis.shop\/katharina-hagen-lebensfreude\/product\/filztasche-alleskoennerin\/"},"modified":"2025-04-18T12:13:56","modified_gmt":"2025-04-18T10:13:56","slug":"filztasche-alleskoennerin","status":"publish","type":"product","link":"https:\/\/www.regionalis.shop\/katharina-hagen-lebensfreude\/shop\/filztasche-alleskoennerin\/","title":{"rendered":"Filztasche Allesk\u00f6nnerin"},"content":{"rendered":"<p>&#8211;Filztasche&#8211;<\/p>\n<p>Ideal zum Einkaufen oder sonstigen Aktivit\u00e4ten. Sie hat eine wirklich praktische Gr\u00f6\u00dfe!<br \/>\nDie Vorderseite ist w\u00e4hlbar in Hellgrau oder Dunkelgrau, die Seiten in verschiedenen Farben wie gr\u00fcn, t\u00fcrkis, pink oder hellgrau.<\/p>\n<p>Schrift standardm\u00e4\u00dfig schwarz (auf hellgrau) oder wei\u00df (auf dunkelgrau)<br \/>\nFarbenwunsch kann gerne bekannt gegeben werden.<\/p>\n<p>B: 35 cm<br \/>\nH: 30 cm<br \/>\nT: 20 cm<\/p>\n","protected":false},"excerpt":{"rendered":"<p>&#8211;Filztasche&#8211; Ideal zum Einkaufen oder sonstigen Aktivit\u00e4ten. Sie hat eine wirklich praktische Gr\u00f6\u00dfe! Die Vorderseite ist w\u00e4hlbar in Hellgrau oder Dunkelgrau, die Seiten in verschiedenen Farben wie gr\u00fcn, t\u00fcrkis, pink oder hellgrau. Schrift standardm\u00e4\u00dfig schwarz (auf hellgrau) oder wei\u00df (auf dunkelgrau) Farbenwunsch kann gerne bekannt gegeben werden. B: 35 cm H: 30 cm T: 20 &hellip; <a href=\"https:\/\/www.regionalis.shop\/katharina-hagen-lebensfreude\/shop\/filztasche-alleskoennerin\/\">Continued<\/a><\/p>\n","protected":false},"featured_media":1058,"template":"","meta":{"_acf_changed":false},"product_brand":[],"product_cat":[171,95],"product_tag":[],"class_list":{"0":"post-1057","1":"product","2":"type-product","3":"status-publish","4":"has-post-thumbnail","6":"product_cat-stoffsackerl-einkaufstaschen","7":"product_cat-taschen","9":"first","10":"instock","11":"purchasable","12":"product-type-simple"},"acf":[],"_links":{"self":[{"href":"https:\/\/www.regionalis.shop\/katharina-hagen-lebensfreude\/wp-json\/wp\/v2\/product\/1057","targetHints":{"allow":["GET"]}}],"collection":[{"href":"https:\/\/www.regionalis.shop\/katharina-hagen-lebensfreude\/wp-json\/wp\/v2\/product"}],"about":[{"href":"https:\/\/www.regionalis.shop\/katharina-hagen-lebensfreude\/wp-json\/wp\/v2\/types\/product"}],"wp:featuredmedia":[{"embeddable":true,"href":"https:\/\/www.regionalis.shop\/katharina-hagen-lebensfreude\/wp-json\/wp\/v2\/media\/1058"}],"wp:attachment":[{"href":"https:\/\/www.regionalis.shop\/katharina-hagen-lebensfreude\/wp-json\/wp\/v2\/media?parent=1057"}],"wp:term":[{"taxonomy":"product_brand","embeddable":true,"href":"https:\/\/www.regionalis.shop\/katharina-hagen-lebensfreude\/wp-json\/wp\/v2\/product_brand?post=1057"},{"taxonomy":"product_cat","embeddable":true,"href":"https:\/\/www.regionalis.shop\/katharina-hagen-lebensfreude\/wp-json\/wp\/v2\/product_cat?post=1057"},{"taxonomy":"product_tag","embeddable":true,"href":"https:\/\/www.regionalis.shop\/katharina-hagen-lebensfreude\/wp-json\/wp\/v2\/product_tag?post=1057"}],"curies":[{"name":"wp","href":"https:\/\/api.w.org\/{rel}","templated":true}]}}