{"id":1098,"date":"2025-04-18T04:53:47","date_gmt":"2025-04-18T02:53:47","guid":{"rendered":"https:\/\/www.regionalis.shop\/katharina-hagen-lebensfreude\/product\/kuechenrollenhalter-mosaik\/"},"modified":"2025-04-18T04:53:47","modified_gmt":"2025-04-18T02:53:47","slug":"kuechenrollenhalter-mosaik","status":"publish","type":"product","link":"https:\/\/www.regionalis.shop\/katharina-hagen-lebensfreude\/shop\/kuechenrollenhalter-mosaik\/","title":{"rendered":"K\u00fcchenrollenhalter Mosaik"},"content":{"rendered":"<p>Liebevoll hergestellt aus Gie\u00dfma\u00dfe und Stein f\u00fcr Stein beklebt.<br \/>\nDurchmesser ca. 11.5 cm<br \/>\nBoden mit oberfl\u00e4chenschonender Filzmatte.<br \/>\nPassen f\u00fcr alle handels\u00fcblichen K\u00fcchenrollen<\/p>\n","protected":false},"excerpt":{"rendered":"<p>Liebevoll hergestellt aus Gie\u00dfma\u00dfe und Stein f\u00fcr Stein beklebt. Durchmesser ca. 11.5 cm Boden mit oberfl\u00e4chenschonender Filzmatte. Passen f\u00fcr alle handels\u00fcblichen K\u00fcchenrollen<\/p>\n","protected":false},"featured_media":1099,"template":"","meta":{"_acf_changed":false},"product_brand":[],"product_cat":[169,103],"product_tag":[],"class_list":{"0":"post-1098","1":"product","2":"type-product","3":"status-publish","4":"has-post-thumbnail","6":"product_cat-sonstiges-wohnen-deko","7":"product_cat-wohnen-deko","9":"first","10":"instock","11":"purchasable","12":"product-type-simple"},"acf":[],"_links":{"self":[{"href":"https:\/\/www.regionalis.shop\/katharina-hagen-lebensfreude\/wp-json\/wp\/v2\/product\/1098","targetHints":{"allow":["GET"]}}],"collection":[{"href":"https:\/\/www.regionalis.shop\/katharina-hagen-lebensfreude\/wp-json\/wp\/v2\/product"}],"about":[{"href":"https:\/\/www.regionalis.shop\/katharina-hagen-lebensfreude\/wp-json\/wp\/v2\/types\/product"}],"wp:featuredmedia":[{"embeddable":true,"href":"https:\/\/www.regionalis.shop\/katharina-hagen-lebensfreude\/wp-json\/wp\/v2\/media\/1099"}],"wp:attachment":[{"href":"https:\/\/www.regionalis.shop\/katharina-hagen-lebensfreude\/wp-json\/wp\/v2\/media?parent=1098"}],"wp:term":[{"taxonomy":"product_brand","embeddable":true,"href":"https:\/\/www.regionalis.shop\/katharina-hagen-lebensfreude\/wp-json\/wp\/v2\/product_brand?post=1098"},{"taxonomy":"product_cat","embeddable":true,"href":"https:\/\/www.regionalis.shop\/katharina-hagen-lebensfreude\/wp-json\/wp\/v2\/product_cat?post=1098"},{"taxonomy":"product_tag","embeddable":true,"href":"https:\/\/www.regionalis.shop\/katharina-hagen-lebensfreude\/wp-json\/wp\/v2\/product_tag?post=1098"}],"curies":[{"name":"wp","href":"https:\/\/api.w.org\/{rel}","templated":true}]}}