{"id":1112,"date":"2025-04-18T04:28:59","date_gmt":"2025-04-18T02:28:59","guid":{"rendered":"https:\/\/www.regionalis.shop\/katharina-hagen-lebensfreude\/product\/bunny\/"},"modified":"2025-04-18T04:28:59","modified_gmt":"2025-04-18T02:28:59","slug":"bunny","status":"publish","type":"product","link":"https:\/\/www.regionalis.shop\/katharina-hagen-lebensfreude\/shop\/bunny\/","title":{"rendered":"Bunny"},"content":{"rendered":"<p>Diese s\u00fc\u00dfen H\u00e4schen wollen gerne zu einem Besitzer \u00fcbersiedeln&#8230;.<br \/>\nSie sind ca. 22 cm gro\u00df und bekommen gerne die Hose nach Wunsch in jeder g\u00e4ngigen Farbe.<\/p>\n<p>Schritt f\u00fcr Schritt wird aus einem Faden eine kleine Pers\u00f6nlichkeit.<\/p>\n","protected":false},"excerpt":{"rendered":"<p>Diese s\u00fc\u00dfen H\u00e4schen wollen gerne zu einem Besitzer \u00fcbersiedeln&#8230;. Sie sind ca. 22 cm gro\u00df und bekommen gerne die Hose nach Wunsch in jeder g\u00e4ngigen Farbe. Schritt f\u00fcr Schritt wird aus einem Faden eine kleine Pers\u00f6nlichkeit.<\/p>\n","protected":false},"featured_media":1113,"template":"","meta":{"_acf_changed":false},"product_brand":[],"product_cat":[38,93],"product_tag":[],"class_list":{"0":"post-1112","1":"product","2":"type-product","3":"status-publish","4":"has-post-thumbnail","6":"product_cat-baby-kinder","7":"product_cat-stofftiere","9":"first","10":"instock","11":"purchasable","12":"product-type-simple"},"acf":[],"_links":{"self":[{"href":"https:\/\/www.regionalis.shop\/katharina-hagen-lebensfreude\/wp-json\/wp\/v2\/product\/1112","targetHints":{"allow":["GET"]}}],"collection":[{"href":"https:\/\/www.regionalis.shop\/katharina-hagen-lebensfreude\/wp-json\/wp\/v2\/product"}],"about":[{"href":"https:\/\/www.regionalis.shop\/katharina-hagen-lebensfreude\/wp-json\/wp\/v2\/types\/product"}],"wp:featuredmedia":[{"embeddable":true,"href":"https:\/\/www.regionalis.shop\/katharina-hagen-lebensfreude\/wp-json\/wp\/v2\/media\/1113"}],"wp:attachment":[{"href":"https:\/\/www.regionalis.shop\/katharina-hagen-lebensfreude\/wp-json\/wp\/v2\/media?parent=1112"}],"wp:term":[{"taxonomy":"product_brand","embeddable":true,"href":"https:\/\/www.regionalis.shop\/katharina-hagen-lebensfreude\/wp-json\/wp\/v2\/product_brand?post=1112"},{"taxonomy":"product_cat","embeddable":true,"href":"https:\/\/www.regionalis.shop\/katharina-hagen-lebensfreude\/wp-json\/wp\/v2\/product_cat?post=1112"},{"taxonomy":"product_tag","embeddable":true,"href":"https:\/\/www.regionalis.shop\/katharina-hagen-lebensfreude\/wp-json\/wp\/v2\/product_tag?post=1112"}],"curies":[{"name":"wp","href":"https:\/\/api.w.org\/{rel}","templated":true}]}}