{"id":1133,"date":"2025-04-18T04:23:01","date_gmt":"2025-04-18T02:23:01","guid":{"rendered":"https:\/\/www.regionalis.shop\/katharina-hagen-lebensfreude\/product\/geschenkerahmen-zur-hochzeit\/"},"modified":"2025-04-18T04:23:01","modified_gmt":"2025-04-18T02:23:01","slug":"geschenkerahmen-zur-hochzeit","status":"publish","type":"product","link":"https:\/\/www.regionalis.shop\/katharina-hagen-lebensfreude\/shop\/geschenkerahmen-zur-hochzeit\/","title":{"rendered":"Geschenkerahmen zur Hochzeit"},"content":{"rendered":"<p>Rahmen mit individueller Gestaltung zur Hochzeit<br \/>\nDieses &#8222;Geschenk&#8220; enth\u00e4lt:<\/p>\n<p>Bilderrahmen 20 x 30 (Farbe bitte angeben)<br \/>\nHintergrundblatt mit gew\u00fcnschtem Text (Farbe bitte angeben)<br \/>\nFamilie aus Sicherheitsnadeln (&#8222;Personen&#8220; Farben und w\u00fcnsche angeben!)<\/p>\n<p>GUTSCHEINE SIND NICHT ENTHALTEN!!<\/p>\n","protected":false},"excerpt":{"rendered":"<p>Rahmen mit individueller Gestaltung zur Hochzeit Dieses &#8222;Geschenk&#8220; enth\u00e4lt: Bilderrahmen 20 x 30 (Farbe bitte angeben) Hintergrundblatt mit gew\u00fcnschtem Text (Farbe bitte angeben) Familie aus Sicherheitsnadeln (&#8222;Personen&#8220; Farben und w\u00fcnsche angeben!) GUTSCHEINE SIND NICHT ENTHALTEN!!<\/p>\n","protected":false},"featured_media":1134,"template":"","meta":{"_acf_changed":false},"product_brand":[],"product_cat":[162,83],"product_tag":[],"class_list":{"0":"post-1133","1":"product","2":"type-product","3":"status-publish","4":"has-post-thumbnail","6":"product_cat-null","7":"product_cat-sonstiges","9":"first","10":"instock","11":"purchasable","12":"product-type-simple"},"acf":[],"_links":{"self":[{"href":"https:\/\/www.regionalis.shop\/katharina-hagen-lebensfreude\/wp-json\/wp\/v2\/product\/1133","targetHints":{"allow":["GET"]}}],"collection":[{"href":"https:\/\/www.regionalis.shop\/katharina-hagen-lebensfreude\/wp-json\/wp\/v2\/product"}],"about":[{"href":"https:\/\/www.regionalis.shop\/katharina-hagen-lebensfreude\/wp-json\/wp\/v2\/types\/product"}],"wp:featuredmedia":[{"embeddable":true,"href":"https:\/\/www.regionalis.shop\/katharina-hagen-lebensfreude\/wp-json\/wp\/v2\/media\/1134"}],"wp:attachment":[{"href":"https:\/\/www.regionalis.shop\/katharina-hagen-lebensfreude\/wp-json\/wp\/v2\/media?parent=1133"}],"wp:term":[{"taxonomy":"product_brand","embeddable":true,"href":"https:\/\/www.regionalis.shop\/katharina-hagen-lebensfreude\/wp-json\/wp\/v2\/product_brand?post=1133"},{"taxonomy":"product_cat","embeddable":true,"href":"https:\/\/www.regionalis.shop\/katharina-hagen-lebensfreude\/wp-json\/wp\/v2\/product_cat?post=1133"},{"taxonomy":"product_tag","embeddable":true,"href":"https:\/\/www.regionalis.shop\/katharina-hagen-lebensfreude\/wp-json\/wp\/v2\/product_tag?post=1133"}],"curies":[{"name":"wp","href":"https:\/\/api.w.org\/{rel}","templated":true}]}}