{"id":1221,"date":"2025-04-18T02:51:20","date_gmt":"2025-04-18T00:51:20","guid":{"rendered":"https:\/\/www.regionalis.shop\/katharina-hagen-lebensfreude\/product\/deko-herzen\/"},"modified":"2025-04-18T02:51:20","modified_gmt":"2025-04-18T00:51:20","slug":"deko-herzen","status":"publish","type":"product","link":"https:\/\/www.regionalis.shop\/katharina-hagen-lebensfreude\/shop\/deko-herzen\/","title":{"rendered":"Deko &#8211; Herzen"},"content":{"rendered":"<p>Deko  &#8211; Herzen ideal als kleines Geschenk. Das gewisse Mitbringsel f\u00fcr Mama, Oma und deinem pers\u00f6nlichen Lieblingsmenschen!<\/p>\n<p>Material aus Keramik-Gie\u00dfma\u00dfe<br \/>\nNICHT f\u00fcr den Au\u00dfenbereich geeignet!<\/p>\n","protected":false},"excerpt":{"rendered":"<p>Deko &#8211; Herzen ideal als kleines Geschenk. Das gewisse Mitbringsel f\u00fcr Mama, Oma und deinem pers\u00f6nlichen Lieblingsmenschen! Material aus Keramik-Gie\u00dfma\u00dfe NICHT f\u00fcr den Au\u00dfenbereich geeignet!<\/p>\n","protected":false},"featured_media":1222,"template":"","meta":{"_acf_changed":false},"product_brand":[],"product_cat":[174,103],"product_tag":[],"class_list":{"0":"post-1221","1":"product","2":"type-product","3":"status-publish","4":"has-post-thumbnail","6":"product_cat-wohndekoration","7":"product_cat-wohnen-deko","9":"first","10":"instock","11":"purchasable","12":"product-type-simple"},"acf":[],"_links":{"self":[{"href":"https:\/\/www.regionalis.shop\/katharina-hagen-lebensfreude\/wp-json\/wp\/v2\/product\/1221","targetHints":{"allow":["GET"]}}],"collection":[{"href":"https:\/\/www.regionalis.shop\/katharina-hagen-lebensfreude\/wp-json\/wp\/v2\/product"}],"about":[{"href":"https:\/\/www.regionalis.shop\/katharina-hagen-lebensfreude\/wp-json\/wp\/v2\/types\/product"}],"wp:featuredmedia":[{"embeddable":true,"href":"https:\/\/www.regionalis.shop\/katharina-hagen-lebensfreude\/wp-json\/wp\/v2\/media\/1222"}],"wp:attachment":[{"href":"https:\/\/www.regionalis.shop\/katharina-hagen-lebensfreude\/wp-json\/wp\/v2\/media?parent=1221"}],"wp:term":[{"taxonomy":"product_brand","embeddable":true,"href":"https:\/\/www.regionalis.shop\/katharina-hagen-lebensfreude\/wp-json\/wp\/v2\/product_brand?post=1221"},{"taxonomy":"product_cat","embeddable":true,"href":"https:\/\/www.regionalis.shop\/katharina-hagen-lebensfreude\/wp-json\/wp\/v2\/product_cat?post=1221"},{"taxonomy":"product_tag","embeddable":true,"href":"https:\/\/www.regionalis.shop\/katharina-hagen-lebensfreude\/wp-json\/wp\/v2\/product_tag?post=1221"}],"curies":[{"name":"wp","href":"https:\/\/api.w.org\/{rel}","templated":true}]}}