{"id":1230,"date":"2025-04-18T02:50:47","date_gmt":"2025-04-18T00:50:47","guid":{"rendered":"https:\/\/www.regionalis.shop\/katharina-hagen-lebensfreude\/product\/pinguin\/"},"modified":"2025-04-18T02:50:47","modified_gmt":"2025-04-18T00:50:47","slug":"pinguin","status":"publish","type":"product","link":"https:\/\/www.regionalis.shop\/katharina-hagen-lebensfreude\/shop\/pinguin\/","title":{"rendered":"Pinguin"},"content":{"rendered":"<p>Dieser liebevoll geh\u00e4kelte Pinguin darf nicht im Kinderzimmer fehlen&#8230;.<br \/>\nEin Geschenk f\u00fcr Gro\u00df und Klein!<br \/>\n22 cm hoch<\/p>\n<p>Material: Baumwolle, F\u00fcllwatte &#8211; Polyester<\/p>\n","protected":false},"excerpt":{"rendered":"<p>Dieser liebevoll geh\u00e4kelte Pinguin darf nicht im Kinderzimmer fehlen&#8230;. Ein Geschenk f\u00fcr Gro\u00df und Klein! 22 cm hoch Material: Baumwolle, F\u00fcllwatte &#8211; Polyester<\/p>\n","protected":false},"featured_media":1231,"template":"","meta":{"_acf_changed":false},"product_brand":[],"product_cat":[38,80],"product_tag":[],"class_list":{"0":"post-1230","1":"product","2":"type-product","3":"status-publish","4":"has-post-thumbnail","6":"product_cat-baby-kinder","7":"product_cat-sonstiges-baby-kinder","9":"first","10":"instock","11":"purchasable","12":"product-type-simple"},"acf":[],"_links":{"self":[{"href":"https:\/\/www.regionalis.shop\/katharina-hagen-lebensfreude\/wp-json\/wp\/v2\/product\/1230","targetHints":{"allow":["GET"]}}],"collection":[{"href":"https:\/\/www.regionalis.shop\/katharina-hagen-lebensfreude\/wp-json\/wp\/v2\/product"}],"about":[{"href":"https:\/\/www.regionalis.shop\/katharina-hagen-lebensfreude\/wp-json\/wp\/v2\/types\/product"}],"wp:featuredmedia":[{"embeddable":true,"href":"https:\/\/www.regionalis.shop\/katharina-hagen-lebensfreude\/wp-json\/wp\/v2\/media\/1231"}],"wp:attachment":[{"href":"https:\/\/www.regionalis.shop\/katharina-hagen-lebensfreude\/wp-json\/wp\/v2\/media?parent=1230"}],"wp:term":[{"taxonomy":"product_brand","embeddable":true,"href":"https:\/\/www.regionalis.shop\/katharina-hagen-lebensfreude\/wp-json\/wp\/v2\/product_brand?post=1230"},{"taxonomy":"product_cat","embeddable":true,"href":"https:\/\/www.regionalis.shop\/katharina-hagen-lebensfreude\/wp-json\/wp\/v2\/product_cat?post=1230"},{"taxonomy":"product_tag","embeddable":true,"href":"https:\/\/www.regionalis.shop\/katharina-hagen-lebensfreude\/wp-json\/wp\/v2\/product_tag?post=1230"}],"curies":[{"name":"wp","href":"https:\/\/api.w.org\/{rel}","templated":true}]}}