{"id":1163,"date":"2025-04-18T00:06:55","date_gmt":"2025-04-17T22:06:55","guid":{"rendered":"https:\/\/www.regionalis.shop\/kleiner-gluecksgriff\/product\/masken-tasche-gross\/"},"modified":"2025-04-18T00:06:55","modified_gmt":"2025-04-17T22:06:55","slug":"masken-tasche-gross","status":"publish","type":"product","link":"https:\/\/www.regionalis.shop\/kleiner-gluecksgriff\/shop\/masken-tasche-gross\/","title":{"rendered":"Masken-Tasche, gro\u00df"},"content":{"rendered":"<p>Masken-Tasche <\/p>\n<p>Material:<br \/>\nSnapPap (veganes Leder);<br \/>\nGummizugschnur: Latex, Polyester<\/p>\n<p>Wasch \u2013 und Pflegeanleitung:<br \/>\nBei 40 Grad waschen.<br \/>\nSnapPap ist b\u00fcgelbar, aber bitte nicht die Gummizugschnur b\u00fcgeln!<\/p>\n<p>Sonstiges:<br \/>\nDie Maskentasche wurde so angefertigt, dass auch Mundmasken mit Nasenb\u00fcgel ordentlich Platz haben, ohne diese zu knicken.<br \/>\nNat\u00fcrlich darf sie auch f\u00fcr anderes (Reisepass, Tickets etc.) genutzt werden.<br \/>\nWird ohne Maske versendet (dient nur der Veranschaulichung).<\/p>\n<p>Viel Freude bei der Verwendung.<\/p>\n","protected":false},"excerpt":{"rendered":"<p>Masken-Tasche Material: SnapPap (veganes Leder); Gummizugschnur: Latex, Polyester Wasch \u2013 und Pflegeanleitung: Bei 40 Grad waschen. SnapPap ist b\u00fcgelbar, aber bitte nicht die Gummizugschnur b\u00fcgeln! Sonstiges: Die Maskentasche wurde so angefertigt, dass auch Mundmasken mit Nasenb\u00fcgel ordentlich Platz haben, ohne diese zu knicken. Nat\u00fcrlich darf sie auch f\u00fcr anderes (Reisepass, Tickets etc.) genutzt werden. Wird &hellip; <a href=\"https:\/\/www.regionalis.shop\/kleiner-gluecksgriff\/shop\/masken-tasche-gross\/\">Continued<\/a><\/p>\n","protected":false},"featured_media":1164,"template":"","meta":{"_acf_changed":false},"product_brand":[],"product_cat":[37,92],"product_tag":[],"class_list":{"0":"post-1163","1":"product","2":"type-product","3":"status-publish","4":"has-post-thumbnail","6":"product_cat-accessoires","7":"product_cat-stoff-gesichtsmasken","9":"first","10":"instock","11":"purchasable","12":"product-type-simple"},"acf":[],"_links":{"self":[{"href":"https:\/\/www.regionalis.shop\/kleiner-gluecksgriff\/wp-json\/wp\/v2\/product\/1163","targetHints":{"allow":["GET"]}}],"collection":[{"href":"https:\/\/www.regionalis.shop\/kleiner-gluecksgriff\/wp-json\/wp\/v2\/product"}],"about":[{"href":"https:\/\/www.regionalis.shop\/kleiner-gluecksgriff\/wp-json\/wp\/v2\/types\/product"}],"wp:featuredmedia":[{"embeddable":true,"href":"https:\/\/www.regionalis.shop\/kleiner-gluecksgriff\/wp-json\/wp\/v2\/media\/1164"}],"wp:attachment":[{"href":"https:\/\/www.regionalis.shop\/kleiner-gluecksgriff\/wp-json\/wp\/v2\/media?parent=1163"}],"wp:term":[{"taxonomy":"product_brand","embeddable":true,"href":"https:\/\/www.regionalis.shop\/kleiner-gluecksgriff\/wp-json\/wp\/v2\/product_brand?post=1163"},{"taxonomy":"product_cat","embeddable":true,"href":"https:\/\/www.regionalis.shop\/kleiner-gluecksgriff\/wp-json\/wp\/v2\/product_cat?post=1163"},{"taxonomy":"product_tag","embeddable":true,"href":"https:\/\/www.regionalis.shop\/kleiner-gluecksgriff\/wp-json\/wp\/v2\/product_tag?post=1163"}],"curies":[{"name":"wp","href":"https:\/\/api.w.org\/{rel}","templated":true}]}}