{"id":1150,"date":"2025-04-18T07:38:30","date_gmt":"2025-04-18T05:38:30","guid":{"rendered":"https:\/\/www.regionalis.shop\/kleines-wundertuetchen\/product\/strandtasche-das-meer-ruft-mich\/"},"modified":"2025-04-18T07:38:30","modified_gmt":"2025-04-18T05:38:30","slug":"strandtasche-das-meer-ruft-mich","status":"publish","type":"product","link":"https:\/\/www.regionalis.shop\/kleines-wundertuetchen\/shop\/strandtasche-das-meer-ruft-mich\/","title":{"rendered":"Strandtasche \u201e\u2026 das Meer ruft mich\u201c"},"content":{"rendered":"<p>Ab ans Meer? Oder in die Therme? Ein Tagesausflug zum See? <\/p>\n<p>Diese Strandtasche ist ein absoluter Hingucker und noch dazu super praktisch. Und das beste \u2026 sie bietet jede Menge Stauraum.<\/p>\n<p>Eine Individualisierung ist gerne m\u00f6glich.<br \/>\nBitte benachrichtige mich hierf\u00fcr. <\/p>\n<p>Details zur Tasche:<br \/>\nTragegriffe aus Baumwolle. Kann in der Hand oder auf der Schulter getragen werden. Oberfl\u00e4che aus Baumwolle. L\u00e4nge der Tr\u00e4gerriemen: 59 cm.<br \/>\nWei\u00dfer Stoff: 100 % Baumwollcanvas.<br \/>\nStoff in Kontrastfarbe: Jutetuch.<\/p>\n","protected":false},"excerpt":{"rendered":"<p>Ab ans Meer? Oder in die Therme? Ein Tagesausflug zum See? Diese Strandtasche ist ein absoluter Hingucker und noch dazu super praktisch. Und das beste \u2026 sie bietet jede Menge Stauraum. Eine Individualisierung ist gerne m\u00f6glich. Bitte benachrichtige mich hierf\u00fcr. Details zur Tasche: Tragegriffe aus Baumwolle. Kann in der Hand oder auf der Schulter getragen &hellip; <a href=\"https:\/\/www.regionalis.shop\/kleines-wundertuetchen\/shop\/strandtasche-das-meer-ruft-mich\/\">Continued<\/a><\/p>\n","protected":false},"featured_media":1151,"template":"","meta":{"_acf_changed":false},"product_brand":[],"product_cat":[171,95],"product_tag":[],"class_list":{"0":"post-1150","1":"product","2":"type-product","3":"status-publish","4":"has-post-thumbnail","6":"product_cat-stoffsackerl-einkaufstaschen","7":"product_cat-taschen","9":"first","10":"instock","11":"purchasable","12":"product-type-simple"},"acf":[],"_links":{"self":[{"href":"https:\/\/www.regionalis.shop\/kleines-wundertuetchen\/wp-json\/wp\/v2\/product\/1150","targetHints":{"allow":["GET"]}}],"collection":[{"href":"https:\/\/www.regionalis.shop\/kleines-wundertuetchen\/wp-json\/wp\/v2\/product"}],"about":[{"href":"https:\/\/www.regionalis.shop\/kleines-wundertuetchen\/wp-json\/wp\/v2\/types\/product"}],"wp:featuredmedia":[{"embeddable":true,"href":"https:\/\/www.regionalis.shop\/kleines-wundertuetchen\/wp-json\/wp\/v2\/media\/1151"}],"wp:attachment":[{"href":"https:\/\/www.regionalis.shop\/kleines-wundertuetchen\/wp-json\/wp\/v2\/media?parent=1150"}],"wp:term":[{"taxonomy":"product_brand","embeddable":true,"href":"https:\/\/www.regionalis.shop\/kleines-wundertuetchen\/wp-json\/wp\/v2\/product_brand?post=1150"},{"taxonomy":"product_cat","embeddable":true,"href":"https:\/\/www.regionalis.shop\/kleines-wundertuetchen\/wp-json\/wp\/v2\/product_cat?post=1150"},{"taxonomy":"product_tag","embeddable":true,"href":"https:\/\/www.regionalis.shop\/kleines-wundertuetchen\/wp-json\/wp\/v2\/product_tag?post=1150"}],"curies":[{"name":"wp","href":"https:\/\/api.w.org\/{rel}","templated":true}]}}