{"id":1234,"date":"2025-04-18T06:07:07","date_gmt":"2025-04-18T04:07:07","guid":{"rendered":"https:\/\/www.regionalis.shop\/kleines-wundertuetchen\/product\/baumwollshopper-papas-fruehstueckssackerl\/"},"modified":"2025-04-18T06:07:07","modified_gmt":"2025-04-18T04:07:07","slug":"baumwollshopper-papas-fruehstueckssackerl","status":"publish","type":"product","link":"https:\/\/www.regionalis.shop\/kleines-wundertuetchen\/shop\/baumwollshopper-papas-fruehstueckssackerl\/","title":{"rendered":"Baumwollshopper \u201ePapas Fr\u00fchst\u00fcckssackerl\u201c"},"content":{"rendered":"<p>Der Baumwollshopper \u2026 ein perfekter Begleiter, um auch den Papas eine Freude zu bereiten. Supernett f\u00fcr den n\u00e4chsten Spontaneinkauf, \u2026 oder f\u00fcrs Fr\u00fchst\u00fcck holen.  <\/p>\n<p>Gr\u00f6\u00dfe 38&#215;42 cm<br \/>\nlange Henkel<\/p>\n<p>Die Tasche ist auch individualisierbar.<\/p>\n","protected":false},"excerpt":{"rendered":"<p>Der Baumwollshopper \u2026 ein perfekter Begleiter, um auch den Papas eine Freude zu bereiten. Supernett f\u00fcr den n\u00e4chsten Spontaneinkauf, \u2026 oder f\u00fcrs Fr\u00fchst\u00fcck holen. Gr\u00f6\u00dfe 38&#215;42 cm lange Henkel Die Tasche ist auch individualisierbar.<\/p>\n","protected":false},"featured_media":1235,"template":"","meta":{"_acf_changed":false},"product_brand":[],"product_cat":[168,95],"product_tag":[],"class_list":{"0":"post-1234","1":"product","2":"type-product","3":"status-publish","4":"has-post-thumbnail","6":"product_cat-sonstiges-taschen","7":"product_cat-taschen","9":"first","10":"instock","11":"purchasable","12":"product-type-simple"},"acf":[],"_links":{"self":[{"href":"https:\/\/www.regionalis.shop\/kleines-wundertuetchen\/wp-json\/wp\/v2\/product\/1234","targetHints":{"allow":["GET"]}}],"collection":[{"href":"https:\/\/www.regionalis.shop\/kleines-wundertuetchen\/wp-json\/wp\/v2\/product"}],"about":[{"href":"https:\/\/www.regionalis.shop\/kleines-wundertuetchen\/wp-json\/wp\/v2\/types\/product"}],"wp:featuredmedia":[{"embeddable":true,"href":"https:\/\/www.regionalis.shop\/kleines-wundertuetchen\/wp-json\/wp\/v2\/media\/1235"}],"wp:attachment":[{"href":"https:\/\/www.regionalis.shop\/kleines-wundertuetchen\/wp-json\/wp\/v2\/media?parent=1234"}],"wp:term":[{"taxonomy":"product_brand","embeddable":true,"href":"https:\/\/www.regionalis.shop\/kleines-wundertuetchen\/wp-json\/wp\/v2\/product_brand?post=1234"},{"taxonomy":"product_cat","embeddable":true,"href":"https:\/\/www.regionalis.shop\/kleines-wundertuetchen\/wp-json\/wp\/v2\/product_cat?post=1234"},{"taxonomy":"product_tag","embeddable":true,"href":"https:\/\/www.regionalis.shop\/kleines-wundertuetchen\/wp-json\/wp\/v2\/product_tag?post=1234"}],"curies":[{"name":"wp","href":"https:\/\/api.w.org\/{rel}","templated":true}]}}