{"id":1852,"date":"2025-04-18T05:31:12","date_gmt":"2025-04-18T03:31:12","guid":{"rendered":"https:\/\/www.regionalis.shop\/kolibri-ds\/product\/ring-steuerrad-weiss-auf-blau\/"},"modified":"2025-04-18T05:31:12","modified_gmt":"2025-04-18T03:31:12","slug":"ring-steuerrad-weiss-auf-blau","status":"publish","type":"product","link":"https:\/\/www.regionalis.shop\/kolibri-ds\/shop\/ring-steuerrad-weiss-auf-blau\/","title":{"rendered":"Ring Steuerrad -Wei\u00df auf Blau"},"content":{"rendered":"<p>Glascabochon mit wei\u00dfem Steuerrad auf Blau<br \/>\nRing gr\u00f6\u00dfenverstellbar, nickelfrei<\/p>\n","protected":false},"excerpt":{"rendered":"<p>Glascabochon mit wei\u00dfem Steuerrad auf Blau Ring gr\u00f6\u00dfenverstellbar, nickelfrei<\/p>\n","protected":false},"featured_media":1853,"template":"","meta":{"_acf_changed":false},"product_brand":[],"product_cat":[165,70],"product_tag":[],"class_list":{"0":"post-1852","1":"product","2":"type-product","3":"status-publish","4":"has-post-thumbnail","6":"product_cat-ringe","7":"product_cat-schmuck","9":"first","10":"instock","11":"purchasable","12":"product-type-simple"},"acf":[],"_links":{"self":[{"href":"https:\/\/www.regionalis.shop\/kolibri-ds\/wp-json\/wp\/v2\/product\/1852","targetHints":{"allow":["GET"]}}],"collection":[{"href":"https:\/\/www.regionalis.shop\/kolibri-ds\/wp-json\/wp\/v2\/product"}],"about":[{"href":"https:\/\/www.regionalis.shop\/kolibri-ds\/wp-json\/wp\/v2\/types\/product"}],"wp:featuredmedia":[{"embeddable":true,"href":"https:\/\/www.regionalis.shop\/kolibri-ds\/wp-json\/wp\/v2\/media\/1853"}],"wp:attachment":[{"href":"https:\/\/www.regionalis.shop\/kolibri-ds\/wp-json\/wp\/v2\/media?parent=1852"}],"wp:term":[{"taxonomy":"product_brand","embeddable":true,"href":"https:\/\/www.regionalis.shop\/kolibri-ds\/wp-json\/wp\/v2\/product_brand?post=1852"},{"taxonomy":"product_cat","embeddable":true,"href":"https:\/\/www.regionalis.shop\/kolibri-ds\/wp-json\/wp\/v2\/product_cat?post=1852"},{"taxonomy":"product_tag","embeddable":true,"href":"https:\/\/www.regionalis.shop\/kolibri-ds\/wp-json\/wp\/v2\/product_tag?post=1852"}],"curies":[{"name":"wp","href":"https:\/\/api.w.org\/{rel}","templated":true}]}}