{"id":1959,"date":"2025-04-18T05:26:15","date_gmt":"2025-04-18T03:26:15","guid":{"rendered":"https:\/\/www.regionalis.shop\/kolibri-ds\/product\/upcycling-slingloop\/"},"modified":"2025-04-18T05:26:15","modified_gmt":"2025-04-18T03:26:15","slug":"upcycling-slingloop","status":"publish","type":"product","link":"https:\/\/www.regionalis.shop\/kolibri-ds\/shop\/upcycling-slingloop\/","title":{"rendered":"Upcycling &#8211; Slingloop"},"content":{"rendered":"<p>Upcyclingschal aus ausrangierten T-Shirts<br \/>\n2 einhalb Shirts ergibt ungef\u00e4hr einen Schal<br \/>\nJedes St\u00fcck ist in seiner Farbzusammenstellung ein Einzelst\u00fcck<\/p>\n<p>Angenehm um den Hals zu tragen, schmiegt sich an, ohne einzuschn\u00fcren<\/p>\n","protected":false},"excerpt":{"rendered":"<p>Upcyclingschal aus ausrangierten T-Shirts 2 einhalb Shirts ergibt ungef\u00e4hr einen Schal Jedes St\u00fcck ist in seiner Farbzusammenstellung ein Einzelst\u00fcck Angenehm um den Hals zu tragen, schmiegt sich an, ohne einzuschn\u00fcren<\/p>\n","protected":false},"featured_media":1960,"template":"","meta":{"_acf_changed":false},"product_brand":[],"product_cat":[37,67],"product_tag":[],"class_list":{"0":"post-1959","1":"product","2":"type-product","3":"status-publish","4":"has-post-thumbnail","6":"product_cat-accessoires","7":"product_cat-schals-halstuecher","9":"first","10":"instock","11":"purchasable","12":"product-type-simple"},"acf":[],"_links":{"self":[{"href":"https:\/\/www.regionalis.shop\/kolibri-ds\/wp-json\/wp\/v2\/product\/1959","targetHints":{"allow":["GET"]}}],"collection":[{"href":"https:\/\/www.regionalis.shop\/kolibri-ds\/wp-json\/wp\/v2\/product"}],"about":[{"href":"https:\/\/www.regionalis.shop\/kolibri-ds\/wp-json\/wp\/v2\/types\/product"}],"wp:featuredmedia":[{"embeddable":true,"href":"https:\/\/www.regionalis.shop\/kolibri-ds\/wp-json\/wp\/v2\/media\/1960"}],"wp:attachment":[{"href":"https:\/\/www.regionalis.shop\/kolibri-ds\/wp-json\/wp\/v2\/media?parent=1959"}],"wp:term":[{"taxonomy":"product_brand","embeddable":true,"href":"https:\/\/www.regionalis.shop\/kolibri-ds\/wp-json\/wp\/v2\/product_brand?post=1959"},{"taxonomy":"product_cat","embeddable":true,"href":"https:\/\/www.regionalis.shop\/kolibri-ds\/wp-json\/wp\/v2\/product_cat?post=1959"},{"taxonomy":"product_tag","embeddable":true,"href":"https:\/\/www.regionalis.shop\/kolibri-ds\/wp-json\/wp\/v2\/product_tag?post=1959"}],"curies":[{"name":"wp","href":"https:\/\/api.w.org\/{rel}","templated":true}]}}