{"id":2066,"date":"2025-04-18T04:01:03","date_gmt":"2025-04-18T02:01:03","guid":{"rendered":"https:\/\/www.regionalis.shop\/kolibri-ds\/product\/etagere-zitat\/"},"modified":"2025-04-18T04:01:03","modified_gmt":"2025-04-18T02:01:03","slug":"etagere-zitat","status":"publish","type":"product","link":"https:\/\/www.regionalis.shop\/kolibri-ds\/shop\/etagere-zitat\/","title":{"rendered":"Etagere &#8222;Zitat&#8220;"},"content":{"rendered":"<p>Upcycling Etagere aus ausgemustertem Vintage-Geschirr<br \/>\nKann einfach auseinander geschraubt und  verstaut werden.<br \/>\nZitate von NUNartig angebracht<br \/>\n1.) Die meisten Menschen sind so gl\u00fccklich, wie sie es sich selbst vorgenommen haben<\/p>\n<p>2.) Unsere Tr\u00e4ume k\u00f6nnen wir nur dann verwirklichen, wenn wir uns dazu entschlie\u00dfen, zu erwachen<\/p>\n<p>3.) Freundschaft ist die Grundlage aller Menschlichkeit<\/p>\n","protected":false},"excerpt":{"rendered":"<p>Upcycling Etagere aus ausgemustertem Vintage-Geschirr Kann einfach auseinander geschraubt und verstaut werden. Zitate von NUNartig angebracht 1.) Die meisten Menschen sind so gl\u00fccklich, wie sie es sich selbst vorgenommen haben 2.) Unsere Tr\u00e4ume k\u00f6nnen wir nur dann verwirklichen, wenn wir uns dazu entschlie\u00dfen, zu erwachen 3.) Freundschaft ist die Grundlage aller Menschlichkeit<\/p>\n","protected":false},"featured_media":2067,"template":"","meta":{"_acf_changed":false},"product_brand":[],"product_cat":[127,103],"product_tag":[],"class_list":{"0":"post-2066","1":"product","2":"type-product","3":"status-publish","4":"has-post-thumbnail","6":"product_cat-essen-trinken","7":"product_cat-wohnen-deko","9":"first","10":"instock","11":"purchasable","12":"product-type-simple"},"acf":[],"_links":{"self":[{"href":"https:\/\/www.regionalis.shop\/kolibri-ds\/wp-json\/wp\/v2\/product\/2066","targetHints":{"allow":["GET"]}}],"collection":[{"href":"https:\/\/www.regionalis.shop\/kolibri-ds\/wp-json\/wp\/v2\/product"}],"about":[{"href":"https:\/\/www.regionalis.shop\/kolibri-ds\/wp-json\/wp\/v2\/types\/product"}],"wp:featuredmedia":[{"embeddable":true,"href":"https:\/\/www.regionalis.shop\/kolibri-ds\/wp-json\/wp\/v2\/media\/2067"}],"wp:attachment":[{"href":"https:\/\/www.regionalis.shop\/kolibri-ds\/wp-json\/wp\/v2\/media?parent=2066"}],"wp:term":[{"taxonomy":"product_brand","embeddable":true,"href":"https:\/\/www.regionalis.shop\/kolibri-ds\/wp-json\/wp\/v2\/product_brand?post=2066"},{"taxonomy":"product_cat","embeddable":true,"href":"https:\/\/www.regionalis.shop\/kolibri-ds\/wp-json\/wp\/v2\/product_cat?post=2066"},{"taxonomy":"product_tag","embeddable":true,"href":"https:\/\/www.regionalis.shop\/kolibri-ds\/wp-json\/wp\/v2\/product_tag?post=2066"}],"curies":[{"name":"wp","href":"https:\/\/api.w.org\/{rel}","templated":true}]}}