{"id":2204,"date":"2025-04-18T02:37:20","date_gmt":"2025-04-18T00:37:20","guid":{"rendered":"https:\/\/www.regionalis.shop\/kolibri-ds\/product\/ohrringe-resin-tropfen-schwarz-weiss\/"},"modified":"2025-04-18T02:37:20","modified_gmt":"2025-04-18T00:37:20","slug":"ohrringe-resin-tropfen-schwarz-weiss","status":"publish","type":"product","link":"https:\/\/www.regionalis.shop\/kolibri-ds\/shop\/ohrringe-resin-tropfen-schwarz-weiss\/","title":{"rendered":"Ohrringe &#8211; Resin Tropfen Schwarz\/Wei\u00df"},"content":{"rendered":"<p>Ohrringe mit Reliefanh\u00e4ngern in Tropfenform.<br \/>\nfederleicht<br \/>\nSchwarz\/Wei\u00df Optik mit Perlmuttereffekt<br \/>\nEdelstahlohrstecker k\u00f6nnen in Gold oder Silber gew\u00e4hlt werden<\/p>\n","protected":false},"excerpt":{"rendered":"<p>Ohrringe mit Reliefanh\u00e4ngern in Tropfenform. federleicht Schwarz\/Wei\u00df Optik mit Perlmuttereffekt Edelstahlohrstecker k\u00f6nnen in Gold oder Silber gew\u00e4hlt werden<\/p>\n","protected":false},"featured_media":2205,"template":"","meta":{"_acf_changed":false},"product_brand":[],"product_cat":[163,70],"product_tag":[],"class_list":{"0":"post-2204","1":"product","2":"type-product","3":"status-publish","4":"has-post-thumbnail","6":"product_cat-ohrringe","7":"product_cat-schmuck","9":"first","10":"instock","11":"purchasable","12":"product-type-simple"},"acf":[],"_links":{"self":[{"href":"https:\/\/www.regionalis.shop\/kolibri-ds\/wp-json\/wp\/v2\/product\/2204","targetHints":{"allow":["GET"]}}],"collection":[{"href":"https:\/\/www.regionalis.shop\/kolibri-ds\/wp-json\/wp\/v2\/product"}],"about":[{"href":"https:\/\/www.regionalis.shop\/kolibri-ds\/wp-json\/wp\/v2\/types\/product"}],"wp:featuredmedia":[{"embeddable":true,"href":"https:\/\/www.regionalis.shop\/kolibri-ds\/wp-json\/wp\/v2\/media\/2205"}],"wp:attachment":[{"href":"https:\/\/www.regionalis.shop\/kolibri-ds\/wp-json\/wp\/v2\/media?parent=2204"}],"wp:term":[{"taxonomy":"product_brand","embeddable":true,"href":"https:\/\/www.regionalis.shop\/kolibri-ds\/wp-json\/wp\/v2\/product_brand?post=2204"},{"taxonomy":"product_cat","embeddable":true,"href":"https:\/\/www.regionalis.shop\/kolibri-ds\/wp-json\/wp\/v2\/product_cat?post=2204"},{"taxonomy":"product_tag","embeddable":true,"href":"https:\/\/www.regionalis.shop\/kolibri-ds\/wp-json\/wp\/v2\/product_tag?post=2204"}],"curies":[{"name":"wp","href":"https:\/\/api.w.org\/{rel}","templated":true}]}}