{"id":2289,"date":"2025-04-18T02:19:08","date_gmt":"2025-04-18T00:19:08","guid":{"rendered":"https:\/\/www.regionalis.shop\/kolibri-ds\/product\/brosche-2-plunder\/"},"modified":"2025-04-18T02:19:08","modified_gmt":"2025-04-18T00:19:08","slug":"brosche-2-plunder","status":"publish","type":"product","link":"https:\/\/www.regionalis.shop\/kolibri-ds\/shop\/brosche-2-plunder\/","title":{"rendered":"Brosche &#8211; 2 Plunder"},"content":{"rendered":"<p>Ein goldgumrandeter Puppenhausteller, l\u00e4dt mit k\u00f6stlichem Plundergeb\u00e4ck ein.<br \/>\nAllerdings, nicht zubei\u00dfen, lieber die Kleidung schm\u00fccken.<\/p>\n","protected":false},"excerpt":{"rendered":"<p>Ein goldgumrandeter Puppenhausteller, l\u00e4dt mit k\u00f6stlichem Plundergeb\u00e4ck ein. Allerdings, nicht zubei\u00dfen, lieber die Kleidung schm\u00fccken.<\/p>\n","protected":false},"featured_media":2290,"template":"","meta":{"_acf_changed":false},"product_brand":[],"product_cat":[118,70],"product_tag":[],"class_list":{"0":"post-2289","1":"product","2":"type-product","3":"status-publish","4":"has-post-thumbnail","6":"product_cat-broschen","7":"product_cat-schmuck","9":"first","10":"instock","11":"purchasable","12":"product-type-simple"},"acf":[],"_links":{"self":[{"href":"https:\/\/www.regionalis.shop\/kolibri-ds\/wp-json\/wp\/v2\/product\/2289","targetHints":{"allow":["GET"]}}],"collection":[{"href":"https:\/\/www.regionalis.shop\/kolibri-ds\/wp-json\/wp\/v2\/product"}],"about":[{"href":"https:\/\/www.regionalis.shop\/kolibri-ds\/wp-json\/wp\/v2\/types\/product"}],"wp:featuredmedia":[{"embeddable":true,"href":"https:\/\/www.regionalis.shop\/kolibri-ds\/wp-json\/wp\/v2\/media\/2290"}],"wp:attachment":[{"href":"https:\/\/www.regionalis.shop\/kolibri-ds\/wp-json\/wp\/v2\/media?parent=2289"}],"wp:term":[{"taxonomy":"product_brand","embeddable":true,"href":"https:\/\/www.regionalis.shop\/kolibri-ds\/wp-json\/wp\/v2\/product_brand?post=2289"},{"taxonomy":"product_cat","embeddable":true,"href":"https:\/\/www.regionalis.shop\/kolibri-ds\/wp-json\/wp\/v2\/product_cat?post=2289"},{"taxonomy":"product_tag","embeddable":true,"href":"https:\/\/www.regionalis.shop\/kolibri-ds\/wp-json\/wp\/v2\/product_tag?post=2289"}],"curies":[{"name":"wp","href":"https:\/\/api.w.org\/{rel}","templated":true}]}}