{"id":2643,"date":"2025-04-18T00:03:07","date_gmt":"2025-04-17T22:03:07","guid":{"rendered":"https:\/\/www.regionalis.shop\/kolibri-ds\/product\/geschenksverpackung-rotkehlchen\/"},"modified":"2025-04-18T00:03:07","modified_gmt":"2025-04-17T22:03:07","slug":"geschenksverpackung-rotkehlchen","status":"publish","type":"product","link":"https:\/\/www.regionalis.shop\/kolibri-ds\/shop\/geschenksverpackung-rotkehlchen\/","title":{"rendered":"Geschenksverpackung \u201eRotkehlchen\u201c"},"content":{"rendered":"<p>Diese Geschenkverpackung kann \u201ealle Jahre wieder\u201c verwendet werden.<br \/>\nDas Wachstuch ist sehr strapazierf\u00e4hig und bietet Platz f\u00fcr B\u00fccher, Schmuck, Spielzeug oder was dem Christkind sonst so in die Finger kommt, was nicht zu gro\u00df ist. Also Pony geht sich nicht aus.<br \/>\nFesch den M\u00fcllberg vermeiden<br \/>\nSchleife und Geschenkanh\u00e4nger im Preis inbegriffen, Farbe\/ Muster des Bandes k\u00f6nnen variieren<\/p>\n","protected":false},"excerpt":{"rendered":"<p>Diese Geschenkverpackung kann \u201ealle Jahre wieder\u201c verwendet werden. Das Wachstuch ist sehr strapazierf\u00e4hig und bietet Platz f\u00fcr B\u00fccher, Schmuck, Spielzeug oder was dem Christkind sonst so in die Finger kommt, was nicht zu gro\u00df ist. Also Pony geht sich nicht aus. Fesch den M\u00fcllberg vermeiden Schleife und Geschenkanh\u00e4nger im Preis inbegriffen, Farbe\/ Muster des Bandes &hellip; <a href=\"https:\/\/www.regionalis.shop\/kolibri-ds\/shop\/geschenksverpackung-rotkehlchen\/\">Continued<\/a><\/p>\n","protected":false},"featured_media":2644,"template":"","meta":{"_acf_changed":false},"product_brand":[],"product_cat":[173,103],"product_tag":[],"class_list":{"0":"post-2643","1":"product","2":"type-product","3":"status-publish","4":"has-post-thumbnail","6":"product_cat-weihnachten","7":"product_cat-wohnen-deko","9":"first","10":"instock","11":"purchasable","12":"product-type-simple"},"acf":[],"_links":{"self":[{"href":"https:\/\/www.regionalis.shop\/kolibri-ds\/wp-json\/wp\/v2\/product\/2643","targetHints":{"allow":["GET"]}}],"collection":[{"href":"https:\/\/www.regionalis.shop\/kolibri-ds\/wp-json\/wp\/v2\/product"}],"about":[{"href":"https:\/\/www.regionalis.shop\/kolibri-ds\/wp-json\/wp\/v2\/types\/product"}],"wp:featuredmedia":[{"embeddable":true,"href":"https:\/\/www.regionalis.shop\/kolibri-ds\/wp-json\/wp\/v2\/media\/2644"}],"wp:attachment":[{"href":"https:\/\/www.regionalis.shop\/kolibri-ds\/wp-json\/wp\/v2\/media?parent=2643"}],"wp:term":[{"taxonomy":"product_brand","embeddable":true,"href":"https:\/\/www.regionalis.shop\/kolibri-ds\/wp-json\/wp\/v2\/product_brand?post=2643"},{"taxonomy":"product_cat","embeddable":true,"href":"https:\/\/www.regionalis.shop\/kolibri-ds\/wp-json\/wp\/v2\/product_cat?post=2643"},{"taxonomy":"product_tag","embeddable":true,"href":"https:\/\/www.regionalis.shop\/kolibri-ds\/wp-json\/wp\/v2\/product_tag?post=2643"}],"curies":[{"name":"wp","href":"https:\/\/api.w.org\/{rel}","templated":true}]}}