{"id":108,"date":"2024-03-04T10:57:41","date_gmt":"2024-03-04T10:57:41","guid":{"rendered":"https:\/\/stage.shop-it.at\/?page_id=108"},"modified":"2025-10-21T17:33:35","modified_gmt":"2025-10-21T15:33:35","slug":"info","status":"publish","type":"page","link":"https:\/\/www.regionalis.shop\/kraeutermadame\/info\/","title":{"rendered":"Info"},"content":{"rendered":"<section>\n            <p>Mein Name ist Alex und ich nenne mich die Kr\u00e4utermadame.<br \/>\nIch bin gelernte K\u00f6chin, diplomierte Kr\u00e4uterp\u00e4dagogin und Mama von zwei kleinen Kindern.<br \/>\nIch habe mich immer mehr in die Geschm\u00e4cker der Wildpflanzen verliebt. Nicht nur auf die Zubereitung von Speisen habe ich mich spezialisiert, sondern auch auf die vielf\u00e4ltige Verwendung der Kr\u00e4uter. Ich stelle zum Gro\u00dfteil meine Naturkosmetik selbst her, wie Salben, Seifen, Cremen und Tinkturen. Ich lade euch ein euch von meiner Passion und Liebe zu Wildkr\u00e4utern begeistern zu lassen. Ob beim R\u00e4uchern, Kochen, Fermentieren oder auf einer meiner gef\u00fchrten Kr\u00e4uterexpeditionen.<br \/>\nF\u00fcr Jung und Alt, f\u00fcr urban und l\u00e4ndlich f\u00fcr jeden Geschmack ist etwas dabei.<br \/>\nIch braue meinen eigenen Kombucha und fermentiere ihn mit Wildkr\u00e4utern. So entstand auch mein neustes Projekt: ,, Die Kombucha Seife&#8220;<br \/>\nSeid gespannt, ich habe noch viele tolle Ideen.<\/p>\n\n    <\/section>\n\n\n<p><\/p>\n","protected":false},"excerpt":{"rendered":"","protected":false},"author":1,"featured_media":0,"parent":0,"menu_order":0,"comment_status":"closed","ping_status":"closed","template":"","meta":{"_acf_changed":false,"footnotes":""},"class_list":["post-108","page","type-page","status-publish","hentry"],"acf":[],"_links":{"self":[{"href":"https:\/\/www.regionalis.shop\/kraeutermadame\/wp-json\/wp\/v2\/pages\/108","targetHints":{"allow":["GET"]}}],"collection":[{"href":"https:\/\/www.regionalis.shop\/kraeutermadame\/wp-json\/wp\/v2\/pages"}],"about":[{"href":"https:\/\/www.regionalis.shop\/kraeutermadame\/wp-json\/wp\/v2\/types\/page"}],"author":[{"embeddable":true,"href":"https:\/\/www.regionalis.shop\/kraeutermadame\/wp-json\/wp\/v2\/users\/1"}],"replies":[{"embeddable":true,"href":"https:\/\/www.regionalis.shop\/kraeutermadame\/wp-json\/wp\/v2\/comments?post=108"}],"version-history":[{"count":39,"href":"https:\/\/www.regionalis.shop\/kraeutermadame\/wp-json\/wp\/v2\/pages\/108\/revisions"}],"predecessor-version":[{"id":1028,"href":"https:\/\/www.regionalis.shop\/kraeutermadame\/wp-json\/wp\/v2\/pages\/108\/revisions\/1028"}],"wp:attachment":[{"href":"https:\/\/www.regionalis.shop\/kraeutermadame\/wp-json\/wp\/v2\/media?parent=108"}],"curies":[{"name":"wp","href":"https:\/\/api.w.org\/{rel}","templated":true}]}}