{"id":1057,"date":"2025-04-18T08:32:59","date_gmt":"2025-04-18T06:32:59","guid":{"rendered":"https:\/\/www.regionalis.shop\/kraeutermadame\/product\/raeucherstoevchen\/"},"modified":"2025-04-18T08:32:59","modified_gmt":"2025-04-18T06:32:59","slug":"raeucherstoevchen","status":"publish","type":"product","link":"https:\/\/www.regionalis.shop\/kraeutermadame\/shop\/raeucherstoevchen\/","title":{"rendered":"R\u00e4ucherst\u00f6vchen"},"content":{"rendered":"<p>Individuelle R\u00e4ucherst\u00f6vchen von mir angefertigt.<br \/>\nDurch das Teelicht wird die Schale dar\u00fcber erhitzt und das R\u00e4uchwerk kann sanft seinen Duft entfalten.  Das St\u00f6vchen kann ca. 1-2 angez\u00fcndet werden.  Je nach R\u00e4uchermischungen muss der Inhalt bei Bedarf getauscht werden.<\/p>\n","protected":false},"excerpt":{"rendered":"<p>Individuelle R\u00e4ucherst\u00f6vchen von mir angefertigt. Durch das Teelicht wird die Schale dar\u00fcber erhitzt und das R\u00e4uchwerk kann sanft seinen Duft entfalten. Das St\u00f6vchen kann ca. 1-2 angez\u00fcndet werden. Je nach R\u00e4uchermischungen muss der Inhalt bei Bedarf getauscht werden.<\/p>\n","protected":false},"featured_media":1058,"template":"","meta":{"_acf_changed":false},"product_brand":[],"product_cat":[41,64],"product_tag":[],"class_list":{"0":"post-1057","1":"product","2":"type-product","3":"status-publish","4":"has-post-thumbnail","6":"product_cat-freizeit-lifestyle","7":"product_cat-raeucherwerk","9":"first","10":"instock","11":"purchasable","12":"product-type-simple"},"acf":[],"_links":{"self":[{"href":"https:\/\/www.regionalis.shop\/kraeutermadame\/wp-json\/wp\/v2\/product\/1057","targetHints":{"allow":["GET"]}}],"collection":[{"href":"https:\/\/www.regionalis.shop\/kraeutermadame\/wp-json\/wp\/v2\/product"}],"about":[{"href":"https:\/\/www.regionalis.shop\/kraeutermadame\/wp-json\/wp\/v2\/types\/product"}],"wp:featuredmedia":[{"embeddable":true,"href":"https:\/\/www.regionalis.shop\/kraeutermadame\/wp-json\/wp\/v2\/media\/1058"}],"wp:attachment":[{"href":"https:\/\/www.regionalis.shop\/kraeutermadame\/wp-json\/wp\/v2\/media?parent=1057"}],"wp:term":[{"taxonomy":"product_brand","embeddable":true,"href":"https:\/\/www.regionalis.shop\/kraeutermadame\/wp-json\/wp\/v2\/product_brand?post=1057"},{"taxonomy":"product_cat","embeddable":true,"href":"https:\/\/www.regionalis.shop\/kraeutermadame\/wp-json\/wp\/v2\/product_cat?post=1057"},{"taxonomy":"product_tag","embeddable":true,"href":"https:\/\/www.regionalis.shop\/kraeutermadame\/wp-json\/wp\/v2\/product_tag?post=1057"}],"curies":[{"name":"wp","href":"https:\/\/api.w.org\/{rel}","templated":true}]}}