{"id":1079,"date":"2025-04-18T06:02:56","date_gmt":"2025-04-18T04:02:56","guid":{"rendered":"https:\/\/www.regionalis.shop\/kraeutermadame\/product\/die-kombucha-seife\/"},"modified":"2025-04-18T06:02:56","modified_gmt":"2025-04-18T04:02:56","slug":"die-kombucha-seife","status":"publish","type":"product","link":"https:\/\/www.regionalis.shop\/kraeutermadame\/shop\/die-kombucha-seife\/","title":{"rendered":",,Die Kombucha Seife\u201c"},"content":{"rendered":"<p>Die\u201c Kombucha Seife<br \/>\nein seidiger Schaum f\u00fcr Haut und Haar<\/p>\n<p>Die zarte Version f\u00fcr die Haut, sie wirkt r\u00fcckfettend und beinhaltet sowohl den Kombucha Pilz als auch den Kombucha Essig. Die enthaltenen Vitamine C und B sollen das Haarwachstum anregen und f\u00fcr kr\u00e4ftiges Haar mit einem gesunden Glanz sorgen. Das Haar beginnt intensiver zu wachsen und wird gl\u00e4nzender. Es sollte aber wie bei jeder Naturhaarseife danach eine ,,Rinse \u201c(Sp\u00fclung aus Apfelessig und Wasser\/ Kombucha Essig und Wasser) verwendet werden. Auch f\u00fcr Kinder geeignet.<\/p>\n<p>Die Seifen wurden in Kooperation mit der lieben Kornelia von @kosparenatur kreiert, designt und gesiedet.<\/p>\n","protected":false},"excerpt":{"rendered":"<p>Die\u201c Kombucha Seife ein seidiger Schaum f\u00fcr Haut und Haar Die zarte Version f\u00fcr die Haut, sie wirkt r\u00fcckfettend und beinhaltet sowohl den Kombucha Pilz als auch den Kombucha Essig. Die enthaltenen Vitamine C und B sollen das Haarwachstum anregen und f\u00fcr kr\u00e4ftiges Haar mit einem gesunden Glanz sorgen. Das Haar beginnt intensiver zu wachsen &hellip; <a href=\"https:\/\/www.regionalis.shop\/kraeutermadame\/shop\/die-kombucha-seife\/\">Continued<\/a><\/p>\n","protected":false},"featured_media":1080,"template":"","meta":{"_acf_changed":false},"product_brand":[],"product_cat":[52,76],"product_tag":[],"class_list":{"0":"post-1079","1":"product","2":"type-product","3":"status-publish","4":"has-post-thumbnail","6":"product_cat-kosmetika","7":"product_cat-seifen","9":"first","10":"instock","11":"purchasable","12":"product-type-simple"},"acf":[],"_links":{"self":[{"href":"https:\/\/www.regionalis.shop\/kraeutermadame\/wp-json\/wp\/v2\/product\/1079","targetHints":{"allow":["GET"]}}],"collection":[{"href":"https:\/\/www.regionalis.shop\/kraeutermadame\/wp-json\/wp\/v2\/product"}],"about":[{"href":"https:\/\/www.regionalis.shop\/kraeutermadame\/wp-json\/wp\/v2\/types\/product"}],"wp:featuredmedia":[{"embeddable":true,"href":"https:\/\/www.regionalis.shop\/kraeutermadame\/wp-json\/wp\/v2\/media\/1080"}],"wp:attachment":[{"href":"https:\/\/www.regionalis.shop\/kraeutermadame\/wp-json\/wp\/v2\/media?parent=1079"}],"wp:term":[{"taxonomy":"product_brand","embeddable":true,"href":"https:\/\/www.regionalis.shop\/kraeutermadame\/wp-json\/wp\/v2\/product_brand?post=1079"},{"taxonomy":"product_cat","embeddable":true,"href":"https:\/\/www.regionalis.shop\/kraeutermadame\/wp-json\/wp\/v2\/product_cat?post=1079"},{"taxonomy":"product_tag","embeddable":true,"href":"https:\/\/www.regionalis.shop\/kraeutermadame\/wp-json\/wp\/v2\/product_tag?post=1079"}],"curies":[{"name":"wp","href":"https:\/\/api.w.org\/{rel}","templated":true}]}}