{"id":1080,"date":"2025-04-18T09:30:29","date_gmt":"2025-04-18T07:30:29","guid":{"rendered":"https:\/\/www.regionalis.shop\/kraeuterwerkstatt-natur-aromamanufaktur\/product\/fellspuelung-conditioner-tierpflege\/"},"modified":"2025-04-18T09:30:29","modified_gmt":"2025-04-18T07:30:29","slug":"fellspuelung-conditioner-tierpflege","status":"publish","type":"product","link":"https:\/\/www.regionalis.shop\/kraeuterwerkstatt-natur-aromamanufaktur\/shop\/fellspuelung-conditioner-tierpflege\/","title":{"rendered":"FELLSP\u00dcLUNG &#038; Conditioner (Tierpflege)"},"content":{"rendered":"<p>Nat\u00fcrliche FELLSP\u00dcLUNG &#038; Conditioner* f\u00fcr Hunde<br \/>\nHergestellt in \u00d6sterreich aus rein pflanzlichen und hochwertigen Rohstoffen. Mit st\u00e4rkenden Kr\u00e4uteressenzen- und tinktur sowie 100% naturreinem \u00e4therischem \u00d6l.<\/p>\n<p>Diese nat\u00fcrliche Fellsp\u00fclung ist die perfekte Pflege nach dem Bad mit Naturseife. Kr\u00e4uter st\u00e4rken das Fell mit ihren wertvollen Inhaltsstoffen und verleihen mattem, stumpfen Fell auf nat\u00fcrliche Weise wieder einen wunderbaren Glanz und K\u00e4mmbarkeit. <\/p>\n<p>F\u00dcR WELCHE RASSEN <\/p>\n<p>F\u00fcr alle Hunderassen bestens geeignet \u2013 auch f\u00fcr empfindliche Haut.<\/p>\n<p>DAS BESONDERE<\/p>\n<p>100% nat\u00fcrlich<br \/>\nmit besten Rohstoffen<br \/>\nrein pflanzlich<br \/>\nfrei von Konservierungsstoffen<br \/>\n100ml Zerst\u00e4uber<\/p>\n<p>Inhaltsstoffe in Deutsch:<br \/>\nWasser, Essig, Brennnesseltisane, Thymiantisane, Alkohol, \u00e4therisches Lavendel\u00f6l.<\/p>\n<p>Ingredients:  <\/p>\n<p>AQUA, ACETUM, URTICA DIOICA, THYMUS VULGARIS, ALCOHOL, LAVANDULA ANGUSTIFOLIA OIL, LIMONENE*, LINALOOL*.<br \/>\n*nat\u00fcrlicher Bestandteil \u00e4therischer \u00d6le.<\/p>\n<p>Hinweis: Bestimmt f\u00fcr die Tierpflege, keine Arznei und kein Biozid.<\/p>\n","protected":false},"excerpt":{"rendered":"<p>Nat\u00fcrliche FELLSP\u00dcLUNG &#038; Conditioner* f\u00fcr Hunde Hergestellt in \u00d6sterreich aus rein pflanzlichen und hochwertigen Rohstoffen. Mit st\u00e4rkenden Kr\u00e4uteressenzen- und tinktur sowie 100% naturreinem \u00e4therischem \u00d6l. Diese nat\u00fcrliche Fellsp\u00fclung ist die perfekte Pflege nach dem Bad mit Naturseife. Kr\u00e4uter st\u00e4rken das Fell mit ihren wertvollen Inhaltsstoffen und verleihen mattem, stumpfen Fell auf nat\u00fcrliche Weise wieder einen &hellip; <a href=\"https:\/\/www.regionalis.shop\/kraeuterwerkstatt-natur-aromamanufaktur\/shop\/fellspuelung-conditioner-tierpflege\/\">Continued<\/a><\/p>\n","protected":false},"featured_media":1081,"template":"","meta":{"_acf_changed":false},"product_brand":[],"product_cat":[162,83],"product_tag":[],"class_list":{"0":"post-1080","1":"product","2":"type-product","3":"status-publish","4":"has-post-thumbnail","6":"product_cat-null","7":"product_cat-sonstiges","9":"first","10":"instock","11":"purchasable","12":"product-type-simple"},"acf":[],"_links":{"self":[{"href":"https:\/\/www.regionalis.shop\/kraeuterwerkstatt-natur-aromamanufaktur\/wp-json\/wp\/v2\/product\/1080","targetHints":{"allow":["GET"]}}],"collection":[{"href":"https:\/\/www.regionalis.shop\/kraeuterwerkstatt-natur-aromamanufaktur\/wp-json\/wp\/v2\/product"}],"about":[{"href":"https:\/\/www.regionalis.shop\/kraeuterwerkstatt-natur-aromamanufaktur\/wp-json\/wp\/v2\/types\/product"}],"wp:featuredmedia":[{"embeddable":true,"href":"https:\/\/www.regionalis.shop\/kraeuterwerkstatt-natur-aromamanufaktur\/wp-json\/wp\/v2\/media\/1081"}],"wp:attachment":[{"href":"https:\/\/www.regionalis.shop\/kraeuterwerkstatt-natur-aromamanufaktur\/wp-json\/wp\/v2\/media?parent=1080"}],"wp:term":[{"taxonomy":"product_brand","embeddable":true,"href":"https:\/\/www.regionalis.shop\/kraeuterwerkstatt-natur-aromamanufaktur\/wp-json\/wp\/v2\/product_brand?post=1080"},{"taxonomy":"product_cat","embeddable":true,"href":"https:\/\/www.regionalis.shop\/kraeuterwerkstatt-natur-aromamanufaktur\/wp-json\/wp\/v2\/product_cat?post=1080"},{"taxonomy":"product_tag","embeddable":true,"href":"https:\/\/www.regionalis.shop\/kraeuterwerkstatt-natur-aromamanufaktur\/wp-json\/wp\/v2\/product_tag?post=1080"}],"curies":[{"name":"wp","href":"https:\/\/api.w.org\/{rel}","templated":true}]}}