{"id":1132,"date":"2025-04-18T09:28:20","date_gmt":"2025-04-18T07:28:20","guid":{"rendered":"https:\/\/www.regionalis.shop\/kraeuterwerkstatt-natur-aromamanufaktur\/product\/naturseife-shampoo-handgesiedet\/"},"modified":"2025-04-18T09:28:20","modified_gmt":"2025-04-18T07:28:20","slug":"naturseife-shampoo-handgesiedet","status":"publish","type":"product","link":"https:\/\/www.regionalis.shop\/kraeuterwerkstatt-natur-aromamanufaktur\/shop\/naturseife-shampoo-handgesiedet\/","title":{"rendered":"Naturseife SHAMPOO handgesiedet"},"content":{"rendered":"<p>Naturseife SHAMPOO handgesiedet<br \/>\nHergestellt in Handarbeit aus rein pflanzlichen und hochwertigen \u00d6len. Mit Oliven\u00f6l, Kokos\u00f6l, Traubenkern\u00f6l, Rizinus\u00f6l, Babassu\u00f6l, Avocado\u00f6l und 100% naturreinem \u00e4therischem Rosmarin- und Lavendel\u00f6l.<\/p>\n<p>Nat\u00fcrliches Shampoo in fester Form. Mild und f\u00fcr alle Haartypen geeignet. Rosmarin erfrischt die Kopfhaut und die pflegenden rein pflanzlichen \u00d6le st\u00e4rken und kr\u00e4ftigen das Haar \u2013 f\u00fchl die wohl! <\/p>\n<p>DER DUFT <\/p>\n<p>Rosmarin, Thymian, Lavendel <\/p>\n<p>F\u00dcR WELCHEN HAUTTYP <\/p>\n<p>F\u00fcr alle Hauttypen bestens geeignet \u2013 auch f\u00fcr empfindliches Haar und Haut. <\/p>\n<p>ANWENDUNG <\/p>\n<p>Haarseife mit viel warmen Wasser in der Hand oder direkt auf dem nassen Haar aufsch\u00e4umen und wie gewohnt in die Haare und Kopfhaut einmassieren, danach gr\u00fcndlich aussp\u00fclen. <\/p>\n<p>DIE HERSTELLUNG <\/p>\n<p>Diese Seife enth\u00e4lt nur hochwertige Rohstoffe. Das nat\u00fcrliche Glyzerin \u2013 welches bei der Verseifung entsteht \u2013 bleibt bei der schonenden Herstellung erhalten und macht diese Seife besonders hautvertr\u00e4glich. Sie ist daher auch bestens f\u00fcr empfindliche Haut geeignet. <\/p>\n<p>DAS BESONDERE<\/p>\n<p>handgesiedet und nat\u00fcrlich<br \/>\nangenehmer, beruhigender Duft<br \/>\nmit Oliven, Kokos\u00f6l, Traubenkern-, Babassu-, Rizinus- und Avocado\u00f6l<br \/>\n100% naturreines \u00e4ther. Rosmarin- und Lavendel\u00f6l<br \/>\nrein pflanzlich und vegan<br \/>\nhergestellt in \u00d6sterreich<br \/>\nvon Hand verpackt ohne Plastik<br \/>\nfrei von Konservierungsstoffen<br \/>\n120g Frischgewicht<\/p>\n<p>Inhaltsstoffe in Deutsch: Oliven\u00f6l, Kokos\u00f6l, Traubenkern\u00f6l, nat\u00fcrliches Glycerin, Avocado\u00f6l, Babassu\u00f6l, \u00e4ther. Lavandin\u00f6l, \u00e4ther. Rosmarin\u00f6l, naturid.\u00e4ther. \u00d6l Thymian. <\/p>\n<p>Ingredients: SODIUM OLIVATE, SODIUM COCOATE, SODIUM GRAPESEEDATE, GLYCERIN, SODIUM AVOCADOATE, SODIUM BABASSUATE, LAVANDULA HYBRIDA OIL, ROSMARINUS OFFICINALIS LEAF OIL, LINALOOL*, PARFUM, LIMONENE*, GERANIOL*.<\/p>\n<p>*nat\u00fcrlicher Bestandteil \u00e4therischer \u00d6le. <\/p>\n<p>Hinweise &#038; Tipps: die &#8222;saure Rinse&#8220;<br \/>\nIch habe Probleme mit der Haarseife, an was kann das liegen? <\/p>\n<p>Haare brauchen, um ein tolles Ergebnis zu erreichen, eine Eingew\u00f6hnungsphase. Wie lange diese dauert h\u00e4ngt meist davon ab, welche Produkte du vorher benutzt hast (Shampoos und Sp\u00fclungen mit Tensiden, Silikonen etc.), wie oft du deine Haare w\u00e4scht und wie deine Haarbeschaffenheit ist (d\u00fcnne\/dicke Haare, trockene\/fettige Haare etc). Au\u00dferdem sollte man in der Umstellungsphase mit keinen anderen Pflegeprodukten die Haare waschen.<\/p>\n<p>Mein Haar f\u00fchlt sich nach dem Waschen spr\u00f6de\/trocken oder klebrig\/fettig an! <\/p>\n<p>F\u00fcr die Haarw\u00e4sche ist auch die H\u00e4rte des Wassers wichtig! Optimal ist weiches Wasser, das wenig Kalk enth\u00e4lt. Hartes Wasser (=kalkhaltig) enth\u00e4lt viel gel\u00f6stes Calcium und Magnesium. Der Kalk legt sich beim Waschen dann an den Haaren ab. So kann sich das Haar nach dem Waschen entweder spr\u00f6de, trocken oder aber auch klebrig und fettig anf\u00fchlen (so als ob du dir die Haare tagelang nicht gewaschen h\u00e4ttest). Sehr hartes Wasser macht die Haarw\u00e4sche mit Seife grunds\u00e4tzlich schwieriger, denn durch die Mischung von hartem Wasser und Haarseife entsteht \u201eKalkseife\u201c, die sich auf die Kopfhaut legt und eine wei\u00dfe feste Schicht auf den Haaren hinterl\u00e4sst. <\/p>\n<p>Hier empfehle ich eine \u201esaure Rinse\u201c <\/p>\n<p>Eine Sp\u00fclung mit einer sauren Rinse wirkt diesem Problem entgegen und macht dein Haar wieder geschmeidig, gl\u00e4nzend und leicht k\u00e4mmbar. <\/p>\n<p>Was ist eine saure Rinse? <\/p>\n<p>Ein saure Rinse kannst du selbst herstellen: <\/p>\n<p>Rezept: 3 Essl\u00f6ffel Apfelessig oder Zitronensaft auf 1 Liter Wasser. <\/p>\n<p>Wichtig ist, dass du die saure Rinse nicht ausw\u00e4scht. Diese wird wie ein Conditioner im Haar belassen und macht es gl\u00e4nzend und leicht k\u00e4mmbar. Und keine Sorge &#8211; der Essiggeruch verfliegt nachdem die Haare trocken sind<\/p>\n","protected":false},"excerpt":{"rendered":"<p>Naturseife SHAMPOO handgesiedet Hergestellt in Handarbeit aus rein pflanzlichen und hochwertigen \u00d6len. Mit Oliven\u00f6l, Kokos\u00f6l, Traubenkern\u00f6l, Rizinus\u00f6l, Babassu\u00f6l, Avocado\u00f6l und 100% naturreinem \u00e4therischem Rosmarin- und Lavendel\u00f6l. Nat\u00fcrliches Shampoo in fester Form. Mild und f\u00fcr alle Haartypen geeignet. Rosmarin erfrischt die Kopfhaut und die pflegenden rein pflanzlichen \u00d6le st\u00e4rken und kr\u00e4ftigen das Haar \u2013 f\u00fchl die &hellip; <a href=\"https:\/\/www.regionalis.shop\/kraeuterwerkstatt-natur-aromamanufaktur\/shop\/naturseife-shampoo-handgesiedet\/\">Continued<\/a><\/p>\n","protected":false},"featured_media":1133,"template":"","meta":{"_acf_changed":false},"product_brand":[],"product_cat":[52,76],"product_tag":[],"class_list":{"0":"post-1132","1":"product","2":"type-product","3":"status-publish","4":"has-post-thumbnail","6":"product_cat-kosmetika","7":"product_cat-seifen","9":"first","10":"instock","11":"purchasable","12":"product-type-simple"},"acf":[],"_links":{"self":[{"href":"https:\/\/www.regionalis.shop\/kraeuterwerkstatt-natur-aromamanufaktur\/wp-json\/wp\/v2\/product\/1132","targetHints":{"allow":["GET"]}}],"collection":[{"href":"https:\/\/www.regionalis.shop\/kraeuterwerkstatt-natur-aromamanufaktur\/wp-json\/wp\/v2\/product"}],"about":[{"href":"https:\/\/www.regionalis.shop\/kraeuterwerkstatt-natur-aromamanufaktur\/wp-json\/wp\/v2\/types\/product"}],"wp:featuredmedia":[{"embeddable":true,"href":"https:\/\/www.regionalis.shop\/kraeuterwerkstatt-natur-aromamanufaktur\/wp-json\/wp\/v2\/media\/1133"}],"wp:attachment":[{"href":"https:\/\/www.regionalis.shop\/kraeuterwerkstatt-natur-aromamanufaktur\/wp-json\/wp\/v2\/media?parent=1132"}],"wp:term":[{"taxonomy":"product_brand","embeddable":true,"href":"https:\/\/www.regionalis.shop\/kraeuterwerkstatt-natur-aromamanufaktur\/wp-json\/wp\/v2\/product_brand?post=1132"},{"taxonomy":"product_cat","embeddable":true,"href":"https:\/\/www.regionalis.shop\/kraeuterwerkstatt-natur-aromamanufaktur\/wp-json\/wp\/v2\/product_cat?post=1132"},{"taxonomy":"product_tag","embeddable":true,"href":"https:\/\/www.regionalis.shop\/kraeuterwerkstatt-natur-aromamanufaktur\/wp-json\/wp\/v2\/product_tag?post=1132"}],"curies":[{"name":"wp","href":"https:\/\/api.w.org\/{rel}","templated":true}]}}