{"id":1203,"date":"2025-04-18T06:50:34","date_gmt":"2025-04-18T04:50:34","guid":{"rendered":"https:\/\/www.regionalis.shop\/kraeuterwerkstatt-natur-aromamanufaktur\/product\/pflegeshampoo-duschgel-rose\/"},"modified":"2025-04-18T06:50:34","modified_gmt":"2025-04-18T04:50:34","slug":"pflegeshampoo-duschgel-rose","status":"publish","type":"product","link":"https:\/\/www.regionalis.shop\/kraeuterwerkstatt-natur-aromamanufaktur\/shop\/pflegeshampoo-duschgel-rose\/","title":{"rendered":"Pflegeshampoo (Duschgel) ROSE"},"content":{"rendered":"<p>Pflegeshampoo mit ROSE &#8211; die intensive Pflege f\u00fcr die ganze Familie!<br \/>\nAls intensives Pflege-Shampoo pflegt es trockenes und glanzloses Haar,  spendet Feuchtigkeit, w\u00e4scht gr\u00fcndlich und schonend, ist dabei aber sehr sanft.<br \/>\nMit Rose, Kokos\u00f6l und hochwertigen Pflanzen\u00f6len. <\/p>\n<p>Rose ist bekannt f\u00fcr ihre intensiv pflegenden Eigenschaften. Das ist genau der richtige Inhaltsstoff f\u00fcr eine intensive und schonende Haarpflege. Es pflegt dein Haar, die Kopfhaut und den ganzen K\u00f6rper ohne zu belasten. Besonders gut geeignet f\u00fcr trockenes und glanzloses Haar aber auch normales Haar ist mit diesem Shampoo optimal gepflegt \u2013 ein Shampoo f\u00fcr die ganze Familie eben. <\/p>\n<p>Inhaltsstoffe wie Parabene, Palm\u00f6l, Silikone oder Erd\u00f6l suchst du in diesem Produkt vergebens. Dieses Pflegeprodukt wird aus hochwertigen sowie nat\u00fcrlichen Zutaten hergestellt. So pflegt es auf ganz nat\u00fcrliche Weise Haar und Haut. Dieses Pflegeshampoo ist auch f\u00fcr empfindliches Haar- und Hauttypen bestens geeignet! Es w\u00e4scht gr\u00fcndlich und schonend. <\/p>\n<p>Besonders geeignet&#8230;.<br \/>\nbei trockenem und glanzlosem Haar<br \/>\nf\u00fcr normales Haar<br \/>\npflegt die Kopfhaut<br \/>\nschenkt Feuchtigkeit<br \/>\nintensiv pflegend<br \/>\nAnwendung<br \/>\nDieses Shampoo ist hochkonzentriert und deswegen sehr ergiebig. So reicht schon eine kleine Menge f\u00fcr eine effektive Haarw\u00e4sche und Duscherlebnis. <\/p>\n<p>330ml<br \/>\nIngredients: Aqua, Sodium Laureth Sulfate, Cocamidopropyl Betaine, Lauryl Glucoside, Coco-Gucoside, Glyceryl Oleate, Parfum, Sheep Milk, Sodium Chloride, Glycol Distearate, Laureth-4, Guar Hydroxypropyltrimonium Chloride, Phenoxyethanol, Benzoic Acid, Dehydroacetic Acid, Citric Acid, Glycerin, Formic Acid, Citronellol*, Geraniol*, Cinnamyl*, Alcohol.<\/p>\n<p>*nat\u00fcrlicher Bestandteil \u00e4therischer \u00d6le.<\/p>\n","protected":false},"excerpt":{"rendered":"<p>Pflegeshampoo mit ROSE &#8211; die intensive Pflege f\u00fcr die ganze Familie! Als intensives Pflege-Shampoo pflegt es trockenes und glanzloses Haar, spendet Feuchtigkeit, w\u00e4scht gr\u00fcndlich und schonend, ist dabei aber sehr sanft. Mit Rose, Kokos\u00f6l und hochwertigen Pflanzen\u00f6len. Rose ist bekannt f\u00fcr ihre intensiv pflegenden Eigenschaften. Das ist genau der richtige Inhaltsstoff f\u00fcr eine intensive und &hellip; <a href=\"https:\/\/www.regionalis.shop\/kraeuterwerkstatt-natur-aromamanufaktur\/shop\/pflegeshampoo-duschgel-rose\/\">Continued<\/a><\/p>\n","protected":false},"featured_media":1204,"template":"","meta":{"_acf_changed":false},"product_brand":[],"product_cat":[140,52],"product_tag":[],"class_list":{"0":"post-1203","1":"product","2":"type-product","3":"status-publish","4":"has-post-thumbnail","6":"product_cat-haar-bartpflege","7":"product_cat-kosmetika","9":"first","10":"instock","11":"purchasable","12":"product-type-simple"},"acf":[],"_links":{"self":[{"href":"https:\/\/www.regionalis.shop\/kraeuterwerkstatt-natur-aromamanufaktur\/wp-json\/wp\/v2\/product\/1203","targetHints":{"allow":["GET"]}}],"collection":[{"href":"https:\/\/www.regionalis.shop\/kraeuterwerkstatt-natur-aromamanufaktur\/wp-json\/wp\/v2\/product"}],"about":[{"href":"https:\/\/www.regionalis.shop\/kraeuterwerkstatt-natur-aromamanufaktur\/wp-json\/wp\/v2\/types\/product"}],"wp:featuredmedia":[{"embeddable":true,"href":"https:\/\/www.regionalis.shop\/kraeuterwerkstatt-natur-aromamanufaktur\/wp-json\/wp\/v2\/media\/1204"}],"wp:attachment":[{"href":"https:\/\/www.regionalis.shop\/kraeuterwerkstatt-natur-aromamanufaktur\/wp-json\/wp\/v2\/media?parent=1203"}],"wp:term":[{"taxonomy":"product_brand","embeddable":true,"href":"https:\/\/www.regionalis.shop\/kraeuterwerkstatt-natur-aromamanufaktur\/wp-json\/wp\/v2\/product_brand?post=1203"},{"taxonomy":"product_cat","embeddable":true,"href":"https:\/\/www.regionalis.shop\/kraeuterwerkstatt-natur-aromamanufaktur\/wp-json\/wp\/v2\/product_cat?post=1203"},{"taxonomy":"product_tag","embeddable":true,"href":"https:\/\/www.regionalis.shop\/kraeuterwerkstatt-natur-aromamanufaktur\/wp-json\/wp\/v2\/product_tag?post=1203"}],"curies":[{"name":"wp","href":"https:\/\/api.w.org\/{rel}","templated":true}]}}