{"id":862,"date":"2025-05-24T13:44:06","date_gmt":"2025-05-24T11:44:06","guid":{"rendered":"https:\/\/starter.stage.shop-it.at\/?page_id=862"},"modified":"2025-10-23T15:21:37","modified_gmt":"2025-10-23T13:21:37","slug":"startseite","status":"publish","type":"page","link":"https:\/\/www.regionalis.shop\/krismar-seewinkler-naturkosmetik\/","title":{"rendered":"Startseite"},"content":{"rendered":"<section>\n        <div class=\"header-image\">\n            <img decoding=\"async\" src=\"https:\/\/www.regionalis.shop\/app\/uploads\/sites\/319\/DSC_7539-scaled.jpg\" alt=\"\">\n        <\/div>\n    \n    <\/section>\n    <section>\n    <div class=\"header-title\">\n        <h1 class=\"h2\">Willkommen bei KrisMar Seewinkler Naturkosmetik<\/h1>\n    <\/div>\n            <h2 class=\"h3\">Handgemacht in Wallern in Burgenland<\/h2>\n                <p>&#8211;KrisMar \u2013 Mit Liebe gemacht \u2013 von Hand, im Burgenland&#8211;<\/p>\n<div class=\"fusion-title title fusion-title-1 fusion-sep-none fusion-title-text fusion-title-size-one\">\n<p class=\"fusion-title-heading title-heading-left\">\n<\/div>\n<div class=\"fusion-title title fusion-title-2 fusion-sep-none fusion-title-text fusion-title-size-two\">\n<p class=\"fusion-title-heading title-heading-left\">Entdecke die Sch\u00f6nheit der Natur mit Seewinkler Naturkosmetik. Weil deine Haut das Beste aus der Natur verdient.<\/p>\n<\/div>\n<p>Wir sind zwei naturverbundene, diplomierte Kosmetik Herstellerinnen, die ihr Wissen und Leidenschaft in Herstellung von Naturkosmetik entfalten.<\/p>\n<p>Unsere Begeisterung f\u00fcr die Sch\u00e4tze der Natur wollen wir als pflegende Kreationen an unsere Kunden weitergeben.<\/p>\n<p>100% Handarbeit, 100% Naturkosmetik, 100% mit Liebe handger\u00fchrt<\/p>\n<p>Bei der Auswahl unserer\u00a0Rohstoffe\u00a0gehen wir mit gr\u00f6\u00dfter Sorgfalt vor.<br \/>\nWir verwenden nur hochwertige, gepr\u00fcfte und m\u00f6glichst nachhaltig gewonnene Zutaten \u2013 aus \u00dcberzeugung und mit einem tiefen Verantwortungsgef\u00fchl. F\u00fcr uns z\u00e4hlt die\u00a0Balance zwischen Wirksamkeit, Hautvertr\u00e4glichkeit und ehrlicher Herstellung\u00a0\u2013 ohne Kompromisse bei Qualit\u00e4t oder Sicherheit.<br \/>\nDabei setzen wir auf das Beste, was die Natur uns schenkt:<br \/>\nduftende Hydrolate,\u00a0kaltgepresste Pflanzen\u00f6le,\u00a0reine \u00e4therische \u00d6le\u00a0und\u00a0hochwirksame Pflanzenextrakte\u00a0\u2013 sorgf\u00e4ltig kombiniert f\u00fcr nat\u00fcrliche Pflege, die wirkt und verw\u00f6hnt.<\/p>\n<p>ab 60,- Bestellwert versenden wir innerhalb \u00d6sterreichs kostenlos .<\/p>\n\n    \n    <h3>Produkte<\/h3>\n\n    <div class=\"woocommerce columns-3 \"><ul class=\"products columns-3\">\n<li class=\"product type-product post-1195 status-publish first instock product_cat-gesichtspflege product_cat-kosmetika has-post-thumbnail purchasable product-type-simple\">\n\t<a href=\"https:\/\/www.regionalis.shop\/krismar-seewinkler-naturkosmetik\/shop\/wolkenschaum_gesichtsreinigung\/\" class=\"woocommerce-LoopProduct-link woocommerce-loop-product__link\"><div class=\"wc-block-grid__product-image\"><img loading=\"lazy\" decoding=\"async\" width=\"1024\" height=\"683\" src=\"https:\/\/www.regionalis.shop\/app\/uploads\/sites\/319\/Wolken-Schaum_3_1-1024x683.jpg\" class=\"attachment-large size-large\" alt=\"Wolkenschaum Gesichtsreinigung\" srcset=\"https:\/\/www.regionalis.shop\/app\/uploads\/sites\/319\/Wolken-Schaum_3_1-1024x683.jpg 1024w, https:\/\/www.regionalis.shop\/app\/uploads\/sites\/319\/Wolken-Schaum_3_1-300x200.jpg 300w, https:\/\/www.regionalis.shop\/app\/uploads\/sites\/319\/Wolken-Schaum_3_1-768x512.jpg 768w, https:\/\/www.regionalis.shop\/app\/uploads\/sites\/319\/Wolken-Schaum_3_1-600x400.jpg 600w, https:\/\/www.regionalis.shop\/app\/uploads\/sites\/319\/Wolken-Schaum_3_1.jpg 1500w\" sizes=\"auto, (max-width: 1024px) 100vw, 1024px\" \/><\/div><h2 class=\"woocommerce-loop-product__title\">Wolkenschaum Gesichtsreinigung<\/h2>\n\t<span class=\"price\"><span class=\"woocommerce-Price-amount amount\"><bdi>16,90&nbsp;<span class=\"woocommerce-Price-currencySymbol\">&euro;<\/span><\/bdi><\/span><\/span>\n<\/a><\/li>\n<li class=\"product type-product post-1194 status-publish instock product_cat-cremen-salben product_cat-gesichtspflege product_cat-kosmetika has-post-thumbnail purchasable product-type-simple\">\n\t<a href=\"https:\/\/www.regionalis.shop\/krismar-seewinkler-naturkosmetik\/shop\/gesichtscreme-federleicht\/\" class=\"woocommerce-LoopProduct-link woocommerce-loop-product__link\"><div class=\"wc-block-grid__product-image\"><img loading=\"lazy\" decoding=\"async\" width=\"1024\" height=\"683\" src=\"https:\/\/www.regionalis.shop\/app\/uploads\/sites\/319\/Feder-Leicht_3_1-1024x683.jpg\" class=\"attachment-large size-large\" alt=\"Gesichtscreme Federleicht\" srcset=\"https:\/\/www.regionalis.shop\/app\/uploads\/sites\/319\/Feder-Leicht_3_1-1024x683.jpg 1024w, https:\/\/www.regionalis.shop\/app\/uploads\/sites\/319\/Feder-Leicht_3_1-300x200.jpg 300w, https:\/\/www.regionalis.shop\/app\/uploads\/sites\/319\/Feder-Leicht_3_1-768x512.jpg 768w, https:\/\/www.regionalis.shop\/app\/uploads\/sites\/319\/Feder-Leicht_3_1-600x400.jpg 600w, https:\/\/www.regionalis.shop\/app\/uploads\/sites\/319\/Feder-Leicht_3_1.jpg 1500w\" sizes=\"auto, (max-width: 1024px) 100vw, 1024px\" \/><\/div><h2 class=\"woocommerce-loop-product__title\">Gesichtscreme Federleicht<\/h2>\n\t<span class=\"price\"><span class=\"woocommerce-Price-amount amount\"><bdi>29,50&nbsp;<span class=\"woocommerce-Price-currencySymbol\">&euro;<\/span><\/bdi><\/span><\/span>\n<\/a><\/li>\n<li class=\"product type-product post-1188 status-publish last instock product_cat-babys-muetter product_cat-cremen-salben product_cat-koerperpflege product_cat-kosmetika has-post-thumbnail purchasable product-type-simple\">\n\t<a href=\"https:\/\/www.regionalis.shop\/krismar-seewinkler-naturkosmetik\/shop\/koerperlotion-nachtkerze\/\" class=\"woocommerce-LoopProduct-link woocommerce-loop-product__link\"><div class=\"wc-block-grid__product-image\"><img loading=\"lazy\" decoding=\"async\" width=\"1024\" height=\"683\" src=\"https:\/\/www.regionalis.shop\/app\/uploads\/sites\/319\/Nachtkerze-Korperlotion_2_1-1024x683.jpg\" class=\"attachment-large size-large\" alt=\"K\u00f6rperlotion Nachtkerze\" srcset=\"https:\/\/www.regionalis.shop\/app\/uploads\/sites\/319\/Nachtkerze-Korperlotion_2_1-1024x683.jpg 1024w, https:\/\/www.regionalis.shop\/app\/uploads\/sites\/319\/Nachtkerze-Korperlotion_2_1-300x200.jpg 300w, https:\/\/www.regionalis.shop\/app\/uploads\/sites\/319\/Nachtkerze-Korperlotion_2_1-768x512.jpg 768w, https:\/\/www.regionalis.shop\/app\/uploads\/sites\/319\/Nachtkerze-Korperlotion_2_1-600x400.jpg 600w, https:\/\/www.regionalis.shop\/app\/uploads\/sites\/319\/Nachtkerze-Korperlotion_2_1.jpg 1500w\" sizes=\"auto, (max-width: 1024px) 100vw, 1024px\" \/><\/div><h2 class=\"woocommerce-loop-product__title\">K\u00f6rperlotion Nachtkerze<\/h2>\n\t<span class=\"price\"><span class=\"woocommerce-Price-amount amount\"><bdi>22,50&nbsp;<span class=\"woocommerce-Price-currencySymbol\">&euro;<\/span><\/bdi><\/span><\/span>\n<\/a><\/li>\n<\/ul>\n<\/div>\n    <p>\n        <a href=\"https:\/\/www.regionalis.shop\/krismar-seewinkler-naturkosmetik\/shop\/\" class=\"btn btn-primary btn-icon-right\">\n            Alle Produkte <i class=\"bi bi-arrow-right-short\"><\/i>\n        <\/a>\n    <\/p>\n<\/section>\n\n<div data-block-name=\"woocommerce\/store-notices\" class=\"wc-block-store-notices woocommerce alignwide alignwide wp-block-woocommerce-store-notices\"><div class=\"woocommerce-notices-wrapper\"><\/div><\/div>","protected":false},"excerpt":{"rendered":"","protected":false},"author":1,"featured_media":0,"parent":0,"menu_order":0,"comment_status":"closed","ping_status":"closed","template":"template-home.blade.php","meta":{"_acf_changed":false,"footnotes":""},"class_list":["post-862","page","type-page","status-publish","hentry"],"acf":[],"_links":{"self":[{"href":"https:\/\/www.regionalis.shop\/krismar-seewinkler-naturkosmetik\/wp-json\/wp\/v2\/pages\/862","targetHints":{"allow":["GET"]}}],"collection":[{"href":"https:\/\/www.regionalis.shop\/krismar-seewinkler-naturkosmetik\/wp-json\/wp\/v2\/pages"}],"about":[{"href":"https:\/\/www.regionalis.shop\/krismar-seewinkler-naturkosmetik\/wp-json\/wp\/v2\/types\/page"}],"author":[{"embeddable":true,"href":"https:\/\/www.regionalis.shop\/krismar-seewinkler-naturkosmetik\/wp-json\/wp\/v2\/users\/1"}],"replies":[{"embeddable":true,"href":"https:\/\/www.regionalis.shop\/krismar-seewinkler-naturkosmetik\/wp-json\/wp\/v2\/comments?post=862"}],"version-history":[{"count":29,"href":"https:\/\/www.regionalis.shop\/krismar-seewinkler-naturkosmetik\/wp-json\/wp\/v2\/pages\/862\/revisions"}],"predecessor-version":[{"id":1208,"href":"https:\/\/www.regionalis.shop\/krismar-seewinkler-naturkosmetik\/wp-json\/wp\/v2\/pages\/862\/revisions\/1208"}],"wp:attachment":[{"href":"https:\/\/www.regionalis.shop\/krismar-seewinkler-naturkosmetik\/wp-json\/wp\/v2\/media?parent=862"}],"curies":[{"name":"wp","href":"https:\/\/api.w.org\/{rel}","templated":true}]}}