{"id":1062,"date":"2025-04-28T03:45:56","date_gmt":"2025-04-28T01:45:56","guid":{"rendered":"https:\/\/www.regionalis.shop\/krismar-seewinkler-naturkosmetik\/product\/zahnputzseife\/"},"modified":"2025-11-06T12:51:28","modified_gmt":"2025-11-06T11:51:28","slug":"zahnputzseife","status":"publish","type":"product","link":"https:\/\/www.regionalis.shop\/krismar-seewinkler-naturkosmetik\/shop\/zahnputzseife\/","title":{"rendered":"ZahnPutzSeife"},"content":{"rendered":"<div class=\"fusion-title title fusion-title-1 fusion-sep-none fusion-title-text fusion-title-size-two\">\n<h2 class=\"fusion-title-heading title-heading-left\">ZahnPutz-Seife in der Dose<\/h2>\n<\/div>\n<div class=\"fusion-title title fusion-title-2 fusion-sep-none fusion-title-text fusion-title-size-three\">\n<h3 class=\"fusion-title-heading title-heading-left\">Nat\u00fcrlich, erfrischend und sanft<\/h3>\n<\/div>\n<div class=\"fusion-text fusion-text-1\">\n<p>Unsere\u00a0<strong>Zahnputzseife<\/strong>\u00a0bietet eine umweltfreundliche Alternative zur herk\u00f6mmlichen Zahnpasta. Mit einer wohltuenden Kombination aus \u00e4therischen \u00d6len und Steinsalz sch\u00fctzt sie Ihre Z\u00e4hne, vitalisiert das Zahnfleisch und sorgt f\u00fcr ein erfrischendes Mundgef\u00fchl.<\/p>\n<\/div>\n<div class=\"fusion-title title fusion-title-3 fusion-sep-none fusion-title-text fusion-title-size-three\">\n<h3 class=\"fusion-title-heading title-heading-left\">Eigenschaften und Vorteile:<\/h3>\n<\/div>\n<div class=\"fusion-text fusion-text-2\">\n<ul>\n<li><strong>Sanfte Pflege:<\/strong>\u00a0Reinigt die Z\u00e4hne gr\u00fcndlich, ohne die Zahnsubstanz anzugreifen.<\/li>\n<li><strong>Vitalisierung des Zahnfleischs:<\/strong>\u00a0\u00c4therische \u00d6le wie Salbei-, Pfefferminz-, Myrrhe- und Nelkenbl\u00fcten\u00f6l unterst\u00fctzen die Mundgesundheit und wirken beruhigend und regenerierend.<\/li>\n<li><strong>Erfrischendes Putzerlebnis:<\/strong>\u00a0Steinsalz und \u00e4therische \u00d6le hinterlassen ein angenehm sauberes Gef\u00fchl und einen frischen Atem.<\/li>\n<li><strong>Nachhaltig:<\/strong>\u00a0Zero-Waste-Alternative zur Zahnpasta \u2013 plastikfrei und ergiebig. In praktischer rostfreier Aluminiumdose<\/li>\n<li><strong>Fluoridfrei!<\/strong><\/li>\n<\/ul>\n<\/div>\n<div class=\"fusion-title title fusion-title-4 fusion-sep-none fusion-title-text fusion-title-size-three\">\n<h3 class=\"fusion-title-heading title-heading-left\">Anwendung:<\/h3>\n<\/div>\n<div class=\"fusion-text fusion-text-3\">\n<p>Mit einer nassen Zahnb\u00fcrste leicht \u00fcber die Seife streichen, bis ein feiner Schaum entsteht. Die Z\u00e4hne gr\u00fcndlich putzen und anschlie\u00dfend den Mund aussp\u00fclen.<\/p>\n<\/div>\n<div class=\"fusion-title title fusion-title-5 fusion-sep-none fusion-title-text fusion-title-size-three\">\n<h3 class=\"fusion-title-heading title-heading-left\">Besonderheiten:<\/h3>\n<\/div>\n<div class=\"fusion-text fusion-text-4\">\n<ul>\n<li>Handgefertigt mit nat\u00fcrlichen Zutaten.<\/li>\n<li>Umweltfreundlich, ohne Plastik und in nachhaltiger Verpackung.<\/li>\n<\/ul>\n<p><strong>Erlebe eine nat\u00fcrliche Zahnpflege, die sanft zur Umwelt und stark f\u00fcr Ihre Z\u00e4hne ist \u2013 mit unserer Zahnputzseife.<\/strong><\/p>\n<\/div>\n<p>Inhalt: 12g Frischgewicht, in Alu Dose, sehr ergiebig<\/p>\n","protected":false},"excerpt":{"rendered":"<p>ZahnPutz-Seife in der Dose Nat\u00fcrlich, erfrischend und sanft Unsere\u00a0Zahnputzseife\u00a0bietet eine umweltfreundliche Alternative zur herk\u00f6mmlichen Zahnpasta. Mit einer wohltuenden Kombination aus \u00e4therischen \u00d6len und Steinsalz sch\u00fctzt sie Ihre Z\u00e4hne, vitalisiert das Zahnfleisch und sorgt f\u00fcr ein erfrischendes Mundgef\u00fchl. Eigenschaften und Vorteile: Sanfte Pflege:\u00a0Reinigt die Z\u00e4hne gr\u00fcndlich, ohne die Zahnsubstanz anzugreifen. Vitalisierung des Zahnfleischs:\u00a0\u00c4therische \u00d6le wie Salbei-, &hellip; <a href=\"https:\/\/www.regionalis.shop\/krismar-seewinkler-naturkosmetik\/shop\/zahnputzseife\/\">Continued<\/a><\/p>\n","protected":false},"featured_media":1175,"template":"","meta":{"_acf_changed":false},"product_brand":[],"product_cat":[52,76,85],"product_tag":[],"class_list":{"0":"post-1062","1":"product","2":"type-product","3":"status-publish","4":"has-post-thumbnail","6":"product_cat-kosmetika","7":"product_cat-seifen","8":"product_cat-sonstiges-kosmetika","10":"first","11":"instock","12":"purchasable","13":"product-type-simple"},"acf":[],"_links":{"self":[{"href":"https:\/\/www.regionalis.shop\/krismar-seewinkler-naturkosmetik\/wp-json\/wp\/v2\/product\/1062","targetHints":{"allow":["GET"]}}],"collection":[{"href":"https:\/\/www.regionalis.shop\/krismar-seewinkler-naturkosmetik\/wp-json\/wp\/v2\/product"}],"about":[{"href":"https:\/\/www.regionalis.shop\/krismar-seewinkler-naturkosmetik\/wp-json\/wp\/v2\/types\/product"}],"wp:featuredmedia":[{"embeddable":true,"href":"https:\/\/www.regionalis.shop\/krismar-seewinkler-naturkosmetik\/wp-json\/wp\/v2\/media\/1175"}],"wp:attachment":[{"href":"https:\/\/www.regionalis.shop\/krismar-seewinkler-naturkosmetik\/wp-json\/wp\/v2\/media?parent=1062"}],"wp:term":[{"taxonomy":"product_brand","embeddable":true,"href":"https:\/\/www.regionalis.shop\/krismar-seewinkler-naturkosmetik\/wp-json\/wp\/v2\/product_brand?post=1062"},{"taxonomy":"product_cat","embeddable":true,"href":"https:\/\/www.regionalis.shop\/krismar-seewinkler-naturkosmetik\/wp-json\/wp\/v2\/product_cat?post=1062"},{"taxonomy":"product_tag","embeddable":true,"href":"https:\/\/www.regionalis.shop\/krismar-seewinkler-naturkosmetik\/wp-json\/wp\/v2\/product_tag?post=1062"}],"curies":[{"name":"wp","href":"https:\/\/api.w.org\/{rel}","templated":true}]}}