{"id":1072,"date":"2025-04-28T03:31:02","date_gmt":"2025-04-28T01:31:02","guid":{"rendered":"https:\/\/www.regionalis.shop\/krismar-seewinkler-naturkosmetik\/product\/gesichtscreme-wilde-rose\/"},"modified":"2025-11-06T12:34:06","modified_gmt":"2025-11-06T11:34:06","slug":"gesichtscreme-wilde-rose","status":"publish","type":"product","link":"https:\/\/www.regionalis.shop\/krismar-seewinkler-naturkosmetik\/shop\/gesichtscreme-wilde-rose\/","title":{"rendered":"Gesichtscreme Wilde Rose"},"content":{"rendered":"<div class=\"fusion-title title fusion-title-1 fusion-sep-none fusion-title-text fusion-title-size-two\">\n<h2 class=\"fusion-title-heading title-heading-left\">Gesichtscreme Wilde Rose<\/h2>\n<\/div>\n<div class=\"fusion-title title fusion-title-2 fusion-sep-none fusion-title-text fusion-title-size-three\">\n<h3 class=\"fusion-title-heading title-heading-left\">Unsere Gesichtscreme Wilde Rose verw\u00f6hnt anspruchsvolle Haut mit wertvollem Wildrosen\u00f6l, Rosenwasser und Hyalurons\u00e4ure.<\/h3>\n<\/div>\n<div class=\"fusion-text fusion-text-1\">\n<p>Diese reichhaltige Pflege versorgt trockene Haut intensiv mit Feuchtigkeit und unterst\u00fctzt dank der Alpha-Linolens\u00e4ure die Zellerneuerung.<\/p>\n<p>Hyalurons\u00e4ure bindet relativ gro\u00dfe Mengen an Wasser und erh\u00f6ht somit die Hautfeuchtigkeit. Dadurch wirkt die Haut straffer und glatter.<\/p>\n<p>Mit ihrem erfrischend rosig-fruchtigen Duft bietet die Creme ein besonderes Pflegeerlebnis.<\/p>\n<p>Morgens und abends auf die gereinigte Gesichtshaut auftragen, um die Haut geschmeidig und strahlend zu pflegen.<br \/>\nIdeal f\u00fcr normale und trockene Haut, die nach extra Pflege verlangt.<\/p>\n<p><strong>Praktischer Airless-Spender:<\/strong>\u00a0Dank des innovativen Doppelbodens wird der Inhalt bis zum letzten Tropfen aufgebraucht \u2013 f\u00fcr eine nachhaltige Nutzung ohne Produktverlust.<\/p>\n<\/div>\n","protected":false},"excerpt":{"rendered":"<p>Gesichtscreme Wilde Rose Unsere Gesichtscreme Wilde Rose verw\u00f6hnt anspruchsvolle Haut mit wertvollem Wildrosen\u00f6l, Rosenwasser und Hyalurons\u00e4ure. Diese reichhaltige Pflege versorgt trockene Haut intensiv mit Feuchtigkeit und unterst\u00fctzt dank der Alpha-Linolens\u00e4ure die Zellerneuerung. Hyalurons\u00e4ure bindet relativ gro\u00dfe Mengen an Wasser und erh\u00f6ht somit die Hautfeuchtigkeit. Dadurch wirkt die Haut straffer und glatter. Mit ihrem erfrischend rosig-fruchtigen &hellip; <a href=\"https:\/\/www.regionalis.shop\/krismar-seewinkler-naturkosmetik\/shop\/gesichtscreme-wilde-rose\/\">Continued<\/a><\/p>\n","protected":false},"featured_media":1171,"template":"","meta":{"_acf_changed":false},"product_brand":[],"product_cat":[122,138,52],"product_tag":[],"class_list":{"0":"post-1072","1":"product","2":"type-product","3":"status-publish","4":"has-post-thumbnail","6":"product_cat-cremen-salben","7":"product_cat-gesichtspflege","8":"product_cat-kosmetika","10":"first","11":"instock","12":"purchasable","13":"product-type-simple"},"acf":[],"_links":{"self":[{"href":"https:\/\/www.regionalis.shop\/krismar-seewinkler-naturkosmetik\/wp-json\/wp\/v2\/product\/1072","targetHints":{"allow":["GET"]}}],"collection":[{"href":"https:\/\/www.regionalis.shop\/krismar-seewinkler-naturkosmetik\/wp-json\/wp\/v2\/product"}],"about":[{"href":"https:\/\/www.regionalis.shop\/krismar-seewinkler-naturkosmetik\/wp-json\/wp\/v2\/types\/product"}],"wp:featuredmedia":[{"embeddable":true,"href":"https:\/\/www.regionalis.shop\/krismar-seewinkler-naturkosmetik\/wp-json\/wp\/v2\/media\/1171"}],"wp:attachment":[{"href":"https:\/\/www.regionalis.shop\/krismar-seewinkler-naturkosmetik\/wp-json\/wp\/v2\/media?parent=1072"}],"wp:term":[{"taxonomy":"product_brand","embeddable":true,"href":"https:\/\/www.regionalis.shop\/krismar-seewinkler-naturkosmetik\/wp-json\/wp\/v2\/product_brand?post=1072"},{"taxonomy":"product_cat","embeddable":true,"href":"https:\/\/www.regionalis.shop\/krismar-seewinkler-naturkosmetik\/wp-json\/wp\/v2\/product_cat?post=1072"},{"taxonomy":"product_tag","embeddable":true,"href":"https:\/\/www.regionalis.shop\/krismar-seewinkler-naturkosmetik\/wp-json\/wp\/v2\/product_tag?post=1072"}],"curies":[{"name":"wp","href":"https:\/\/api.w.org\/{rel}","templated":true}]}}