{"id":1100,"date":"2025-04-28T03:30:08","date_gmt":"2025-04-28T01:30:08","guid":{"rendered":"https:\/\/www.regionalis.shop\/krismar-seewinkler-naturkosmetik\/product\/jungbrunnen-serum\/"},"modified":"2026-01-29T10:19:16","modified_gmt":"2026-01-29T09:19:16","slug":"jungbrunnen-serum","status":"publish","type":"product","link":"https:\/\/www.regionalis.shop\/krismar-seewinkler-naturkosmetik\/shop\/jungbrunnen-serum\/","title":{"rendered":"Jungbrunnen Serum"},"content":{"rendered":"<div class=\"fusion-title title fusion-title-1 fusion-sep-none fusion-title-text fusion-title-size-two\">\n<h2 class=\"fusion-title-heading title-heading-left\">Jungbrunnen Serum 30ml<\/h2>\n<\/div>\n<div class=\"fusion-title title fusion-title-2 fusion-sep-none fusion-title-text fusion-title-size-three\">\n<h3 class=\"fusion-title-heading title-heading-left\">Unser Jungbrunnen Serum\u00a0ist pure Luxuspflege \u2013 ein wahres \u201efl\u00fcssiges Gold\u201c f\u00fcr Gesicht, Hals und Dekollet\u00e9.<\/h3>\n<\/div>\n<div class=\"fusion-text fusion-text-1\">\n<p>Diese hochwertige Rezeptur kombiniert kraftvolle nat\u00fcrliche Inhaltsstoffe, die deine Haut intensiv pflegen, regenerieren und sichtbar verj\u00fcngen.<\/p>\n<p><strong>Hochwirksame Inhaltsstoffe:<\/strong><\/p>\n<ul>\n<li><strong>Borretsch- und Sanddornfruchtfleisch\u00f6l:<\/strong>\u00a0Wirken entz\u00fcndungshemmend, antioxidativ und unterst\u00fctzen die Neubildung von Hautzellen f\u00fcr ein ges\u00fcnderes und strahlenderes Hautbild.<\/li>\n<li><strong>Hyalurons\u00e4ure:<\/strong>\u00a0Ein nat\u00fcrlicher Feuchtigkeitsbooster, der gro\u00dfe Mengen Wasser bindet und die Haut von innen aufpolstert. Besonders effektiv ab dem 40. Lebensjahr, wenn die nat\u00fcrlichen Hyaluronspeicher der Haut nachlassen.<\/li>\n<\/ul>\n<p><strong>Vorteile des Jungbrunnen Serums:<\/strong><\/p>\n<ul>\n<li><strong>Regeneration und Schutz:<\/strong>\u00a0f\u00f6rdert die Hauterneuerung und sch\u00fctzt vor freien Radikalen<\/li>\n<li><strong>Intensive Feuchtigkeit:<\/strong>\u00a0mindert feine Linien und sorgt f\u00fcr ein glattes, pralles Hautgef\u00fchl<\/li>\n<li><strong>Strahlend und jugendlich:<\/strong>\u00a0verleiht der Haut einen frischen, gesunden Glow<\/li>\n<\/ul>\n<p><strong>Anwendung:<\/strong><br \/>\nMorgens und abends nach der Reinigung ein paar Tropfen sanft in Gesicht, Hals und Dekollet\u00e9 einmassieren. F\u00fcr ein optimales Ergebnis vor deiner Tagespflege auftragen.<\/p>\n<p><strong>Erlebe die regenerierende Kraft des Jungbrunnens \u2013 f\u00fcr eine strahlende, jugendlich frische Haut, die von innen leuchtet!<\/strong><\/p>\n<\/div>\n","protected":false},"excerpt":{"rendered":"<p>Jungbrunnen Serum 30ml Unser Jungbrunnen Serum\u00a0ist pure Luxuspflege \u2013 ein wahres \u201efl\u00fcssiges Gold\u201c f\u00fcr Gesicht, Hals und Dekollet\u00e9. Diese hochwertige Rezeptur kombiniert kraftvolle nat\u00fcrliche Inhaltsstoffe, die deine Haut intensiv pflegen, regenerieren und sichtbar verj\u00fcngen. Hochwirksame Inhaltsstoffe: Borretsch- und Sanddornfruchtfleisch\u00f6l:\u00a0Wirken entz\u00fcndungshemmend, antioxidativ und unterst\u00fctzen die Neubildung von Hautzellen f\u00fcr ein ges\u00fcnderes und strahlenderes Hautbild. Hyalurons\u00e4ure:\u00a0Ein nat\u00fcrlicher &hellip; <a href=\"https:\/\/www.regionalis.shop\/krismar-seewinkler-naturkosmetik\/shop\/jungbrunnen-serum\/\">Continued<\/a><\/p>\n","protected":false},"featured_media":1145,"template":"","meta":{"_acf_changed":false},"product_brand":[],"product_cat":[122,138,52],"product_tag":[],"class_list":{"0":"post-1100","1":"product","2":"type-product","3":"status-publish","4":"has-post-thumbnail","6":"product_cat-cremen-salben","7":"product_cat-gesichtspflege","8":"product_cat-kosmetika","10":"first","11":"instock","12":"purchasable","13":"product-type-simple"},"acf":[],"_links":{"self":[{"href":"https:\/\/www.regionalis.shop\/krismar-seewinkler-naturkosmetik\/wp-json\/wp\/v2\/product\/1100","targetHints":{"allow":["GET"]}}],"collection":[{"href":"https:\/\/www.regionalis.shop\/krismar-seewinkler-naturkosmetik\/wp-json\/wp\/v2\/product"}],"about":[{"href":"https:\/\/www.regionalis.shop\/krismar-seewinkler-naturkosmetik\/wp-json\/wp\/v2\/types\/product"}],"wp:featuredmedia":[{"embeddable":true,"href":"https:\/\/www.regionalis.shop\/krismar-seewinkler-naturkosmetik\/wp-json\/wp\/v2\/media\/1145"}],"wp:attachment":[{"href":"https:\/\/www.regionalis.shop\/krismar-seewinkler-naturkosmetik\/wp-json\/wp\/v2\/media?parent=1100"}],"wp:term":[{"taxonomy":"product_brand","embeddable":true,"href":"https:\/\/www.regionalis.shop\/krismar-seewinkler-naturkosmetik\/wp-json\/wp\/v2\/product_brand?post=1100"},{"taxonomy":"product_cat","embeddable":true,"href":"https:\/\/www.regionalis.shop\/krismar-seewinkler-naturkosmetik\/wp-json\/wp\/v2\/product_cat?post=1100"},{"taxonomy":"product_tag","embeddable":true,"href":"https:\/\/www.regionalis.shop\/krismar-seewinkler-naturkosmetik\/wp-json\/wp\/v2\/product_tag?post=1100"}],"curies":[{"name":"wp","href":"https:\/\/api.w.org\/{rel}","templated":true}]}}